-- --------------------------------------------------------
-- Host:                         153.92.1.116
-- Server version:               8.0.45-0ubuntu0.22.04.1 - (Ubuntu)
-- Server OS:                    Linux
-- HeidiSQL Version:             12.6.0.6765
-- --------------------------------------------------------

/*!40101 SET @OLD_CHARACTER_SET_CLIENT=@@CHARACTER_SET_CLIENT */;
/*!40101 SET NAMES utf8 */;
/*!50503 SET NAMES utf8mb4 */;
/*!40103 SET @OLD_TIME_ZONE=@@TIME_ZONE */;
/*!40103 SET TIME_ZONE='+00:00' */;
/*!40014 SET @OLD_FOREIGN_KEY_CHECKS=@@FOREIGN_KEY_CHECKS, FOREIGN_KEY_CHECKS=0 */;
/*!40101 SET @OLD_SQL_MODE=@@SQL_MODE, SQL_MODE='NO_AUTO_VALUE_ON_ZERO' */;
/*!40111 SET @OLD_SQL_NOTES=@@SQL_NOTES, SQL_NOTES=0 */;


-- Dumping database structure for pk_luks_data
CREATE DATABASE IF NOT EXISTS `pk_luks_data` /*!40100 DEFAULT CHARACTER SET utf8mb4 COLLATE utf8mb4_unicode_ci */ /*!80016 DEFAULT ENCRYPTION='N' */;
USE `pk_luks_data`;

-- Dumping structure for table pk_luks_data.data
CREATE TABLE IF NOT EXISTS `data` (
  `id` int unsigned NOT NULL AUTO_INCREMENT,
  `object_id` int unsigned NOT NULL,
  `num` decimal(14,0) NOT NULL,
  `koef` decimal(3,0) unsigned NOT NULL DEFAULT '180',
  `rad` decimal(14,0) unsigned NOT NULL,
  `datums` date NOT NULL,
  PRIMARY KEY (`id`)
) ENGINE=InnoDB AUTO_INCREMENT=1024 DEFAULT CHARSET=utf8mb4 COLLATE=utf8mb4_unicode_ci;

-- Dumping data for table pk_luks_data.data: ~710 rows (approximately)
INSERT INTO `data` (`id`, `object_id`, `num`, `koef`, `rad`, `datums`) VALUES
	(1, 13, 4224014, 180, 2786, '2004-12-01'),
	(2, 7, 10498, 180, 28406, '2004-12-01'),
	(3, 11, 32687084, 180, 10618, '2004-12-01'),
	(4, 12, 32469776, 180, 18919, '2004-12-01'),
	(5, 18, 32778874, 180, 12983, '2004-12-01'),
	(6, 19, 50050895, 180, 1635, '2004-12-01'),
	(7, 20, 110081, 180, 54623, '2004-12-01'),
	(8, 32, 50028590, 180, 8888, '2004-12-01'),
	(9, 34, 97125, 180, 48009, '2004-12-01'),
	(10, 30, 10392, 180, 37853, '2004-12-01'),
	(11, 43, 23860702, 180, 2682, '2004-12-01'),
	(12, 39, 32996418, 180, 20098, '2004-12-01'),
	(13, 41, 291044, 180, 6929, '2004-12-01'),
	(14, 42, 7950242, 180, 46616, '2004-12-01'),
	(15, 49, 556043, 180, 24650, '2004-12-01'),
	(16, 27, 3639101, 180, 4081, '2004-12-01'),
	(17, 26, 50028646, 180, 2295, '2004-12-01'),
	(18, 9, 96397, 180, 50354, '2004-12-01'),
	(19, 54, 32778527, 180, 13892, '2004-12-01'),
	(20, 51, 3493235, 180, 8406, '2004-12-01'),
	(21, 21, 32647524, 180, 20119, '2004-12-01'),
	(22, 23, 32719941, 180, 21996, '2004-12-01'),
	(23, 51, 46408788, 180, 20835, '2004-12-01'),
	(24, 1, 46408653, 180, 13258, '2004-12-01'),
	(25, 13, 4224014, 180, 2018, '2004-11-01'),
	(26, 7, 10498, 180, 27986, '2004-11-01'),
	(27, 11, 32687084, 180, 10235, '2004-11-01'),
	(28, 12, 32469776, 180, 18539, '2004-11-01'),
	(29, 18, 32778874, 180, 12447, '2004-11-01'),
	(30, 19, 50050895, 180, 697, '2004-11-01'),
	(31, 20, 110081, 180, 53880, '2004-11-01'),
	(32, 32, 50028590, 180, 8204, '2004-11-01'),
	(33, 34, 97125, 180, 47237, '2004-11-01'),
	(34, 30, 10392, 180, 37140, '2004-11-01'),
	(35, 43, 23860702, 180, 2183, '2004-11-01'),
	(36, 39, 32996418, 180, 19418, '2004-11-01'),
	(37, 41, 291044, 180, 6224, '2004-11-01'),
	(38, 42, 7950242, 180, 46056, '2004-11-01'),
	(39, 49, 556043, 180, 23881, '2004-11-01'),
	(40, 27, 3639101, 180, 3552, '2004-11-01'),
	(41, 26, 50028646, 180, 2124, '2004-11-01'),
	(42, 9, 96397, 180, 49812, '2004-11-01'),
	(43, 54, 32778527, 180, 13542, '2004-11-01'),
	(44, 51, 3493235, 180, 8118, '2004-11-01'),
	(45, 21, 32647524, 180, 19615, '2004-11-01'),
	(46, 23, 32719941, 180, 21037, '2004-11-01'),
	(47, 51, 46408788, 180, 12628, '2004-11-01'),
	(48, 1, 46408653, 180, 8262, '2004-11-01'),
	(49, 9, 29446616, 180, 7198, '2007-01-01'),
	(50, 7, 29446699, 180, 7241, '2007-01-01'),
	(51, 13, 29376219, 180, 6147, '2007-01-01'),
	(52, 20, 29376210, 180, 1305, '2007-01-01'),
	(53, 18, 32778874, 180, 26602, '2007-01-01'),
	(54, 19, 50050895, 180, 14454, '2007-01-01'),
	(55, 16, 50088638, 180, 6205, '2007-01-01'),
	(56, 11, 32687084, 180, 19910, '2007-01-01'),
	(57, 12, 32469776, 180, 31079, '2007-01-01'),
	(58, 23, 32719941, 180, 45552, '2007-01-01'),
	(59, 33, 32719941, 180, 45552, '2007-01-01'),
	(60, 34, 29376213, 180, 7357, '2007-01-01'),
	(61, 32, 50028590, 180, 25774, '2007-01-01'),
	(62, 30, 251280, 180, 10363, '2007-01-01'),
	(63, 26, 50028646, 180, 6431, '2007-01-01'),
	(64, 27, 29376264, 180, 5511, '2007-01-01'),
	(65, 29, 32778527, 180, 24617, '2007-01-01'),
	(66, 54, 32778527, 180, 24617, '2007-01-01'),
	(67, 51, 29376231, 180, 2772, '2007-01-01'),
	(68, 48, 29292037, 180, 7376, '2007-01-01'),
	(69, 47, 29292026, 180, 6083, '2007-01-01'),
	(70, 44, 29292023, 180, 1295, '2007-01-01'),
	(71, 49, 32735797, 180, 39914, '2007-01-01'),
	(72, 21, 32647524, 180, 32086, '2007-01-01'),
	(73, 36, 32996418, 180, 40204, '2007-01-01'),
	(74, 39, 32996418, 180, 40204, '2007-01-01'),
	(75, 38, 29292035, 180, 11423, '2007-01-01'),
	(76, 43, 29375625, 180, 8613, '2007-01-01'),
	(77, 42, 29446613, 180, 7766, '2007-01-01'),
	(78, 41, 29376263, 180, 5821, '2007-01-01'),
	(79, 52, 50121054, 180, 182, '2007-01-01'),
	(80, 9, 29446616, 180, 7825, '2007-02-01'),
	(81, 7, 29446699, 180, 7892, '2007-02-01'),
	(82, 13, 29376219, 180, 6265, '2007-02-01'),
	(83, 20, 29376210, 180, 1454, '2007-02-01'),
	(84, 18, 32778874, 180, 27179, '2007-02-01'),
	(85, 19, 50050895, 180, 15019, '2007-02-01'),
	(86, 16, 50088638, 180, 6498, '2007-02-01'),
	(87, 11, 32687084, 180, 20310, '2007-02-01'),
	(88, 12, 32469776, 180, 31511, '2007-02-01'),
	(89, 23, 32719941, 180, 46580, '2007-02-01'),
	(90, 33, 32719941, 180, 46580, '2007-02-01'),
	(91, 34, 29376213, 180, 8085, '2007-02-01'),
	(92, 32, 50028590, 180, 26523, '2007-02-01'),
	(93, 30, 251280, 180, 11058, '2007-02-01'),
	(94, 26, 50028646, 180, 6613, '2007-02-01'),
	(95, 27, 29376264, 180, 6068, '2007-02-01'),
	(96, 29, 32778527, 180, 25212, '2007-02-01'),
	(97, 54, 32778527, 180, 25212, '2007-02-01'),
	(98, 51, 29376231, 180, 3030, '2007-02-01'),
	(99, 48, 29292037, 180, 7856, '2007-02-01'),
	(100, 47, 29292026, 180, 6507, '2007-02-01'),
	(101, 44, 29292023, 180, 1385, '2007-02-01'),
	(102, 49, 32735797, 180, 40500, '2007-02-01'),
	(103, 21, 32647524, 180, 32663, '2007-02-01'),
	(104, 36, 32996418, 180, 41105, '2007-02-01'),
	(105, 39, 32996418, 180, 41105, '2007-02-01'),
	(106, 38, 29292035, 180, 12105, '2007-02-01'),
	(107, 43, 29375625, 180, 9123, '2007-02-01'),
	(108, 42, 29446613, 180, 8454, '2007-02-01'),
	(109, 41, 29376263, 180, 6343, '2007-02-01'),
	(110, 52, 50121054, 180, 231, '2007-02-01'),
	(111, 9, 29446616, 180, 21042, '2009-02-26'),
	(112, 7, 29446699, 180, 23546, '2009-02-26'),
	(113, 13, 29376219, 180, 10252, '2009-02-26'),
	(114, 20, 29376210, 180, 4747, '2009-02-26'),
	(115, 18, 32778874, 180, 41496, '2009-02-26'),
	(116, 19, 50050895, 180, 27953, '2009-02-26'),
	(117, 16, 50088638, 180, 14561, '2009-02-26'),
	(118, 11, 32687084, 180, 29558, '2009-02-26'),
	(119, 12, 32469776, 180, 46034, '2009-02-26'),
	(120, 23, 32719941, 180, 76776, '2009-02-26'),
	(121, 33, 29376213, 180, 24488, '2009-02-26'),
	(122, 34, 29376213, 180, 24488, '2009-02-26'),
	(123, 32, 50028590, 180, 43768, '2009-02-26'),
	(124, 30, 251280, 180, 23149, '2009-02-26'),
	(125, 26, 50028646, 180, 11397, '2009-02-26'),
	(126, 27, 29376264, 180, 18465, '2009-02-26'),
	(127, 29, 32778527, 180, 37717, '2009-02-26'),
	(128, 54, 32778527, 180, 37717, '2009-02-26'),
	(129, 51, 29376231, 180, 4478, '2009-02-26'),
	(130, 48, 29292037, 180, 19665, '2009-02-26'),
	(131, 47, 29292026, 180, 17302, '2009-02-26'),
	(132, 44, 29292023, 180, 3992, '2009-02-26'),
	(133, 49, 32735797, 180, 57909, '2009-02-26'),
	(134, 21, 32647524, 180, 47462, '2009-02-26'),
	(135, 36, 32996418, 180, 60184, '2009-02-26'),
	(136, 39, 32996418, 180, 60184, '2009-02-26'),
	(137, 38, 29292035, 180, 28234, '2009-02-26'),
	(138, 43, 29375625, 180, 25090, '2009-02-26'),
	(139, 42, 29446613, 180, 27320, '2009-02-26'),
	(140, 41, 29376263, 180, 16924, '2009-02-26'),
	(141, 52, 50121054, 180, 1429, '2009-02-26'),
	(142, 50, 50152351, 180, 2400, '2009-02-26'),
	(143, 4, 50156373, 180, 1353, '2009-02-26'),
	(144, 40, 50161280, 180, 740, '2009-02-26'),
	(145, 35, 50158093, 180, 2159, '2009-02-26'),
	(146, 31, 557538, 180, 891, '2009-02-26'),
	(147, 37, 580689, 180, 445, '2009-02-26'),
	(148, 2, 568796, 180, 455, '2009-02-26'),
	(149, 3, 568693, 180, 197, '2009-02-26'),
	(150, 9, 29446616, 180, 21278, '2009-03-26'),
	(151, 7, 29446699, 180, 24150, '2009-03-26'),
	(152, 13, 29376219, 180, 10445, '2009-03-26'),
	(153, 20, 29376210, 180, 4882, '2009-03-26'),
	(154, 18, 32778874, 180, 42050, '2009-03-26'),
	(155, 19, 50050895, 180, 28455, '2009-03-26'),
	(156, 16, 50088638, 180, 14869, '2009-03-26'),
	(157, 11, 32687084, 180, 29705, '2009-03-26'),
	(158, 12, 32469776, 180, 46595, '2009-03-26'),
	(159, 23, 32719941, 180, 77994, '2009-03-26'),
	(160, 33, 29376213, 180, 25090, '2009-03-26'),
	(161, 34, 29376213, 180, 25090, '2009-03-26'),
	(162, 32, 50028590, 180, 44416, '2009-03-26'),
	(163, 30, 251280, 180, 23295, '2009-03-26'),
	(164, 26, 50028646, 180, 11580, '2009-03-26'),
	(165, 27, 29376264, 180, 18944, '2009-03-26'),
	(166, 29, 32778527, 180, 38161, '2009-03-26'),
	(167, 54, 32778527, 180, 38161, '2009-03-26'),
	(168, 51, 29376231, 180, 4507, '2009-03-26'),
	(169, 48, 29292037, 180, 20014, '2009-03-26'),
	(170, 47, 29292026, 180, 17730, '2009-03-26'),
	(171, 44, 29292023, 180, 4082, '2009-03-26'),
	(172, 49, 32735797, 180, 58663, '2009-03-26'),
	(173, 21, 32647524, 180, 48011, '2009-03-26'),
	(174, 36, 32996418, 180, 60434, '2009-03-26'),
	(175, 39, 32996418, 180, 60434, '2009-03-26'),
	(176, 38, 29292035, 180, 28706, '2009-03-26'),
	(177, 43, 29375625, 180, 25593, '2009-03-26'),
	(178, 42, 29446613, 180, 28052, '2009-03-26'),
	(179, 41, 29376263, 180, 17048, '2009-03-26'),
	(180, 52, 50121054, 180, 1470, '2009-03-26'),
	(181, 50, 50152351, 180, 2516, '2009-03-26'),
	(182, 4, 50156373, 180, 1423, '2009-03-26'),
	(183, 40, 50161280, 180, 809, '2009-03-26'),
	(184, 35, 50158093, 180, 2302, '2009-03-26'),
	(185, 31, 557538, 180, 1004, '2009-03-26'),
	(186, 37, 580689, 180, 566, '2009-03-26'),
	(187, 2, 568796, 180, 555, '2009-03-26'),
	(188, 3, 568693, 180, 252, '2009-03-26'),
	(189, 9, 50028987, 180, 2079, '2011-04-29'),
	(190, 7, 29446699, 180, 36087, '2011-04-29'),
	(191, 13, 50089149, 180, 366, '2011-04-29'),
	(192, 20, 29376210, 180, 8423, '2011-04-29'),
	(193, 18, 32778874, 180, 57910, '2011-04-29'),
	(194, 19, 50050895, 180, 42255, '2011-04-29'),
	(195, 16, 50088638, 180, 23903, '2011-04-29'),
	(196, 11, 32687084, 180, 39622, '2011-04-29'),
	(197, 12, 32469776, 180, 63093, '2011-04-29'),
	(198, 23, 32719941, 180, 111889, '2011-04-29'),
	(199, 33, 32719941, 180, 111889, '2011-04-29'),
	(200, 34, 29376213, 180, 41294, '2011-04-29'),
	(201, 32, 50028590, 180, 61346, '2011-04-29'),
	(202, 30, 251280, 180, 25970, '2011-04-29'),
	(203, 26, 50028646, 180, 16690, '2011-04-29'),
	(204, 27, 29376264, 180, 31801, '2011-04-29'),
	(205, 29, 32778527, 180, 49652, '2011-04-29'),
	(206, 54, 32778527, 180, 49652, '2011-04-29'),
	(207, 51, 29376231, 180, 5840, '2011-04-29'),
	(208, 48, 29292037, 180, 29820, '2011-04-29'),
	(209, 47, 29292026, 180, 28540, '2011-04-29'),
	(210, 44, 29292023, 180, 6988, '2011-04-29'),
	(211, 49, 32735797, 180, 78100, '2011-04-29'),
	(212, 21, 32647524, 180, 62364, '2011-04-29'),
	(213, 36, 32996418, 180, 67492, '2011-04-29'),
	(214, 39, 32996418, 180, 67492, '2011-04-29'),
	(215, 38, 32735197, 180, 8733, '2011-04-29'),
	(216, 43, 29375625, 180, 39518, '2011-04-29'),
	(217, 42, 29446613, 180, 47190, '2011-04-29'),
	(218, 41, 29376263, 180, 20117, '2011-04-29'),
	(219, 52, 50121054, 180, 2672, '2011-04-29'),
	(220, 50, 50152351, 180, 5649, '2011-04-29'),
	(221, 4, 50156373, 180, 3793, '2011-04-29'),
	(222, 40, 50161280, 180, 2753, '2011-04-29'),
	(223, 35, 50158093, 180, 6298, '2011-04-29'),
	(224, 31, 557538, 180, 4373, '2011-04-29'),
	(225, 37, 580689, 180, 3851, '2011-04-29'),
	(226, 2, 568796, 180, 3275, '2011-04-29'),
	(227, 3, 568693, 180, 3330, '2011-04-29'),
	(228, 6, 50135314, 180, 2454, '2011-04-29'),
	(229, 17, 32414204, 180, 3850, '2011-04-29'),
	(230, 14, 32414204, 180, 3850, '2011-04-29'),
	(231, 46, 83543477, 180, 2500, '2011-04-29'),
	(232, 45, 83543477, 180, 2500, '2011-04-29'),
	(233, 9, 50028987, 180, 2218, '2011-05-28'),
	(234, 7, 29446699, 180, 36177, '2011-05-28'),
	(235, 13, 50089149, 180, 535, '2011-05-28'),
	(236, 20, 29376210, 180, 8548, '2011-05-28'),
	(237, 18, 32778874, 180, 58492, '2011-05-28'),
	(238, 19, 50050895, 180, 42757, '2011-05-28'),
	(239, 16, 50088638, 180, 24267, '2011-05-28'),
	(240, 11, 32687084, 180, 39989, '2011-05-28'),
	(241, 12, 32469776, 180, 63696, '2011-05-28'),
	(242, 23, 32719941, 180, 113126, '2011-05-28'),
	(243, 33, 32719941, 180, 113126, '2011-05-28'),
	(244, 34, 29376213, 180, 41887, '2011-05-28'),
	(245, 32, 50028590, 180, 61862, '2011-05-28'),
	(246, 30, 251280, 180, 26053, '2011-05-28'),
	(247, 26, 50028646, 180, 16867, '2011-05-28'),
	(248, 27, 29376264, 180, 32262, '2011-05-28'),
	(249, 29, 32778527, 180, 50081, '2011-05-28'),
	(250, 54, 32778527, 180, 50081, '2011-05-28'),
	(251, 51, 29376231, 180, 5876, '2011-05-28'),
	(252, 48, 29292037, 180, 30283, '2011-05-28'),
	(253, 47, 29292026, 180, 28939, '2011-05-28'),
	(254, 44, 29292023, 180, 7080, '2011-05-28'),
	(255, 49, 32735797, 180, 78806, '2011-05-28'),
	(256, 21, 32647524, 180, 62785, '2011-05-28'),
	(257, 36, 32996418, 180, 67772, '2011-05-28'),
	(258, 39, 32996418, 180, 67772, '2011-05-28'),
	(259, 38, 32735197, 180, 9315, '2011-05-28'),
	(260, 43, 29375625, 180, 40026, '2011-05-28'),
	(261, 42, 29446613, 180, 47780, '2011-05-28'),
	(262, 41, 29376263, 180, 20201, '2011-05-28'),
	(263, 52, 50121054, 180, 2712, '2011-05-28'),
	(264, 50, 50152351, 180, 5764, '2011-05-28'),
	(265, 4, 50156373, 180, 3931, '2011-05-28'),
	(266, 40, 50161280, 180, 2824, '2011-05-28'),
	(267, 35, 50158093, 180, 6453, '2011-05-28'),
	(268, 31, 557538, 180, 4524, '2011-05-28'),
	(269, 37, 580689, 180, 3977, '2011-05-28'),
	(270, 2, 568796, 180, 3375, '2011-05-28'),
	(271, 3, 568693, 180, 3470, '2011-05-28'),
	(272, 6, 50135314, 180, 2561, '2011-05-28'),
	(273, 17, 32414204, 180, 4060, '2011-05-28'),
	(274, 14, 32414204, 180, 4060, '2011-05-28'),
	(275, 46, 83543477, 180, 2778, '2011-05-28'),
	(276, 45, 83543477, 180, 2778, '2011-05-28'),
	(277, 2, 568796, 180, 6531, '2013-05-30'),
	(278, 3, 568693, 180, 5936, '2013-05-30'),
	(279, 4, 50156373, 180, 7311, '2013-05-30'),
	(280, 5, 56993, 182, 6726, '2013-05-30'),
	(281, 5, 56993, 184, 17649, '2013-05-30'),
	(282, 6, 50135314, 180, 5798, '2013-05-30'),
	(283, 7, 29446699, 180, 38999, '2013-05-30'),
	(284, 8, 52685418, 180, 2567, '2013-05-30'),
	(285, 9, 50028987, 180, 6035, '2013-05-30'),
	(286, 11, 32687084, 180, 48670, '2013-05-30'),
	(287, 12, 32469776, 180, 72375, '2013-05-30'),
	(288, 13, 50089149, 180, 5153, '2013-05-30'),
	(289, 14, 32414204, 180, 10778, '2013-05-30'),
	(290, 16, 50088638, 180, 30713, '2013-05-30'),
	(291, 17, 32414204, 180, 10778, '2013-05-30'),
	(292, 18, 32778874, 180, 69816, '2013-05-30'),
	(293, 19, 50050895, 180, 52385, '2013-05-30'),
	(294, 20, 29376210, 180, 11863, '2013-05-30'),
	(295, 21, 32647524, 180, 73626, '2013-05-30'),
	(296, 23, 32719941, 180, 127575, '2013-05-30'),
	(297, 26, 50028646, 180, 22135, '2013-05-30'),
	(298, 27, 29376264, 180, 45135, '2013-05-30'),
	(299, 29, 32778527, 180, 58627, '2013-05-30'),
	(300, 30, 251280, 180, 29611, '2013-05-30'),
	(301, 31, 557538, 180, 8892, '2013-05-30'),
	(302, 32, 50028590, 180, 67967, '2013-05-30'),
	(303, 33, 52685472, 180, 3240, '2013-05-30'),
	(304, 34, 29376213, 180, 45639, '2013-05-30'),
	(305, 35, 50158093, 180, 10855, '2013-05-30'),
	(306, 39, 32996418, 180, 74754, '2013-05-30'),
	(307, 36, 32996418, 180, 74754, '2013-05-30'),
	(308, 37, 580689, 180, 7787, '2013-05-30'),
	(309, 38, 32735197, 180, 25882, '2013-05-30'),
	(310, 40, 50161280, 180, 4880, '2013-05-30'),
	(311, 41, 29376263, 180, 23415, '2013-05-30'),
	(312, 42, 29446613, 180, 63973, '2013-05-30'),
	(313, 43, 29375625, 180, 53787, '2013-05-30'),
	(314, 44, 341236, 180, 1534, '2013-05-30'),
	(315, 45, 83543477, 180, 11144, '2013-05-30'),
	(316, 46, 83543477, 180, 11144, '2013-05-30'),
	(317, 47, 34237, 180, 6650, '2013-05-30'),
	(318, 48, 34231, 180, 7818, '2013-05-30'),
	(319, 49, 32735797, 180, 95068, '2013-05-30'),
	(320, 50, 50152351, 180, 8888, '2013-05-30'),
	(321, 51, 29376231, 180, 7231, '2013-05-30'),
	(322, 52, 50121054, 180, 4148, '2013-05-30'),
	(323, 54, 32778527, 180, 58627, '2013-05-30'),
	(324, 10, 264, 180, 572, '2013-05-30'),
	(325, 2, 568796, 180, 6651, '2013-06-30'),
	(326, 3, 568693, 180, 6046, '2013-06-30'),
	(327, 4, 50156373, 180, 7470, '2013-06-30'),
	(328, 5, 56993, 182, 6806, '2013-06-30'),
	(329, 5, 56993, 184, 17718, '2013-06-30'),
	(330, 6, 50135314, 180, 5930, '2013-06-30'),
	(331, 7, 29446699, 180, 39101, '2013-06-30'),
	(332, 8, 52685418, 180, 2695, '2013-06-30'),
	(333, 9, 50028987, 180, 6206, '2013-06-30'),
	(334, 11, 32687084, 180, 48879, '2013-06-30'),
	(335, 12, 32469776, 180, 72544, '2013-06-30'),
	(336, 13, 50089149, 180, 5350, '2013-06-30'),
	(337, 14, 32414204, 180, 11099, '2013-06-30'),
	(338, 16, 50088638, 180, 30814, '2013-06-30'),
	(339, 17, 32414204, 180, 11099, '2013-06-30'),
	(340, 18, 32778874, 180, 69969, '2013-06-30'),
	(341, 19, 50050895, 180, 52546, '2013-06-30'),
	(342, 20, 29376210, 180, 11863, '2013-06-30'),
	(343, 21, 32647524, 180, 73626, '2013-06-30'),
	(344, 23, 32719941, 180, 128146, '2013-06-30'),
	(345, 26, 50028646, 180, 22343, '2013-06-30'),
	(346, 27, 29376264, 180, 45685, '2013-06-30'),
	(347, 29, 32778527, 180, 58948, '2013-06-30'),
	(348, 30, 251280, 180, 29854, '2013-06-30'),
	(349, 31, 557538, 180, 9190, '2013-06-30'),
	(350, 32, 50028590, 180, 68223, '2013-06-30'),
	(351, 33, 52685472, 180, 3495, '2013-06-30'),
	(352, 34, 29376213, 180, 45905, '2013-06-30'),
	(353, 35, 50158093, 180, 11093, '2013-06-30'),
	(354, 39, 32996418, 180, 74994, '2013-06-30'),
	(355, 36, 32996418, 180, 74994, '2013-06-30'),
	(356, 37, 580689, 180, 7952, '2013-06-30'),
	(357, 38, 32735197, 180, 26481, '2013-06-30'),
	(358, 40, 50161280, 180, 4964, '2013-06-30'),
	(359, 41, 29376263, 180, 23547, '2013-06-30'),
	(360, 42, 29446613, 180, 64645, '2013-06-30'),
	(361, 43, 29375625, 180, 54355, '2013-06-30'),
	(362, 44, 341236, 180, 1623, '2013-06-30'),
	(363, 45, 83543477, 180, 11522, '2013-06-30'),
	(364, 46, 83543477, 180, 11522, '2013-06-30'),
	(365, 47, 34237, 180, 7137, '2013-06-30'),
	(366, 48, 34231, 180, 8386, '2013-06-30'),
	(367, 49, 32735797, 180, 95751, '2013-06-30'),
	(368, 50, 50152351, 180, 9027, '2013-06-30'),
	(369, 51, 29376231, 180, 7277, '2013-06-30'),
	(370, 52, 50121054, 180, 4192, '2013-06-30'),
	(371, 54, 32778527, 180, 58948, '2013-06-30'),
	(372, 10, 264, 180, 661, '2013-06-30'),
	(373, 2, 568796, 180, 8779, '2015-08-30'),
	(374, 3, 568693, 180, 9638, '2015-08-30'),
	(375, 4, 50156373, 180, 10766, '2015-08-30'),
	(376, 5, 56993, 182, 8463, '2015-08-30'),
	(377, 5, 56994, 184, 19063, '2015-08-30'),
	(378, 6, 50135314, 180, 9061, '2015-08-30'),
	(379, 7, 29446699, 180, 41730, '2015-08-30'),
	(380, 8, 52685418, 180, 5802, '2015-08-30'),
	(381, 9, 50028987, 180, 10039, '2015-08-30'),
	(382, 10, 264, 180, 3048, '2015-08-30'),
	(383, 11, 11669109, 180, 1544, '2015-08-30'),
	(384, 12, 32199561, 180, 3836, '2015-08-30'),
	(385, 13, 50089149, 180, 14418, '2015-08-30'),
	(386, 14, 11688670, 180, 1199, '2015-08-30'),
	(387, 15, 53119305, 180, 4825, '2015-08-30'),
	(388, 16, 50088638, 180, 35556, '2015-08-30'),
	(389, 17, 11688670, 180, 1199, '2015-08-30'),
	(390, 18, 32778874, 180, 76219, '2015-08-30'),
	(391, 19, 50050895, 180, 58831, '2015-08-30'),
	(392, 20, 29376210, 180, 17290, '2015-08-30'),
	(393, 21, 53117522, 180, 8679, '2015-08-30'),
	(394, 22, 53117426, 180, 5718, '2015-08-30'),
	(395, 23, 32719941, 180, 141673, '2015-08-30'),
	(396, 24, 100145, 180, 1064, '2015-08-30'),
	(397, 26, 50028646, 180, 27578, '2015-08-30'),
	(398, 27, 29376264, 180, 60377, '2015-08-30'),
	(399, 29, 32778527, 180, 461, '2015-08-30'),
	(400, 30, 251280, 180, 35726, '2015-08-30'),
	(401, 31, 557538, 180, 16341, '2015-08-30'),
	(402, 32, 50028590, 180, 75192, '2015-08-30'),
	(403, 33, 52685472, 180, 9508, '2015-08-30'),
	(404, 34, 29376213, 180, 52062, '2015-08-30'),
	(405, 35, 11669252, 180, 1183, '2015-08-30'),
	(406, 36, 11667994, 180, 1141, '2015-08-30'),
	(407, 37, 580689, 180, 11410, '2015-08-30'),
	(408, 38, 11667895, 180, 2661, '2015-08-30'),
	(409, 39, 11667994, 180, 1141, '2015-08-30'),
	(410, 40, 50161280, 180, 7025, '2015-08-30'),
	(411, 41, 32276933, 180, 1261, '2015-08-30'),
	(412, 42, 11671877, 180, 3154, '2015-08-30'),
	(413, 43, 32202631, 180, 6140, '2015-08-30'),
	(414, 44, 341236, 180, 3802, '2015-08-30'),
	(415, 45, 83543477, 180, 920, '2015-08-30'),
	(416, 46, 83543477, 180, 920, '2015-08-30'),
	(417, 47, 34237, 180, 18351, '2015-08-30'),
	(418, 48, 11675292, 180, 2286, '2015-08-30'),
	(419, 49, 32735797, 180, 112151, '2015-08-30'),
	(420, 50, 50152351, 180, 12186, '2015-08-30'),
	(421, 51, 29376231, 180, 8646, '2015-08-30'),
	(422, 52, 50121054, 180, 5314, '2015-08-30'),
	(423, 53, 32149396, 180, 712, '2015-08-30'),
	(424, 28, 82776, 180, 1566, '2015-08-30'),
	(425, 2, 568796, 180, 8883, '2015-09-30'),
	(426, 3, 568693, 180, 9751, '2015-09-30'),
	(427, 4, 50156373, 180, 10892, '2015-09-30'),
	(428, 5, 56993, 182, 8530, '2015-09-30'),
	(429, 5, 56994, 184, 19113, '2015-09-30'),
	(430, 6, 50135314, 180, 9175, '2015-09-30'),
	(431, 7, 29446699, 180, 41817, '2015-09-30'),
	(432, 8, 52685418, 180, 5916, '2015-09-30'),
	(433, 9, 50028987, 180, 10182, '2015-09-30'),
	(434, 10, 264, 180, 3145, '2015-09-30'),
	(435, 11, 11669109, 180, 1853, '2015-09-30'),
	(436, 12, 32199561, 180, 4165, '2015-09-30'),
	(437, 13, 50089149, 180, 14750, '2015-09-30'),
	(438, 14, 11688670, 180, 1447, '2015-09-30'),
	(439, 15, 53119305, 180, 5027, '2015-09-30'),
	(440, 16, 50088638, 180, 35744, '2015-09-30'),
	(441, 17, 11688670, 180, 1447, '2015-09-30'),
	(442, 18, 32778874, 180, 76461, '2015-09-30'),
	(443, 19, 50050895, 180, 59050, '2015-09-30'),
	(444, 20, 29376210, 180, 17503, '2015-09-30'),
	(445, 21, 53117522, 180, 9011, '2015-09-30'),
	(446, 22, 53117426, 180, 5938, '2015-09-30'),
	(447, 23, 32719941, 180, 142184, '2015-09-30'),
	(448, 24, 100145, 180, 1296, '2015-09-30'),
	(449, 26, 50028646, 180, 27760, '2015-09-30'),
	(450, 27, 29376264, 180, 61076, '2015-09-30'),
	(451, 29, 32778527, 180, 608, '2015-09-30'),
	(452, 30, 251280, 180, 35935, '2015-09-30'),
	(453, 31, 557538, 180, 16591, '2015-09-30'),
	(454, 32, 50028590, 180, 75457, '2015-09-30'),
	(455, 33, 52685472, 180, 9713, '2015-09-30'),
	(456, 34, 29376213, 180, 52276, '2015-09-30'),
	(457, 35, 11669252, 180, 1440, '2015-09-30'),
	(458, 36, 11667994, 180, 1385, '2015-09-30'),
	(459, 37, 580689, 180, 11535, '2015-09-30'),
	(460, 38, 11667895, 180, 3254, '2015-09-30'),
	(461, 39, 11667994, 180, 1385, '2015-09-30'),
	(462, 40, 50161280, 180, 7100, '2015-09-30'),
	(463, 41, 32276933, 180, 1363, '2015-09-30'),
	(464, 42, 11671877, 180, 3858, '2015-09-30'),
	(465, 43, 32202631, 180, 6660, '2015-09-30'),
	(466, 44, 341236, 180, 3899, '2015-09-30'),
	(467, 45, 83543477, 180, 1218, '2015-09-30'),
	(468, 46, 83543477, 180, 1218, '2015-09-30'),
	(469, 47, 34237, 180, 18816, '2015-09-30'),
	(470, 48, 11675292, 180, 2765, '2015-09-30'),
	(471, 49, 32735797, 180, 112788, '2015-09-30'),
	(472, 50, 50152351, 180, 12307, '2015-09-30'),
	(473, 51, 29376231, 180, 8693, '2015-09-30'),
	(474, 52, 50121054, 180, 5413, '2015-09-30'),
	(475, 53, 32149396, 180, 923, '2015-09-30'),
	(476, 28, 82776, 180, 2059, '2015-09-30'),
	(477, 2, 568796, 180, 11663, '2017-10-31'),
	(478, 3, 568693, 180, 12768, '2017-10-31'),
	(479, 4, 50156373, 180, 13815, '2017-10-31'),
	(480, 5, 1611742, 180, 2860, '2017-10-31'),
	(481, 6, 50135314, 180, 12727, '2017-10-31'),
	(482, 7, 29446699, 180, 44433, '2017-10-31'),
	(483, 8, 32558090, 180, 2172, '2017-10-31'),
	(484, 9, 50028987, 180, 14995, '2017-10-31'),
	(485, 10, 264, 180, 5053, '2017-10-31'),
	(486, 11, 11669109, 180, 10475, '2017-10-31'),
	(487, 12, 32199561, 180, 13366, '2017-10-31'),
	(488, 13, 50089149, 180, 23553, '2017-10-31'),
	(489, 14, 11688670, 180, 8424, '2017-10-31'),
	(490, 15, 32245598, 180, 3558, '2017-10-31'),
	(491, 16, 50088638, 180, 40723, '2017-10-31'),
	(492, 17, 11688670, 180, 8424, '2017-10-31'),
	(493, 18, 32778874, 180, 82928, '2017-10-31'),
	(494, 19, 50050895, 180, 65103, '2017-10-31'),
	(495, 20, 29376210, 180, 23178, '2017-10-31'),
	(496, 21, 32295119, 180, 5945, '2017-10-31'),
	(497, 22, 32248826, 180, 3864, '2017-10-31'),
	(498, 23, 32719941, 180, 156356, '2017-10-31'),
	(499, 24, 100145, 180, 7412, '2017-10-31'),
	(500, 26, 50028646, 180, 31488, '2017-10-31'),
	(501, 27, 29376264, 180, 73734, '2017-10-31'),
	(502, 29, 91005292, 180, 1752, '2017-10-31'),
	(503, 29, 50086615, 180, 2696, '2017-10-31'),
	(504, 30, 251280, 180, 550, '2017-10-31'),
	(505, 31, 557538, 180, 23742, '2017-10-31'),
	(506, 32, 50028590, 180, 82823, '2017-10-31'),
	(507, 33, 33165911, 180, 3669, '2017-10-31'),
	(508, 34, 29376213, 180, 57829, '2017-10-31'),
	(509, 35, 11669252, 180, 8364, '2017-10-31'),
	(510, 36, 11667994, 180, 8327, '2017-10-31'),
	(511, 37, 580689, 180, 14686, '2017-10-31'),
	(512, 38, 11667895, 180, 18770, '2017-10-31'),
	(513, 39, 11667994, 180, 8327, '2017-10-31'),
	(514, 40, 50161280, 180, 9388, '2017-10-31'),
	(515, 41, 32276933, 180, 4115, '2017-10-31'),
	(516, 42, 11671877, 180, 22283, '2017-10-31'),
	(517, 43, 32202631, 180, 13065, '2017-10-31'),
	(518, 44, 341236, 180, 6243, '2017-10-31'),
	(519, 45, 11400194, 180, 5823, '2017-10-31'),
	(520, 46, 11400194, 180, 5823, '2017-10-31'),
	(521, 47, 34237, 180, 29223, '2017-10-31'),
	(522, 48, 11675292, 180, 18864, '2017-10-31'),
	(523, 49, 32735797, 180, 132724, '2017-10-31'),
	(524, 50, 50152351, 180, 15546, '2017-10-31'),
	(525, 51, 29376231, 180, 10144, '2017-10-31'),
	(526, 52, 50121054, 180, 8122, '2017-10-31'),
	(527, 53, 32149396, 180, 6509, '2017-10-31'),
	(528, 28, 82776, 180, 14676, '2017-10-31'),
	(529, 2, 568796, 180, 11774, '2017-11-30'),
	(530, 3, 568693, 180, 12887, '2017-11-30'),
	(531, 4, 50156373, 180, 13904, '2017-11-30'),
	(532, 5, 1611742, 180, 2974, '2017-11-30'),
	(533, 6, 50135314, 180, 12864, '2017-11-30'),
	(534, 7, 29446699, 180, 44532, '2017-11-30'),
	(535, 8, 32558090, 180, 2307, '2017-11-30'),
	(536, 9, 50028987, 180, 15182, '2017-11-30'),
	(537, 10, 264, 180, 5100, '2017-11-30'),
	(538, 11, 11669109, 180, 10758, '2017-11-30'),
	(539, 12, 32199561, 180, 13740, '2017-11-30'),
	(540, 13, 50089149, 180, 23846, '2017-11-30'),
	(541, 14, 11688670, 180, 8689, '2017-11-30'),
	(542, 15, 32245598, 180, 3775, '2017-11-30'),
	(543, 16, 50088638, 180, 40906, '2017-11-30'),
	(544, 17, 11688670, 180, 8689, '2017-11-30'),
	(545, 18, 32778874, 180, 83187, '2017-11-30'),
	(546, 19, 50050895, 180, 65325, '2017-11-30'),
	(547, 20, 29376210, 180, 23380, '2017-11-30'),
	(548, 21, 32295119, 180, 6274, '2017-11-30'),
	(549, 22, 32248826, 180, 4077, '2017-11-30'),
	(550, 23, 32719941, 180, 156933, '2017-11-30'),
	(551, 24, 100145, 180, 7625, '2017-11-30'),
	(552, 26, 50028646, 180, 31560, '2017-11-30'),
	(553, 27, 29376264, 180, 73939, '2017-11-30'),
	(554, 29, 91005292, 180, 1910, '2017-11-30'),
	(555, 29, 50086615, 180, 2861, '2017-11-30'),
	(556, 30, 251280, 180, 749, '2017-11-30'),
	(557, 31, 557538, 180, 24012, '2017-11-30'),
	(558, 32, 50028590, 180, 83119, '2017-11-30'),
	(559, 33, 33165911, 180, 3865, '2017-11-30'),
	(560, 34, 29376213, 180, 58022, '2017-11-30'),
	(561, 35, 11669252, 180, 8640, '2017-11-30'),
	(562, 36, 11667994, 180, 8611, '2017-11-30'),
	(563, 37, 580689, 180, 14809, '2017-11-30'),
	(564, 38, 11667895, 180, 19395, '2017-11-30'),
	(565, 39, 11667994, 180, 8611, '2017-11-30'),
	(566, 40, 50161280, 180, 9508, '2017-11-30'),
	(567, 41, 32276933, 180, 4225, '2017-11-30'),
	(568, 42, 11671877, 180, 23006, '2017-11-30'),
	(569, 43, 32202631, 180, 13181, '2017-11-30'),
	(570, 44, 341236, 180, 6298, '2017-11-30'),
	(571, 45, 11400194, 180, 6098, '2017-11-30'),
	(572, 46, 11400194, 180, 6098, '2017-11-30'),
	(573, 47, 34237, 180, 29363, '2017-11-30'),
	(574, 48, 11675292, 180, 19651, '2017-11-30'),
	(575, 49, 32735797, 180, 133581, '2017-11-30'),
	(576, 50, 50152351, 180, 15675, '2017-11-30'),
	(577, 51, 29376231, 180, 10202, '2017-11-30'),
	(578, 52, 50121054, 180, 8226, '2017-11-30'),
	(579, 53, 32149396, 180, 6704, '2017-11-30'),
	(580, 28, 82776, 180, 15129, '2017-11-30'),
	(581, 1, 5301873827, 180, 2669, '2019-12-31'),
	(582, 2, 568796, 180, 14581, '2019-12-31'),
	(583, 3, 568693, 180, 16117, '2019-12-31'),
	(584, 4, 4109420729, 180, 2243, '2019-12-31'),
	(585, 5, 1611742, 180, 6172, '2019-12-31'),
	(586, 6, 50135314, 180, 17440, '2019-12-31'),
	(587, 7, 29446699, 180, 47014, '2019-12-31'),
	(588, 8, 4109420527, 180, 2415, '2019-12-31'),
	(589, 9, 50028987, 180, 20346, '2019-12-31'),
	(590, 10, 91002891, 180, 3581, '2019-12-31'),
	(591, 11, 11669109, 180, 19724, '2019-12-31'),
	(592, 12, 32199561, 180, 23220, '2019-12-31'),
	(593, 13, 4109420280, 180, 6913, '2019-12-31'),
	(594, 14, 11688670, 180, 15441, '2019-12-31'),
	(595, 15, 4109420145, 180, 3955, '2019-12-31'),
	(596, 16, 50088638, 180, 45772, '2019-12-31'),
	(597, 17, 11688670, 180, 15441, '2019-12-31'),
	(598, 18, 5110224320, 180, 159, '2019-12-31'),
	(599, 19, 4109420471, 180, 4331, '2019-12-31'),
	(600, 20, 4109420325, 180, 4216, '2019-12-31'),
	(601, 21, 32295119, 180, 15274, '2019-12-31'),
	(602, 22, 32248826, 180, 9794, '2019-12-31'),
	(603, 23, 5110914629, 180, 735, '2019-12-31'),
	(604, 24, 5110833045, 180, 345, '2019-12-31'),
	(605, 26, 50028646, 180, 33462, '2019-12-31'),
	(606, 27, 29376264, 180, 79344, '2019-12-31'),
	(607, 28, 4114492386, 180, 8797, '2019-12-31'),
	(608, 29, 50086615, 180, 6971, '2019-12-31'),
	(609, 29, 91005292, 180, 5948, '2019-12-31'),
	(610, 30, 251280, 180, 6287, '2019-12-31'),
	(611, 31, 4114492229, 180, 5144, '2019-12-31'),
	(612, 32, 50028590, 180, 90495, '2019-12-31'),
	(613, 33, 33165911, 180, 9371, '2019-12-31'),
	(614, 34, 29376213, 180, 63549, '2019-12-31'),
	(615, 35, 11669252, 180, 15646, '2019-12-31'),
	(616, 36, 11667994, 180, 15075, '2019-12-31'),
	(617, 37, 580689, 180, 17949, '2019-12-31'),
	(618, 38, 11667895, 180, 26391, '2019-12-31'),
	(619, 39, 11667994, 180, 15075, '2019-12-31'),
	(620, 40, 50161280, 180, 11665, '2019-12-31'),
	(621, 41, 32276933, 180, 6965, '2019-12-31'),
	(622, 42, 11671877, 180, 41131, '2019-12-31'),
	(623, 43, 32202631, 180, 16137, '2019-12-31'),
	(624, 44, 341236, 180, 7713, '2019-12-31'),
	(625, 45, 11400194, 180, 13324, '2019-12-31'),
	(626, 46, 11400194, 180, 13324, '2019-12-31'),
	(627, 47, 34237, 180, 32878, '2019-12-31'),
	(628, 48, 11675292, 180, 28083, '2019-12-31'),
	(629, 49, 4114492173, 180, 4578, '2019-12-31'),
	(630, 50, 41144920227, 180, 2359, '2019-12-31'),
	(631, 51, 4109420886, 180, 986, '2019-12-31'),
	(632, 52, 50121054, 180, 10920, '2019-12-31'),
	(633, 53, 32149396, 180, 12144, '2019-12-31'),
	(634, 1, 5301873827, 180, 4010, '2020-01-31'),
	(635, 2, 568796, 180, 14692, '2020-01-31'),
	(636, 3, 568693, 180, 16242, '2020-01-31'),
	(637, 4, 4109420729, 180, 2328, '2020-01-31'),
	(638, 5, 1611742, 180, 6266, '2020-01-31'),
	(639, 6, 50135314, 180, 17765, '2020-01-31'),
	(640, 7, 29446699, 180, 47104, '2020-01-31'),
	(641, 8, 4109420527, 180, 2540, '2020-01-31'),
	(642, 9, 50028987, 180, 20544, '2020-01-31'),
	(643, 10, 91002891, 180, 3698, '2020-01-31'),
	(644, 11, 11669109, 180, 20040, '2020-01-31'),
	(645, 12, 32199561, 180, 23590, '2020-01-31'),
	(646, 13, 4109420280, 180, 7246, '2020-01-31'),
	(647, 14, 11688670, 180, 15711, '2020-01-31'),
	(648, 15, 4109420145, 180, 4172, '2020-01-31'),
	(649, 16, 50088638, 180, 45954, '2020-01-31'),
	(650, 17, 11688670, 180, 15711, '2020-01-31'),
	(651, 18, 5110224320, 180, 408, '2020-01-31'),
	(652, 19, 4109420471, 180, 4542, '2020-01-31'),
	(653, 20, 4109420325, 180, 4419, '2020-01-31'),
	(654, 21, 32295119, 180, 15592, '2020-01-31'),
	(655, 22, 32248826, 180, 9991, '2020-01-31'),
	(656, 23, 5110914629, 180, 950, '2020-01-31'),
	(657, 24, 5110833045, 180, 558, '2020-01-31'),
	(658, 26, 50028646, 180, 33535, '2020-01-31'),
	(659, 27, 29376264, 180, 79551, '2020-01-31'),
	(660, 28, 4114492386, 180, 9243, '2020-01-31'),
	(661, 29, 50086615, 180, 7136, '2020-01-31'),
	(662, 29, 91005292, 180, 6128, '2020-01-31'),
	(663, 30, 251280, 180, 6478, '2020-01-31'),
	(664, 31, 4114492229, 180, 5405, '2020-01-31'),
	(665, 32, 50028590, 180, 90781, '2020-01-31'),
	(666, 33, 33165911, 180, 9523, '2020-01-31'),
	(667, 34, 29376213, 180, 63730, '2020-01-31'),
	(668, 35, 11669252, 180, 15922, '2020-01-31'),
	(669, 36, 11667994, 180, 15319, '2020-01-31'),
	(670, 37, 580689, 180, 18074, '2020-01-31'),
	(671, 38, 11667895, 180, 26526, '2020-01-31'),
	(672, 39, 11667994, 180, 15319, '2020-01-31'),
	(673, 40, 50161280, 180, 11737, '2020-01-31'),
	(674, 41, 32276933, 180, 7093, '2020-01-31'),
	(675, 42, 11671877, 180, 41848, '2020-01-31'),
	(676, 43, 32202631, 180, 16251, '2020-01-31'),
	(677, 44, 341236, 180, 7767, '2020-01-31'),
	(678, 45, 11400194, 180, 13609, '2020-01-31'),
	(679, 46, 11400194, 180, 13609, '2020-01-31'),
	(680, 47, 34237, 180, 33015, '2020-01-31'),
	(681, 48, 11675292, 180, 28253, '2020-01-31'),
	(682, 49, 4114492173, 180, 4826, '2020-01-31'),
	(683, 50, 41144920227, 180, 2484, '2020-01-31'),
	(684, 51, 4109420886, 180, 1040, '2020-01-31'),
	(685, 52, 50121054, 180, 11021, '2020-01-31'),
	(686, 53, 32149396, 180, 12331, '2020-01-31'),
	(687, 7, 29446699, 180, 49450, '2022-02-26'),
	(688, 9, 50028987, 180, 25142, '2022-02-26'),
	(689, 22, 6100599167, 180, 833, '2022-02-26'),
	(690, 26, 6104043480, 180, 266, '2022-02-26'),
	(691, 27, 29376264, 180, 84432, '2022-02-26'),
	(692, 29, 50086615, 180, 11365, '2022-02-26'),
	(693, 32, 50028590, 180, 97723, '2022-02-26'),
	(694, 33, 33165911, 180, 15018, '2022-02-26'),
	(695, 34, 29376213, 180, 68903, '2022-02-26'),
	(696, 40, 50161280, 180, 15207, '2022-02-27'),
	(697, 41, 32276933, 180, 13830, '2022-02-26'),
	(698, 43, 32202631, 180, 19675, '2022-02-26'),
	(699, 7, 29446699, 180, 49550, '2022-03-31'),
	(700, 9, 50028987, 180, 25318, '2022-03-31'),
	(701, 22, 6100599167, 180, 1087, '2022-03-31'),
	(702, 26, 6104043480, 180, 337, '2022-03-31'),
	(703, 27, 29376264, 180, 8646, '2022-03-31'),
	(704, 29, 50086615, 180, 11557, '2022-03-31'),
	(705, 32, 50028590, 180, 98027, '2022-03-31'),
	(706, 33, 33165911, 180, 15230, '2022-03-31'),
	(707, 34, 29376213, 180, 69112, '2022-03-31'),
	(708, 40, 50161280, 180, 15399, '2022-03-31'),
	(709, 41, 32276933, 180, 14179, '2022-03-31'),
	(710, 43, 32202631, 180, 19723, '2022-03-31');

-- Dumping structure for table pk_luks_data.imports
CREATE TABLE IF NOT EXISTS `imports` (
  `id` int unsigned NOT NULL AUTO_INCREMENT COMMENT 'Datu id',
  `object_id` int unsigned NOT NULL COMMENT 'Objekta id',
  `numurs` decimal(14,0) NOT NULL COMMENT 'Skaitītāja numurs',
  `garums` decimal(2,0) unsigned NOT NULL DEFAULT '0' COMMENT 'Skaitītāja numura garums',
  `burts` char(1) CHARACTER SET utf8mb4 COLLATE utf8mb4_unicode_ci NOT NULL DEFAULT '' COMMENT 'Skaitītāja numura burts',
  `obis` decimal(3,0) unsigned NOT NULL DEFAULT '180' COMMENT 'Koeficents',
  `zimes` int unsigned NOT NULL COMMENT 'Skaitītāja rādījuma zīmju skaits',
  `radijums` decimal(14,0) unsigned NOT NULL COMMENT 'Skaitītāja rādījums',
  `datums` date NOT NULL COMMENT 'Rādījuma uzņemšanas datums',
  PRIMARY KEY (`id`),
  KEY `object_id` (`object_id`),
  CONSTRAINT `FK_imports_object` FOREIGN KEY (`object_id`) REFERENCES `object` (`id`)
) ENGINE=InnoDB AUTO_INCREMENT=711 DEFAULT CHARSET=utf8mb4 COLLATE=utf8mb4_unicode_ci COMMENT='Savāktie dati';

-- Dumping data for table pk_luks_data.imports: ~710 rows (approximately)
INSERT INTO `imports` (`id`, `object_id`, `numurs`, `garums`, `burts`, `obis`, `zimes`, `radijums`, `datums`) VALUES
	(1, 13, 4224014, 7, '', 180, 4, 2786, '2004-12-01'),
	(2, 7, 10498, 7, '', 180, 5, 28406, '2004-12-01'),
	(3, 11, 32687084, 8, '', 180, 6, 10618, '2004-12-01'),
	(4, 12, 32469776, 8, '', 180, 6, 18919, '2004-12-01'),
	(5, 18, 32778874, 8, '', 180, 6, 12983, '2004-12-01'),
	(6, 19, 50050895, 8, '', 180, 6, 1635, '2004-12-01'),
	(7, 20, 110081, 7, '', 180, 5, 54623, '2004-12-01'),
	(8, 32, 50028590, 8, '', 180, 6, 8888, '2004-12-01'),
	(9, 34, 97125, 7, '', 180, 5, 48009, '2004-12-01'),
	(10, 30, 10392, 7, '', 180, 5, 37853, '2004-12-01'),
	(11, 43, 23860702, 8, '', 180, 4, 2682, '2004-12-01'),
	(12, 39, 32996418, 8, '', 180, 6, 20098, '2004-12-01'),
	(13, 41, 291044, 6, '', 180, 4, 6929, '2004-12-01'),
	(14, 42, 7950242, 7, '', 180, 5, 46616, '2004-12-01'),
	(15, 49, 556043, 7, '', 180, 6, 24650, '2004-12-01'),
	(16, 27, 3639101, 7, '', 180, 4, 4081, '2004-12-01'),
	(17, 26, 50028646, 8, '', 180, 6, 2295, '2004-12-01'),
	(18, 9, 96397, 7, '', 180, 5, 50354, '2004-12-01'),
	(19, 54, 32778527, 8, '', 180, 6, 13892, '2004-12-01'),
	(20, 51, 3493235, 7, '', 180, 4, 8406, '2004-12-01'),
	(21, 21, 32647524, 8, '', 180, 6, 20119, '2004-12-01'),
	(22, 23, 32719941, 8, '', 180, 6, 21996, '2004-12-01'),
	(23, 51, 46408788, 8, '', 180, 7, 20835, '2004-12-01'),
	(24, 1, 46408653, 8, '', 180, 7, 13258, '2004-12-01'),
	(25, 13, 4224014, 7, '', 180, 4, 2018, '2004-11-01'),
	(26, 7, 10498, 7, '', 180, 5, 27986, '2004-11-01'),
	(27, 11, 32687084, 8, '', 180, 6, 10235, '2004-11-01'),
	(28, 12, 32469776, 8, '', 180, 6, 18539, '2004-11-01'),
	(29, 18, 32778874, 8, '', 180, 6, 12447, '2004-11-01'),
	(30, 19, 50050895, 8, '', 180, 6, 697, '2004-11-01'),
	(31, 20, 110081, 7, '', 180, 5, 53880, '2004-11-01'),
	(32, 32, 50028590, 8, '', 180, 6, 8204, '2004-11-01'),
	(33, 34, 97125, 7, '', 180, 5, 47237, '2004-11-01'),
	(34, 30, 10392, 7, '', 180, 5, 37140, '2004-11-01'),
	(35, 43, 23860702, 8, '', 180, 4, 2183, '2004-11-01'),
	(36, 39, 32996418, 8, '', 180, 6, 19418, '2004-11-01'),
	(37, 41, 291044, 6, '', 180, 4, 6224, '2004-11-01'),
	(38, 42, 7950242, 7, '', 180, 5, 46056, '2004-11-01'),
	(39, 49, 556043, 7, '', 180, 6, 23881, '2004-11-01'),
	(40, 27, 3639101, 7, '', 180, 4, 3552, '2004-11-01'),
	(41, 26, 50028646, 8, '', 180, 6, 2124, '2004-11-01'),
	(42, 9, 96397, 7, '', 180, 5, 49812, '2004-11-01'),
	(43, 54, 32778527, 8, '', 180, 6, 13542, '2004-11-01'),
	(44, 51, 3493235, 7, '', 180, 4, 8118, '2004-11-01'),
	(45, 21, 32647524, 8, '', 180, 6, 19615, '2004-11-01'),
	(46, 23, 32719941, 8, '', 180, 6, 21037, '2004-11-01'),
	(47, 51, 46408788, 8, '', 180, 7, 12628, '2004-11-01'),
	(48, 1, 46408653, 8, '', 180, 7, 8262, '2004-11-01'),
	(49, 9, 29446616, 8, '', 180, 6, 7198, '2007-01-01'),
	(50, 7, 29446699, 8, '', 180, 6, 7241, '2007-01-01'),
	(51, 13, 29376219, 8, '', 180, 6, 6147, '2007-01-01'),
	(52, 20, 29376210, 8, '', 180, 6, 1305, '2007-01-01'),
	(53, 18, 32778874, 8, '', 180, 6, 26602, '2007-01-01'),
	(54, 19, 50050895, 8, '', 180, 6, 14454, '2007-01-01'),
	(55, 16, 50088638, 8, '', 180, 6, 6205, '2007-01-01'),
	(56, 11, 32687084, 8, '', 180, 6, 19910, '2007-01-01'),
	(57, 12, 32469776, 8, '', 180, 6, 31079, '2007-01-01'),
	(58, 23, 32719941, 8, '', 180, 6, 45552, '2007-01-01'),
	(59, 33, 32719941, 8, '', 180, 6, 45552, '2007-01-01'),
	(60, 34, 29376213, 8, '', 180, 6, 7357, '2007-01-01'),
	(61, 32, 50028590, 8, '', 180, 6, 25774, '2007-01-01'),
	(62, 30, 251280, 6, '', 180, 8, 10363, '2007-01-01'),
	(63, 26, 50028646, 8, '', 180, 6, 6431, '2007-01-01'),
	(64, 27, 29376264, 8, '', 180, 6, 5511, '2007-01-01'),
	(65, 29, 32778527, 8, '', 180, 6, 24617, '2007-01-01'),
	(66, 54, 32778527, 8, '', 180, 6, 24617, '2007-01-01'),
	(67, 51, 29376231, 8, '', 180, 6, 2772, '2007-01-01'),
	(68, 48, 29292037, 8, '', 180, 6, 7376, '2007-01-01'),
	(69, 47, 29292026, 8, '', 180, 6, 6083, '2007-01-01'),
	(70, 44, 29292023, 8, '', 180, 6, 1295, '2007-01-01'),
	(71, 49, 32735797, 8, '', 180, 6, 39914, '2007-01-01'),
	(72, 21, 32647524, 8, '', 180, 6, 32086, '2007-01-01'),
	(73, 36, 32996418, 8, '', 180, 6, 40204, '2007-01-01'),
	(74, 39, 32996418, 8, '', 180, 6, 40204, '2007-01-01'),
	(75, 38, 29292035, 8, '', 180, 6, 11423, '2007-01-01'),
	(76, 43, 29375625, 8, '', 180, 6, 8613, '2007-01-01'),
	(77, 42, 29446613, 8, '', 180, 6, 7766, '2007-01-01'),
	(78, 41, 29376263, 8, '', 180, 6, 5821, '2007-01-01'),
	(79, 52, 50121054, 8, '', 180, 6, 182, '2007-01-01'),
	(80, 9, 29446616, 8, '', 180, 6, 7825, '2007-02-01'),
	(81, 7, 29446699, 8, '', 180, 6, 7892, '2007-02-01'),
	(82, 13, 29376219, 8, '', 180, 6, 6265, '2007-02-01'),
	(83, 20, 29376210, 8, '', 180, 6, 1454, '2007-02-01'),
	(84, 18, 32778874, 8, '', 180, 6, 27179, '2007-02-01'),
	(85, 19, 50050895, 8, '', 180, 6, 15019, '2007-02-01'),
	(86, 16, 50088638, 8, '', 180, 6, 6498, '2007-02-01'),
	(87, 11, 32687084, 8, '', 180, 6, 20310, '2007-02-01'),
	(88, 12, 32469776, 8, '', 180, 6, 31511, '2007-02-01'),
	(89, 23, 32719941, 8, '', 180, 6, 46580, '2007-02-01'),
	(90, 33, 32719941, 8, '', 180, 6, 46580, '2007-02-01'),
	(91, 34, 29376213, 8, '', 180, 6, 8085, '2007-02-01'),
	(92, 32, 50028590, 8, '', 180, 6, 26523, '2007-02-01'),
	(93, 30, 251280, 6, '', 180, 8, 11058, '2007-02-01'),
	(94, 26, 50028646, 8, '', 180, 6, 6613, '2007-02-01'),
	(95, 27, 29376264, 8, '', 180, 6, 6068, '2007-02-01'),
	(96, 29, 32778527, 8, '', 180, 6, 25212, '2007-02-01'),
	(97, 54, 32778527, 8, '', 180, 6, 25212, '2007-02-01'),
	(98, 51, 29376231, 8, '', 180, 6, 3030, '2007-02-01'),
	(99, 48, 29292037, 8, '', 180, 6, 7856, '2007-02-01'),
	(100, 47, 29292026, 8, '', 180, 6, 6507, '2007-02-01'),
	(101, 44, 29292023, 8, '', 180, 6, 1385, '2007-02-01'),
	(102, 49, 32735797, 8, '', 180, 6, 40500, '2007-02-01'),
	(103, 21, 32647524, 8, '', 180, 6, 32663, '2007-02-01'),
	(104, 36, 32996418, 8, '', 180, 6, 41105, '2007-02-01'),
	(105, 39, 32996418, 8, '', 180, 6, 41105, '2007-02-01'),
	(106, 38, 29292035, 8, '', 180, 6, 12105, '2007-02-01'),
	(107, 43, 29375625, 8, '', 180, 6, 9123, '2007-02-01'),
	(108, 42, 29446613, 8, '', 180, 6, 8454, '2007-02-01'),
	(109, 41, 29376263, 8, '', 180, 6, 6343, '2007-02-01'),
	(110, 52, 50121054, 8, '', 180, 6, 231, '2007-02-01'),
	(111, 9, 29446616, 8, '', 180, 6, 21042, '2009-02-26'),
	(112, 7, 29446699, 8, '', 180, 6, 23546, '2009-02-26'),
	(113, 13, 29376219, 8, '', 180, 6, 10252, '2009-02-26'),
	(114, 20, 29376210, 8, '', 180, 6, 4747, '2009-02-26'),
	(115, 18, 32778874, 8, '', 180, 6, 41496, '2009-02-26'),
	(116, 19, 50050895, 8, '', 180, 6, 27953, '2009-02-26'),
	(117, 16, 50088638, 8, '', 180, 6, 14561, '2009-02-26'),
	(118, 11, 32687084, 8, '', 180, 6, 29558, '2009-02-26'),
	(119, 12, 32469776, 8, '', 180, 6, 46034, '2009-02-26'),
	(120, 23, 32719941, 8, '', 180, 6, 76776, '2009-02-26'),
	(121, 33, 29376213, 8, '', 180, 6, 24488, '2009-02-26'),
	(122, 34, 29376213, 8, '', 180, 6, 24488, '2009-02-26'),
	(123, 32, 50028590, 8, '', 180, 6, 43768, '2009-02-26'),
	(124, 30, 251280, 6, '', 180, 8, 23149, '2009-02-26'),
	(125, 26, 50028646, 8, '', 180, 6, 11397, '2009-02-26'),
	(126, 27, 29376264, 8, '', 180, 6, 18465, '2009-02-26'),
	(127, 29, 32778527, 8, '', 180, 6, 37717, '2009-02-26'),
	(128, 54, 32778527, 8, '', 180, 6, 37717, '2009-02-26'),
	(129, 51, 29376231, 8, '', 180, 6, 4478, '2009-02-26'),
	(130, 48, 29292037, 8, '', 180, 6, 19665, '2009-02-26'),
	(131, 47, 29292026, 8, '', 180, 6, 17302, '2009-02-26'),
	(132, 44, 29292023, 8, '', 180, 6, 3992, '2009-02-26'),
	(133, 49, 32735797, 8, '', 180, 6, 57909, '2009-02-26'),
	(134, 21, 32647524, 8, '', 180, 6, 47462, '2009-02-26'),
	(135, 36, 32996418, 8, '', 180, 6, 60184, '2009-02-26'),
	(136, 39, 32996418, 8, '', 180, 6, 60184, '2009-02-26'),
	(137, 38, 29292035, 8, '', 180, 6, 28234, '2009-02-26'),
	(138, 43, 29375625, 8, '', 180, 6, 25090, '2009-02-26'),
	(139, 42, 29446613, 8, '', 180, 6, 27320, '2009-02-26'),
	(140, 41, 29376263, 8, '', 180, 6, 16924, '2009-02-26'),
	(141, 52, 50121054, 8, '', 180, 6, 1429, '2009-02-26'),
	(142, 50, 50152351, 8, '', 180, 6, 2400, '2009-02-26'),
	(143, 4, 50156373, 8, '', 180, 6, 1353, '2009-02-26'),
	(144, 40, 50161280, 8, '', 180, 6, 740, '2009-02-26'),
	(145, 35, 50158093, 8, '', 180, 6, 2159, '2009-02-26'),
	(146, 31, 557538, 6, '', 180, 8, 891, '2009-02-26'),
	(147, 37, 580689, 6, '', 180, 8, 445, '2009-02-26'),
	(148, 2, 568796, 6, '', 180, 8, 455, '2009-02-26'),
	(149, 3, 568693, 6, '', 180, 8, 197, '2009-02-26'),
	(150, 9, 29446616, 8, '', 180, 6, 21278, '2009-03-26'),
	(151, 7, 29446699, 8, '', 180, 6, 24150, '2009-03-26'),
	(152, 13, 29376219, 8, '', 180, 6, 10445, '2009-03-26'),
	(153, 20, 29376210, 8, '', 180, 6, 4882, '2009-03-26'),
	(154, 18, 32778874, 8, '', 180, 6, 42050, '2009-03-26'),
	(155, 19, 50050895, 8, '', 180, 6, 28455, '2009-03-26'),
	(156, 16, 50088638, 8, '', 180, 6, 14869, '2009-03-26'),
	(157, 11, 32687084, 8, '', 180, 6, 29705, '2009-03-26'),
	(158, 12, 32469776, 8, '', 180, 6, 46595, '2009-03-26'),
	(159, 23, 32719941, 8, '', 180, 6, 77994, '2009-03-26'),
	(160, 33, 29376213, 8, '', 180, 6, 25090, '2009-03-26'),
	(161, 34, 29376213, 8, '', 180, 6, 25090, '2009-03-26'),
	(162, 32, 50028590, 8, '', 180, 6, 44416, '2009-03-26'),
	(163, 30, 251280, 6, '', 180, 8, 23295, '2009-03-26'),
	(164, 26, 50028646, 8, '', 180, 6, 11580, '2009-03-26'),
	(165, 27, 29376264, 8, '', 180, 6, 18944, '2009-03-26'),
	(166, 29, 32778527, 8, '', 180, 6, 38161, '2009-03-26'),
	(167, 54, 32778527, 8, '', 180, 6, 38161, '2009-03-26'),
	(168, 51, 29376231, 8, '', 180, 6, 4507, '2009-03-26'),
	(169, 48, 29292037, 8, '', 180, 6, 20014, '2009-03-26'),
	(170, 47, 29292026, 8, '', 180, 6, 17730, '2009-03-26'),
	(171, 44, 29292023, 8, '', 180, 6, 4082, '2009-03-26'),
	(172, 49, 32735797, 8, '', 180, 6, 58663, '2009-03-26'),
	(173, 21, 32647524, 8, '', 180, 6, 48011, '2009-03-26'),
	(174, 36, 32996418, 8, '', 180, 6, 60434, '2009-03-26'),
	(175, 39, 32996418, 8, '', 180, 6, 60434, '2009-03-26'),
	(176, 38, 29292035, 8, '', 180, 6, 28706, '2009-03-26'),
	(177, 43, 29375625, 8, '', 180, 6, 25593, '2009-03-26'),
	(178, 42, 29446613, 8, '', 180, 6, 28052, '2009-03-26'),
	(179, 41, 29376263, 8, '', 180, 6, 17048, '2009-03-26'),
	(180, 52, 50121054, 8, '', 180, 6, 1470, '2009-03-26'),
	(181, 50, 50152351, 8, '', 180, 6, 2516, '2009-03-26'),
	(182, 4, 50156373, 8, '', 180, 6, 1423, '2009-03-26'),
	(183, 40, 50161280, 8, '', 180, 6, 809, '2009-03-26'),
	(184, 35, 50158093, 8, '', 180, 6, 2302, '2009-03-26'),
	(185, 31, 557538, 6, '', 180, 8, 1004, '2009-03-26'),
	(186, 37, 580689, 6, '', 180, 8, 566, '2009-03-26'),
	(187, 2, 568796, 6, '', 180, 8, 555, '2009-03-26'),
	(188, 3, 568693, 6, '', 180, 8, 252, '2009-03-26'),
	(189, 9, 50028987, 8, '', 180, 6, 2079, '2011-04-29'),
	(190, 7, 29446699, 8, '', 180, 6, 36087, '2011-04-29'),
	(191, 13, 50089149, 8, '', 180, 6, 366, '2011-04-29'),
	(192, 20, 29376210, 8, '', 180, 6, 8423, '2011-04-29'),
	(193, 18, 32778874, 8, '', 180, 6, 57910, '2011-04-29'),
	(194, 19, 50050895, 8, '', 180, 6, 42255, '2011-04-29'),
	(195, 16, 50088638, 8, '', 180, 6, 23903, '2011-04-29'),
	(196, 11, 32687084, 8, '', 180, 6, 39622, '2011-04-29'),
	(197, 12, 32469776, 8, '', 180, 6, 63093, '2011-04-29'),
	(198, 23, 32719941, 8, '', 180, 6, 111889, '2011-04-29'),
	(199, 33, 32719941, 8, '', 180, 6, 111889, '2011-04-29'),
	(200, 34, 29376213, 8, '', 180, 6, 41294, '2011-04-29'),
	(201, 32, 50028590, 8, '', 180, 6, 61346, '2011-04-29'),
	(202, 30, 251280, 6, '', 180, 8, 25970, '2011-04-29'),
	(203, 26, 50028646, 8, '', 180, 6, 16690, '2011-04-29'),
	(204, 27, 29376264, 8, '', 180, 6, 31801, '2011-04-29'),
	(205, 29, 32778527, 8, '', 180, 6, 49652, '2011-04-29'),
	(206, 54, 32778527, 8, '', 180, 6, 49652, '2011-04-29'),
	(207, 51, 29376231, 8, '', 180, 6, 5840, '2011-04-29'),
	(208, 48, 29292037, 8, '', 180, 6, 29820, '2011-04-29'),
	(209, 47, 29292026, 8, '', 180, 6, 28540, '2011-04-29'),
	(210, 44, 29292023, 8, '', 180, 6, 6988, '2011-04-29'),
	(211, 49, 32735797, 8, '', 180, 6, 78100, '2011-04-29'),
	(212, 21, 32647524, 8, '', 180, 6, 62364, '2011-04-29'),
	(213, 36, 32996418, 8, '', 180, 6, 67492, '2011-04-29'),
	(214, 39, 32996418, 8, '', 180, 6, 67492, '2011-04-29'),
	(215, 38, 32735197, 8, '', 180, 6, 8733, '2011-04-29'),
	(216, 43, 29375625, 8, '', 180, 6, 39518, '2011-04-29'),
	(217, 42, 29446613, 8, '', 180, 6, 47190, '2011-04-29'),
	(218, 41, 29376263, 8, '', 180, 6, 20117, '2011-04-29'),
	(219, 52, 50121054, 8, '', 180, 6, 2672, '2011-04-29'),
	(220, 50, 50152351, 8, '', 180, 6, 5649, '2011-04-29'),
	(221, 4, 50156373, 8, '', 180, 6, 3793, '2011-04-29'),
	(222, 40, 50161280, 8, '', 180, 6, 2753, '2011-04-29'),
	(223, 35, 50158093, 8, '', 180, 6, 6298, '2011-04-29'),
	(224, 31, 557538, 6, '', 180, 8, 4373, '2011-04-29'),
	(225, 37, 580689, 6, '', 180, 8, 3851, '2011-04-29'),
	(226, 2, 568796, 6, '', 180, 8, 3275, '2011-04-29'),
	(227, 3, 568693, 6, '', 180, 8, 3330, '2011-04-29'),
	(228, 6, 50135314, 8, '', 180, 6, 2454, '2011-04-29'),
	(229, 17, 32414204, 8, '', 180, 6, 3850, '2011-04-29'),
	(230, 14, 32414204, 8, '', 180, 6, 3850, '2011-04-29'),
	(231, 46, 83543477, 8, '', 180, 6, 2500, '2011-04-29'),
	(232, 45, 83543477, 8, '', 180, 6, 2500, '2011-04-29'),
	(233, 9, 50028987, 8, '', 180, 6, 2218, '2011-05-28'),
	(234, 7, 29446699, 8, '', 180, 6, 36177, '2011-05-28'),
	(235, 13, 50089149, 8, '', 180, 6, 535, '2011-05-28'),
	(236, 20, 29376210, 8, '', 180, 6, 8548, '2011-05-28'),
	(237, 18, 32778874, 8, '', 180, 6, 58492, '2011-05-28'),
	(238, 19, 50050895, 8, '', 180, 6, 42757, '2011-05-28'),
	(239, 16, 50088638, 8, '', 180, 6, 24267, '2011-05-28'),
	(240, 11, 32687084, 8, '', 180, 6, 39989, '2011-05-28'),
	(241, 12, 32469776, 8, '', 180, 6, 63696, '2011-05-28'),
	(242, 23, 32719941, 8, '', 180, 6, 113126, '2011-05-28'),
	(243, 33, 32719941, 8, '', 180, 6, 113126, '2011-05-28'),
	(244, 34, 29376213, 8, '', 180, 6, 41887, '2011-05-28'),
	(245, 32, 50028590, 8, '', 180, 6, 61862, '2011-05-28'),
	(246, 30, 251280, 6, '', 180, 8, 26053, '2011-05-28'),
	(247, 26, 50028646, 8, '', 180, 6, 16867, '2011-05-28'),
	(248, 27, 29376264, 8, '', 180, 6, 32262, '2011-05-28'),
	(249, 29, 32778527, 8, '', 180, 6, 50081, '2011-05-28'),
	(250, 54, 32778527, 8, '', 180, 6, 50081, '2011-05-28'),
	(251, 51, 29376231, 8, '', 180, 6, 5876, '2011-05-28'),
	(252, 48, 29292037, 8, '', 180, 6, 30283, '2011-05-28'),
	(253, 47, 29292026, 8, '', 180, 6, 28939, '2011-05-28'),
	(254, 44, 29292023, 8, '', 180, 6, 7080, '2011-05-28'),
	(255, 49, 32735797, 8, '', 180, 6, 78806, '2011-05-28'),
	(256, 21, 32647524, 8, '', 180, 6, 62785, '2011-05-28'),
	(257, 36, 32996418, 8, '', 180, 6, 67772, '2011-05-28'),
	(258, 39, 32996418, 8, '', 180, 6, 67772, '2011-05-28'),
	(259, 38, 32735197, 8, '', 180, 6, 9315, '2011-05-28'),
	(260, 43, 29375625, 8, '', 180, 6, 40026, '2011-05-28'),
	(261, 42, 29446613, 8, '', 180, 6, 47780, '2011-05-28'),
	(262, 41, 29376263, 8, '', 180, 6, 20201, '2011-05-28'),
	(263, 52, 50121054, 8, '', 180, 6, 2712, '2011-05-28'),
	(264, 50, 50152351, 8, '', 180, 6, 5764, '2011-05-28'),
	(265, 4, 50156373, 8, '', 180, 6, 3931, '2011-05-28'),
	(266, 40, 50161280, 8, '', 180, 6, 2824, '2011-05-28'),
	(267, 35, 50158093, 8, '', 180, 6, 6453, '2011-05-28'),
	(268, 31, 557538, 6, '', 180, 8, 4524, '2011-05-28'),
	(269, 37, 580689, 6, '', 180, 8, 3977, '2011-05-28'),
	(270, 2, 568796, 6, '', 180, 8, 3375, '2011-05-28'),
	(271, 3, 568693, 6, '', 180, 8, 3470, '2011-05-28'),
	(272, 6, 50135314, 8, '', 180, 6, 2561, '2011-05-28'),
	(273, 17, 32414204, 8, '', 180, 6, 4060, '2011-05-28'),
	(274, 14, 32414204, 8, '', 180, 6, 4060, '2011-05-28'),
	(275, 46, 83543477, 8, '', 180, 6, 2778, '2011-05-28'),
	(276, 45, 83543477, 8, '', 180, 6, 2778, '2011-05-28'),
	(277, 2, 568796, 6, '', 180, 8, 6531, '2013-05-30'),
	(278, 3, 568693, 6, '', 180, 8, 5936, '2013-05-30'),
	(279, 4, 50156373, 8, '', 180, 6, 7311, '2013-05-30'),
	(280, 5, 56993, 5, '', 182, 8, 6726, '2013-05-30'),
	(281, 5, 56993, 5, '', 184, 8, 17649, '2013-05-30'),
	(282, 6, 50135314, 8, '', 180, 6, 5798, '2013-05-30'),
	(283, 7, 29446699, 8, '', 180, 6, 38999, '2013-05-30'),
	(284, 8, 52685418, 8, '', 180, 6, 2567, '2013-05-30'),
	(285, 9, 50028987, 8, '', 180, 6, 6035, '2013-05-30'),
	(286, 11, 32687084, 8, '', 180, 6, 48670, '2013-05-30'),
	(287, 12, 32469776, 8, '', 180, 6, 72375, '2013-05-30'),
	(288, 13, 50089149, 8, '', 180, 6, 5153, '2013-05-30'),
	(289, 14, 32414204, 8, '', 180, 6, 10778, '2013-05-30'),
	(290, 16, 50088638, 8, '', 180, 6, 30713, '2013-05-30'),
	(291, 17, 32414204, 8, '', 180, 6, 10778, '2013-05-30'),
	(292, 18, 32778874, 8, '', 180, 6, 69816, '2013-05-30'),
	(293, 19, 50050895, 8, '', 180, 6, 52385, '2013-05-30'),
	(294, 20, 29376210, 8, '', 180, 6, 11863, '2013-05-30'),
	(295, 21, 32647524, 8, '', 180, 6, 73626, '2013-05-30'),
	(296, 23, 32719941, 8, '', 180, 6, 127575, '2013-05-30'),
	(297, 26, 50028646, 8, '', 180, 6, 22135, '2013-05-30'),
	(298, 27, 29376264, 8, '', 180, 6, 45135, '2013-05-30'),
	(299, 29, 32778527, 8, '', 180, 6, 58627, '2013-05-30'),
	(300, 30, 251280, 6, '', 180, 8, 29611, '2013-05-30'),
	(301, 31, 557538, 6, '', 180, 8, 8892, '2013-05-30'),
	(302, 32, 50028590, 8, '', 180, 6, 67967, '2013-05-30'),
	(303, 33, 52685472, 8, '', 180, 6, 3240, '2013-05-30'),
	(304, 34, 29376213, 8, '', 180, 6, 45639, '2013-05-30'),
	(305, 35, 50158093, 8, '', 180, 6, 10855, '2013-05-30'),
	(306, 39, 32996418, 8, '', 180, 6, 74754, '2013-05-30'),
	(307, 36, 32996418, 8, '', 180, 6, 74754, '2013-05-30'),
	(308, 37, 580689, 6, '', 180, 8, 7787, '2013-05-30'),
	(309, 38, 32735197, 8, '', 180, 6, 25882, '2013-05-30'),
	(310, 40, 50161280, 8, '', 180, 6, 4880, '2013-05-30'),
	(311, 41, 29376263, 8, '', 180, 6, 23415, '2013-05-30'),
	(312, 42, 29446613, 8, '', 180, 6, 63973, '2013-05-30'),
	(313, 43, 29375625, 8, '', 180, 6, 53787, '2013-05-30'),
	(314, 44, 341236, 6, '', 180, 4, 1534, '2013-05-30'),
	(315, 45, 83543477, 8, '', 180, 6, 11144, '2013-05-30'),
	(316, 46, 83543477, 8, '', 180, 6, 11144, '2013-05-30'),
	(317, 47, 34237, 5, '', 180, 4, 6650, '2013-05-30'),
	(318, 48, 34231, 5, '', 180, 4, 7818, '2013-05-30'),
	(319, 49, 32735797, 8, '', 180, 6, 95068, '2013-05-30'),
	(320, 50, 50152351, 8, '', 180, 6, 8888, '2013-05-30'),
	(321, 51, 29376231, 8, '', 180, 6, 7231, '2013-05-30'),
	(322, 52, 50121054, 8, '', 180, 6, 4148, '2013-05-30'),
	(323, 54, 32778527, 8, '', 180, 6, 58627, '2013-05-30'),
	(324, 10, 264, 6, 'W', 180, 3, 572, '2013-05-30'),
	(325, 2, 568796, 6, '', 180, 8, 6651, '2013-06-30'),
	(326, 3, 568693, 6, '', 180, 8, 6046, '2013-06-30'),
	(327, 4, 50156373, 8, '', 180, 6, 7470, '2013-06-30'),
	(328, 5, 56993, 5, '', 182, 8, 6806, '2013-06-30'),
	(329, 5, 56993, 5, '', 184, 8, 17718, '2013-06-30'),
	(330, 6, 50135314, 8, '', 180, 6, 5930, '2013-06-30'),
	(331, 7, 29446699, 8, '', 180, 6, 39101, '2013-06-30'),
	(332, 8, 52685418, 8, '', 180, 6, 2695, '2013-06-30'),
	(333, 9, 50028987, 8, '', 180, 6, 6206, '2013-06-30'),
	(334, 11, 32687084, 8, '', 180, 6, 48879, '2013-06-30'),
	(335, 12, 32469776, 8, '', 180, 6, 72544, '2013-06-30'),
	(336, 13, 50089149, 8, '', 180, 6, 5350, '2013-06-30'),
	(337, 14, 32414204, 8, '', 180, 6, 11099, '2013-06-30'),
	(338, 16, 50088638, 8, '', 180, 6, 30814, '2013-06-30'),
	(339, 17, 32414204, 8, '', 180, 6, 11099, '2013-06-30'),
	(340, 18, 32778874, 8, '', 180, 6, 69969, '2013-06-30'),
	(341, 19, 50050895, 8, '', 180, 6, 52546, '2013-06-30'),
	(342, 20, 29376210, 8, '', 180, 6, 11863, '2013-06-30'),
	(343, 21, 32647524, 8, '', 180, 6, 73626, '2013-06-30'),
	(344, 23, 32719941, 8, '', 180, 6, 128146, '2013-06-30'),
	(345, 26, 50028646, 8, '', 180, 6, 22343, '2013-06-30'),
	(346, 27, 29376264, 8, '', 180, 6, 45685, '2013-06-30'),
	(347, 29, 32778527, 8, '', 180, 6, 58948, '2013-06-30'),
	(348, 30, 251280, 6, '', 180, 8, 29854, '2013-06-30'),
	(349, 31, 557538, 6, '', 180, 8, 9190, '2013-06-30'),
	(350, 32, 50028590, 8, '', 180, 6, 68223, '2013-06-30'),
	(351, 33, 52685472, 8, '', 180, 6, 3495, '2013-06-30'),
	(352, 34, 29376213, 8, '', 180, 6, 45905, '2013-06-30'),
	(353, 35, 50158093, 8, '', 180, 6, 11093, '2013-06-30'),
	(354, 39, 32996418, 8, '', 180, 6, 74994, '2013-06-30'),
	(355, 36, 32996418, 8, '', 180, 6, 74994, '2013-06-30'),
	(356, 37, 580689, 6, '', 180, 8, 7952, '2013-06-30'),
	(357, 38, 32735197, 8, '', 180, 6, 26481, '2013-06-30'),
	(358, 40, 50161280, 8, '', 180, 6, 4964, '2013-06-30'),
	(359, 41, 29376263, 8, '', 180, 6, 23547, '2013-06-30'),
	(360, 42, 29446613, 8, '', 180, 6, 64645, '2013-06-30'),
	(361, 43, 29375625, 8, '', 180, 6, 54355, '2013-06-30'),
	(362, 44, 341236, 6, '', 180, 4, 1623, '2013-06-30'),
	(363, 45, 83543477, 8, '', 180, 6, 11522, '2013-06-30'),
	(364, 46, 83543477, 8, '', 180, 6, 11522, '2013-06-30'),
	(365, 47, 34237, 5, '', 180, 4, 7137, '2013-06-30'),
	(366, 48, 34231, 5, '', 180, 4, 8386, '2013-06-30'),
	(367, 49, 32735797, 8, '', 180, 6, 95751, '2013-06-30'),
	(368, 50, 50152351, 8, '', 180, 6, 9027, '2013-06-30'),
	(369, 51, 29376231, 8, '', 180, 6, 7277, '2013-06-30'),
	(370, 52, 50121054, 8, '', 180, 6, 4192, '2013-06-30'),
	(371, 54, 32778527, 8, '', 180, 6, 58948, '2013-06-30'),
	(372, 10, 264, 6, 'W', 180, 3, 661, '2013-06-30'),
	(373, 2, 568796, 6, '', 180, 8, 8779, '2015-08-30'),
	(374, 3, 568693, 6, '', 180, 7, 9638, '2015-08-30'),
	(375, 4, 50156373, 8, '', 180, 6, 10766, '2015-08-30'),
	(376, 5, 56993, 5, '', 182, 8, 8463, '2015-08-30'),
	(377, 5, 56994, 5, '', 184, 8, 19063, '2015-08-30'),
	(378, 6, 50135314, 8, '', 180, 6, 9061, '2015-08-30'),
	(379, 7, 29446699, 8, '', 180, 6, 41730, '2015-08-30'),
	(380, 8, 52685418, 8, '', 180, 6, 5802, '2015-08-30'),
	(381, 9, 50028987, 8, '', 180, 6, 10039, '2015-08-30'),
	(382, 10, 264, 6, 'W', 180, 6, 3048, '2015-08-30'),
	(383, 11, 11669109, 8, '', 180, 8, 1544, '2015-08-30'),
	(384, 12, 32199561, 8, '', 180, 6, 3836, '2015-08-30'),
	(385, 13, 50089149, 8, '', 180, 6, 14418, '2015-08-30'),
	(386, 14, 11688670, 8, '', 180, 8, 1199, '2015-08-30'),
	(387, 15, 53119305, 8, '', 180, 6, 4825, '2015-08-30'),
	(388, 16, 50088638, 8, '', 180, 6, 35556, '2015-08-30'),
	(389, 17, 11688670, 8, '', 180, 8, 1199, '2015-08-30'),
	(390, 18, 32778874, 8, '', 180, 6, 76219, '2015-08-30'),
	(391, 19, 50050895, 8, '', 180, 6, 58831, '2015-08-30'),
	(392, 20, 29376210, 8, '', 180, 6, 17290, '2015-08-30'),
	(393, 21, 53117522, 8, '', 180, 6, 8679, '2015-08-30'),
	(394, 22, 53117426, 8, '', 180, 6, 5718, '2015-08-30'),
	(395, 23, 32719941, 8, '', 180, 6, 141673, '2015-08-30'),
	(396, 24, 100145, 6, '', 180, 8, 1064, '2015-08-30'),
	(397, 26, 50028646, 8, '', 180, 6, 27578, '2015-08-30'),
	(398, 27, 29376264, 8, '', 180, 6, 60377, '2015-08-30'),
	(399, 29, 32778527, 8, '', 180, 8, 461, '2015-08-30'),
	(400, 30, 251280, 6, '', 180, 8, 35726, '2015-08-30'),
	(401, 31, 557538, 6, '', 180, 8, 16341, '2015-08-30'),
	(402, 32, 50028590, 8, '', 180, 6, 75192, '2015-08-30'),
	(403, 33, 52685472, 8, '', 180, 6, 9508, '2015-08-30'),
	(404, 34, 29376213, 8, '', 180, 6, 52062, '2015-08-30'),
	(405, 35, 11669252, 8, '', 180, 8, 1183, '2015-08-30'),
	(406, 36, 11667994, 8, '', 180, 8, 1141, '2015-08-30'),
	(407, 37, 580689, 6, '', 180, 8, 11410, '2015-08-30'),
	(408, 38, 11667895, 8, '', 180, 8, 2661, '2015-08-30'),
	(409, 39, 11667994, 8, '', 180, 8, 1141, '2015-08-30'),
	(410, 40, 50161280, 8, '', 180, 6, 7025, '2015-08-30'),
	(411, 41, 32276933, 8, '', 180, 6, 1261, '2015-08-30'),
	(412, 42, 11671877, 8, '', 180, 8, 3154, '2015-08-30'),
	(413, 43, 32202631, 8, '', 180, 6, 6140, '2015-08-30'),
	(414, 44, 341236, 6, '', 180, 4, 3802, '2015-08-30'),
	(415, 45, 83543477, 8, '', 180, 8, 920, '2015-08-30'),
	(416, 46, 83543477, 8, '', 180, 8, 920, '2015-08-30'),
	(417, 47, 34237, 5, '', 180, 5, 18351, '2015-08-30'),
	(418, 48, 11675292, 8, '', 180, 8, 2286, '2015-08-30'),
	(419, 49, 32735797, 8, '', 180, 6, 112151, '2015-08-30'),
	(420, 50, 50152351, 8, '', 180, 6, 12186, '2015-08-30'),
	(421, 51, 29376231, 8, '', 180, 6, 8646, '2015-08-30'),
	(422, 52, 50121054, 8, '', 180, 6, 5314, '2015-08-30'),
	(423, 53, 32149396, 8, '', 180, 6, 712, '2015-08-30'),
	(424, 28, 82776, 5, '', 180, 8, 1566, '2015-08-30'),
	(425, 2, 568796, 6, '', 180, 8, 8883, '2015-09-30'),
	(426, 3, 568693, 6, '', 180, 8, 9751, '2015-09-30'),
	(427, 4, 50156373, 8, '', 180, 6, 10892, '2015-09-30'),
	(428, 5, 56993, 5, '', 182, 8, 8530, '2015-09-30'),
	(429, 5, 56994, 5, '', 184, 8, 19113, '2015-09-30'),
	(430, 6, 50135314, 8, '', 180, 6, 9175, '2015-09-30'),
	(431, 7, 29446699, 8, '', 180, 6, 41817, '2015-09-30'),
	(432, 8, 52685418, 8, '', 180, 6, 5916, '2015-09-30'),
	(433, 9, 50028987, 8, '', 180, 6, 10182, '2015-09-30'),
	(434, 10, 264, 6, 'W', 180, 6, 3145, '2015-09-30'),
	(435, 11, 11669109, 8, '', 180, 8, 1853, '2015-09-30'),
	(436, 12, 32199561, 8, '', 180, 6, 4165, '2015-09-30'),
	(437, 13, 50089149, 8, '', 180, 6, 14750, '2015-09-30'),
	(438, 14, 11688670, 8, '', 180, 8, 1447, '2015-09-30'),
	(439, 15, 53119305, 8, '', 180, 6, 5027, '2015-09-30'),
	(440, 16, 50088638, 8, '', 180, 6, 35744, '2015-09-30'),
	(441, 17, 11688670, 8, '', 180, 8, 1447, '2015-09-30'),
	(442, 18, 32778874, 8, '', 180, 6, 76461, '2015-09-30'),
	(443, 19, 50050895, 8, '', 180, 6, 59050, '2015-09-30'),
	(444, 20, 29376210, 8, '', 180, 6, 17503, '2015-09-30'),
	(445, 21, 53117522, 8, '', 180, 6, 9011, '2015-09-30'),
	(446, 22, 53117426, 8, '', 180, 6, 5938, '2015-09-30'),
	(447, 23, 32719941, 8, '', 180, 6, 142184, '2015-09-30'),
	(448, 24, 100145, 6, '', 180, 8, 1296, '2015-09-30'),
	(449, 26, 50028646, 8, '', 180, 6, 27760, '2015-09-30'),
	(450, 27, 29376264, 8, '', 180, 6, 61076, '2015-09-30'),
	(451, 29, 32778527, 8, '', 180, 7, 608, '2015-09-30'),
	(452, 30, 251280, 6, '', 180, 8, 35935, '2015-09-30'),
	(453, 31, 557538, 6, '', 180, 8, 16591, '2015-09-30'),
	(454, 32, 50028590, 8, '', 180, 6, 75457, '2015-09-30'),
	(455, 33, 52685472, 8, '', 180, 6, 9713, '2015-09-30'),
	(456, 34, 29376213, 8, '', 180, 6, 52276, '2015-09-30'),
	(457, 35, 11669252, 8, '', 180, 8, 1440, '2015-09-30'),
	(458, 36, 11667994, 8, '', 180, 8, 1385, '2015-09-30'),
	(459, 37, 580689, 6, '', 180, 8, 11535, '2015-09-30'),
	(460, 38, 11667895, 8, '', 180, 8, 3254, '2015-09-30'),
	(461, 39, 11667994, 8, '', 180, 8, 1385, '2015-09-30'),
	(462, 40, 50161280, 8, '', 180, 6, 7100, '2015-09-30'),
	(463, 41, 32276933, 8, '', 180, 6, 1363, '2015-09-30'),
	(464, 42, 11671877, 8, '', 180, 8, 3858, '2015-09-30'),
	(465, 43, 32202631, 8, '', 180, 6, 6660, '2015-09-30'),
	(466, 44, 341236, 6, '', 180, 4, 3899, '2015-09-30'),
	(467, 45, 83543477, 8, '', 180, 8, 1218, '2015-09-30'),
	(468, 46, 83543477, 8, '', 180, 8, 1218, '2015-09-30'),
	(469, 47, 34237, 5, '', 180, 5, 18816, '2015-09-30'),
	(470, 48, 11675292, 8, '', 180, 8, 2765, '2015-09-30'),
	(471, 49, 32735797, 8, '', 180, 6, 112788, '2015-09-30'),
	(472, 50, 50152351, 8, '', 180, 6, 12307, '2015-09-30'),
	(473, 51, 29376231, 8, '', 180, 6, 8693, '2015-09-30'),
	(474, 52, 50121054, 8, '', 180, 6, 5413, '2015-09-30'),
	(475, 53, 32149396, 8, '', 180, 6, 923, '2015-09-30'),
	(476, 28, 82776, 5, '', 180, 8, 2059, '2015-09-30'),
	(477, 2, 568796, 6, '', 180, 8, 11663, '2017-10-31'),
	(478, 3, 568693, 6, '', 180, 8, 12768, '2017-10-31'),
	(479, 4, 50156373, 8, '', 180, 6, 13815, '2017-10-31'),
	(480, 5, 1611742, 8, '', 180, 8, 2860, '2017-10-31'),
	(481, 6, 50135314, 8, '', 180, 6, 12727, '2017-10-31'),
	(482, 7, 29446699, 8, '', 180, 6, 44433, '2017-10-31'),
	(483, 8, 32558090, 8, '', 180, 6, 2172, '2017-10-31'),
	(484, 9, 50028987, 8, '', 180, 6, 14995, '2017-10-31'),
	(485, 10, 264, 6, 'W', 180, 6, 5053, '2017-10-31'),
	(486, 11, 11669109, 8, '', 180, 8, 10475, '2017-10-31'),
	(487, 12, 32199561, 8, '', 180, 6, 13366, '2017-10-31'),
	(488, 13, 50089149, 8, '', 180, 6, 23553, '2017-10-31'),
	(489, 14, 11688670, 8, '', 180, 8, 8424, '2017-10-31'),
	(490, 15, 32245598, 8, '', 180, 6, 3558, '2017-10-31'),
	(491, 16, 50088638, 8, '', 180, 6, 40723, '2017-10-31'),
	(492, 17, 11688670, 8, '', 180, 8, 8424, '2017-10-31'),
	(493, 18, 32778874, 8, '', 180, 6, 82928, '2017-10-31'),
	(494, 19, 50050895, 8, '', 180, 6, 65103, '2017-10-31'),
	(495, 20, 29376210, 8, '', 180, 6, 23178, '2017-10-31'),
	(496, 21, 32295119, 8, '', 180, 6, 5945, '2017-10-31'),
	(497, 22, 32248826, 8, '', 180, 6, 3864, '2017-10-31'),
	(498, 23, 32719941, 8, '', 180, 6, 156356, '2017-10-31'),
	(499, 24, 100145, 6, '', 180, 8, 7412, '2017-10-31'),
	(500, 26, 50028646, 8, '', 180, 6, 31488, '2017-10-31'),
	(501, 27, 29376264, 8, '', 180, 6, 73734, '2017-10-31'),
	(502, 29, 91005292, 8, '', 180, 8, 1752, '2017-10-31'),
	(503, 29, 50086615, 8, '', 180, 6, 2696, '2017-10-31'),
	(504, 30, 251280, 6, '', 180, 8, 550, '2017-10-31'),
	(505, 31, 557538, 6, '', 180, 8, 23742, '2017-10-31'),
	(506, 32, 50028590, 8, '', 180, 6, 82823, '2017-10-31'),
	(507, 33, 33165911, 8, '', 180, 6, 3669, '2017-10-31'),
	(508, 34, 29376213, 8, '', 180, 6, 57829, '2017-10-31'),
	(509, 35, 11669252, 8, '', 180, 8, 8364, '2017-10-31'),
	(510, 36, 11667994, 8, '', 180, 8, 8327, '2017-10-31'),
	(511, 37, 580689, 6, '', 180, 8, 14686, '2017-10-31'),
	(512, 38, 11667895, 8, '', 180, 8, 18770, '2017-10-31'),
	(513, 39, 11667994, 8, '', 180, 8, 8327, '2017-10-31'),
	(514, 40, 50161280, 8, '', 180, 6, 9388, '2017-10-31'),
	(515, 41, 32276933, 8, '', 180, 6, 4115, '2017-10-31'),
	(516, 42, 11671877, 8, '', 180, 8, 22283, '2017-10-31'),
	(517, 43, 32202631, 8, '', 180, 6, 13065, '2017-10-31'),
	(518, 44, 341236, 6, '', 180, 4, 6243, '2017-10-31'),
	(519, 45, 11400194, 8, '', 180, 8, 5823, '2017-10-31'),
	(520, 46, 11400194, 8, '', 180, 8, 5823, '2017-10-31'),
	(521, 47, 34237, 5, '', 180, 5, 29223, '2017-10-31'),
	(522, 48, 11675292, 8, '', 180, 8, 18864, '2017-10-31'),
	(523, 49, 32735797, 8, '', 180, 6, 132724, '2017-10-31'),
	(524, 50, 50152351, 8, '', 180, 6, 15546, '2017-10-31'),
	(525, 51, 29376231, 8, '', 180, 6, 10144, '2017-10-31'),
	(526, 52, 50121054, 8, '', 180, 6, 8122, '2017-10-31'),
	(527, 53, 32149396, 8, '', 180, 6, 6509, '2017-10-31'),
	(528, 28, 82776, 5, '', 180, 8, 14676, '2017-10-31'),
	(529, 2, 568796, 6, '', 180, 8, 11774, '2017-11-30'),
	(530, 3, 568693, 6, '', 180, 8, 12887, '2017-11-30'),
	(531, 4, 50156373, 8, '', 180, 6, 13904, '2017-11-30'),
	(532, 5, 1611742, 8, '', 180, 8, 2974, '2017-11-30'),
	(533, 6, 50135314, 8, '', 180, 6, 12864, '2017-11-30'),
	(534, 7, 29446699, 8, '', 180, 6, 44532, '2017-11-30'),
	(535, 8, 32558090, 8, '', 180, 6, 2307, '2017-11-30'),
	(536, 9, 50028987, 8, '', 180, 6, 15182, '2017-11-30'),
	(537, 10, 264, 6, 'W', 180, 6, 5100, '2017-11-30'),
	(538, 11, 11669109, 8, '', 180, 8, 10758, '2017-11-30'),
	(539, 12, 32199561, 8, '', 180, 6, 13740, '2017-11-30'),
	(540, 13, 50089149, 8, '', 180, 6, 23846, '2017-11-30'),
	(541, 14, 11688670, 8, '', 180, 8, 8689, '2017-11-30'),
	(542, 15, 32245598, 8, '', 180, 6, 3775, '2017-11-30'),
	(543, 16, 50088638, 8, '', 180, 6, 40906, '2017-11-30'),
	(544, 17, 11688670, 8, '', 180, 8, 8689, '2017-11-30'),
	(545, 18, 32778874, 8, '', 180, 6, 83187, '2017-11-30'),
	(546, 19, 50050895, 8, '', 180, 6, 65325, '2017-11-30'),
	(547, 20, 29376210, 8, '', 180, 6, 23380, '2017-11-30'),
	(548, 21, 32295119, 8, '', 180, 6, 6274, '2017-11-30'),
	(549, 22, 32248826, 8, '', 180, 6, 4077, '2017-11-30'),
	(550, 23, 32719941, 8, '', 180, 6, 156933, '2017-11-30'),
	(551, 24, 100145, 6, '', 180, 8, 7625, '2017-11-30'),
	(552, 26, 50028646, 8, '', 180, 6, 31560, '2017-11-30'),
	(553, 27, 29376264, 8, '', 180, 6, 73939, '2017-11-30'),
	(554, 29, 91005292, 8, '', 180, 8, 1910, '2017-11-30'),
	(555, 29, 50086615, 8, '', 180, 6, 2861, '2017-11-30'),
	(556, 30, 251280, 6, '', 180, 8, 749, '2017-11-30'),
	(557, 31, 557538, 6, '', 180, 8, 24012, '2017-11-30'),
	(558, 32, 50028590, 8, '', 180, 6, 83119, '2017-11-30'),
	(559, 33, 33165911, 8, '', 180, 6, 3865, '2017-11-30'),
	(560, 34, 29376213, 8, '', 180, 6, 58022, '2017-11-30'),
	(561, 35, 11669252, 8, '', 180, 8, 8640, '2017-11-30'),
	(562, 36, 11667994, 8, '', 180, 8, 8611, '2017-11-30'),
	(563, 37, 580689, 6, '', 180, 8, 14809, '2017-11-30'),
	(564, 38, 11667895, 8, '', 180, 8, 19395, '2017-11-30'),
	(565, 39, 11667994, 8, '', 180, 8, 8611, '2017-11-30'),
	(566, 40, 50161280, 8, '', 180, 6, 9508, '2017-11-30'),
	(567, 41, 32276933, 8, '', 180, 6, 4225, '2017-11-30'),
	(568, 42, 11671877, 8, '', 180, 7, 23006, '2017-11-30'),
	(569, 43, 32202631, 8, '', 180, 6, 13181, '2017-11-30'),
	(570, 44, 341236, 6, '', 180, 4, 6298, '2017-11-30'),
	(571, 45, 11400194, 8, '', 180, 8, 6098, '2017-11-30'),
	(572, 46, 11400194, 8, '', 180, 8, 6098, '2017-11-30'),
	(573, 47, 34237, 5, '', 180, 5, 29363, '2017-11-30'),
	(574, 48, 11675292, 8, '', 180, 8, 19651, '2017-11-30'),
	(575, 49, 32735797, 8, '', 180, 6, 133581, '2017-11-30'),
	(576, 50, 50152351, 8, '', 180, 6, 15675, '2017-11-30'),
	(577, 51, 29376231, 8, '', 180, 6, 10202, '2017-11-30'),
	(578, 52, 50121054, 8, '', 180, 6, 8226, '2017-11-30'),
	(579, 53, 32149396, 8, '', 180, 6, 6704, '2017-11-30'),
	(580, 28, 82776, 5, '', 180, 8, 15129, '2017-11-30'),
	(581, 1, 5301873827, 10, '', 180, 8, 2669, '2019-12-31'),
	(582, 2, 568796, 6, '', 180, 8, 14581, '2019-12-31'),
	(583, 3, 568693, 6, '', 180, 8, 16117, '2019-12-31'),
	(584, 4, 4109420729, 10, '', 180, 9, 2243, '2019-12-31'),
	(585, 5, 1611742, 7, '', 180, 9, 6172, '2019-12-31'),
	(586, 6, 50135314, 8, '', 180, 6, 17440, '2019-12-31'),
	(587, 7, 29446699, 8, '', 180, 6, 47014, '2019-12-31'),
	(588, 8, 4109420527, 10, '', 180, 9, 2415, '2019-12-31'),
	(589, 9, 50028987, 8, '', 180, 6, 20346, '2019-12-31'),
	(590, 10, 91002891, 8, '', 180, 8, 3581, '2019-12-31'),
	(591, 11, 11669109, 8, '', 180, 8, 19724, '2019-12-31'),
	(592, 12, 32199561, 8, '', 180, 6, 23220, '2019-12-31'),
	(593, 13, 4109420280, 10, '', 180, 9, 6913, '2019-12-31'),
	(594, 14, 11688670, 8, '', 180, 8, 15441, '2019-12-31'),
	(595, 15, 4109420145, 10, '', 180, 9, 3955, '2019-12-31'),
	(596, 16, 50088638, 8, '', 180, 6, 45772, '2019-12-31'),
	(597, 17, 11688670, 8, '', 180, 8, 15441, '2019-12-31'),
	(598, 18, 5110224320, 10, '', 180, 9, 159, '2019-12-31'),
	(599, 19, 4109420471, 10, '', 180, 9, 4331, '2019-12-31'),
	(600, 20, 4109420325, 10, '', 180, 9, 4216, '2019-12-31'),
	(601, 21, 32295119, 8, '', 180, 6, 15274, '2019-12-31'),
	(602, 22, 32248826, 8, '', 180, 6, 9794, '2019-12-31'),
	(603, 23, 5110914629, 10, '', 180, 8, 735, '2019-12-31'),
	(604, 24, 5110833045, 10, '', 180, 9, 345, '2019-12-31'),
	(605, 26, 50028646, 8, '', 180, 6, 33462, '2019-12-31'),
	(606, 27, 29376264, 8, '', 180, 6, 79344, '2019-12-31'),
	(607, 28, 4114492386, 10, '', 180, 9, 8797, '2019-12-31'),
	(608, 29, 50086615, 8, '', 180, 6, 6971, '2019-12-31'),
	(609, 29, 91005292, 8, '', 180, 8, 5948, '2019-12-31'),
	(610, 30, 251280, 6, '', 180, 8, 6287, '2019-12-31'),
	(611, 31, 4114492229, 10, '', 180, 9, 5144, '2019-12-31'),
	(612, 32, 50028590, 8, '', 180, 6, 90495, '2019-12-31'),
	(613, 33, 33165911, 8, '', 180, 6, 9371, '2019-12-31'),
	(614, 34, 29376213, 8, '', 180, 6, 63549, '2019-12-31'),
	(615, 35, 11669252, 8, '', 180, 8, 15646, '2019-12-31'),
	(616, 36, 11667994, 8, '', 180, 8, 15075, '2019-12-31'),
	(617, 37, 580689, 6, '', 180, 8, 17949, '2019-12-31'),
	(618, 38, 11667895, 8, '', 180, 8, 26391, '2019-12-31'),
	(619, 39, 11667994, 8, '', 180, 8, 15075, '2019-12-31'),
	(620, 40, 50161280, 8, '', 180, 6, 11665, '2019-12-31'),
	(621, 41, 32276933, 8, '', 180, 6, 6965, '2019-12-31'),
	(622, 42, 11671877, 8, '', 180, 8, 41131, '2019-12-31'),
	(623, 43, 32202631, 8, '', 180, 6, 16137, '2019-12-31'),
	(624, 44, 341236, 6, '', 180, 4, 7713, '2019-12-31'),
	(625, 45, 11400194, 8, '', 180, 8, 13324, '2019-12-31'),
	(626, 46, 11400194, 8, '', 180, 8, 13324, '2019-12-31'),
	(627, 47, 34237, 5, '', 180, 5, 32878, '2019-12-31'),
	(628, 48, 11675292, 8, '', 180, 8, 28083, '2019-12-31'),
	(629, 49, 4114492173, 10, '', 180, 9, 4578, '2019-12-31'),
	(630, 50, 41144920227, 11, '', 180, 9, 2359, '2019-12-31'),
	(631, 51, 4109420886, 10, '', 180, 8, 986, '2019-12-31'),
	(632, 52, 50121054, 8, '', 180, 6, 10920, '2019-12-31'),
	(633, 53, 32149396, 8, '', 180, 6, 12144, '2019-12-31'),
	(634, 1, 5301873827, 10, '', 180, 8, 4010, '2020-01-31'),
	(635, 2, 568796, 6, '', 180, 8, 14692, '2020-01-31'),
	(636, 3, 568693, 6, '', 180, 8, 16242, '2020-01-31'),
	(637, 4, 4109420729, 10, '', 180, 9, 2328, '2020-01-31'),
	(638, 5, 1611742, 7, '', 180, 9, 6266, '2020-01-31'),
	(639, 6, 50135314, 8, '', 180, 6, 17765, '2020-01-31'),
	(640, 7, 29446699, 8, '', 180, 6, 47104, '2020-01-31'),
	(641, 8, 4109420527, 10, '', 180, 9, 2540, '2020-01-31'),
	(642, 9, 50028987, 8, '', 180, 6, 20544, '2020-01-31'),
	(643, 10, 91002891, 8, '', 180, 8, 3698, '2020-01-31'),
	(644, 11, 11669109, 8, '', 180, 8, 20040, '2020-01-31'),
	(645, 12, 32199561, 8, '', 180, 6, 23590, '2020-01-31'),
	(646, 13, 4109420280, 10, '', 180, 9, 7246, '2020-01-31'),
	(647, 14, 11688670, 8, '', 180, 8, 15711, '2020-01-31'),
	(648, 15, 4109420145, 10, '', 180, 9, 4172, '2020-01-31'),
	(649, 16, 50088638, 8, '', 180, 6, 45954, '2020-01-31'),
	(650, 17, 11688670, 8, '', 180, 8, 15711, '2020-01-31'),
	(651, 18, 5110224320, 10, '', 180, 9, 408, '2020-01-31'),
	(652, 19, 4109420471, 10, '', 180, 9, 4542, '2020-01-31'),
	(653, 20, 4109420325, 10, '', 180, 9, 4419, '2020-01-31'),
	(654, 21, 32295119, 8, '', 180, 6, 15592, '2020-01-31'),
	(655, 22, 32248826, 8, '', 180, 6, 9991, '2020-01-31'),
	(656, 23, 5110914629, 10, '', 180, 8, 950, '2020-01-31'),
	(657, 24, 5110833045, 10, '', 180, 8, 558, '2020-01-31'),
	(658, 26, 50028646, 8, '', 180, 6, 33535, '2020-01-31'),
	(659, 27, 29376264, 8, '', 180, 6, 79551, '2020-01-31'),
	(660, 28, 4114492386, 10, '', 180, 9, 9243, '2020-01-31'),
	(661, 29, 50086615, 8, '', 180, 6, 7136, '2020-01-31'),
	(662, 29, 91005292, 8, '', 180, 8, 6128, '2020-01-31'),
	(663, 30, 251280, 6, '', 180, 8, 6478, '2020-01-31'),
	(664, 31, 4114492229, 10, '', 180, 9, 5405, '2020-01-31'),
	(665, 32, 50028590, 8, '', 180, 6, 90781, '2020-01-31'),
	(666, 33, 33165911, 8, '', 180, 6, 9523, '2020-01-31'),
	(667, 34, 29376213, 8, '', 180, 6, 63730, '2020-01-31'),
	(668, 35, 11669252, 8, '', 180, 8, 15922, '2020-01-31'),
	(669, 36, 11667994, 8, '', 180, 8, 15319, '2020-01-31'),
	(670, 37, 580689, 6, '', 180, 8, 18074, '2020-01-31'),
	(671, 38, 11667895, 8, '', 180, 8, 26526, '2020-01-31'),
	(672, 39, 11667994, 8, '', 180, 8, 15319, '2020-01-31'),
	(673, 40, 50161280, 8, '', 180, 6, 11737, '2020-01-31'),
	(674, 41, 32276933, 8, '', 180, 6, 7093, '2020-01-31'),
	(675, 42, 11671877, 8, '', 180, 8, 41848, '2020-01-31'),
	(676, 43, 32202631, 8, '', 180, 6, 16251, '2020-01-31'),
	(677, 44, 341236, 6, '', 180, 4, 7767, '2020-01-31'),
	(678, 45, 11400194, 8, '', 180, 8, 13609, '2020-01-31'),
	(679, 46, 11400194, 8, '', 180, 8, 13609, '2020-01-31'),
	(680, 47, 34237, 5, '', 180, 5, 33015, '2020-01-31'),
	(681, 48, 11675292, 8, '', 180, 8, 28253, '2020-01-31'),
	(682, 49, 4114492173, 10, '', 180, 9, 4826, '2020-01-31'),
	(683, 50, 41144920227, 11, '', 180, 9, 2484, '2020-01-31'),
	(684, 51, 4109420886, 10, '', 180, 8, 1040, '2020-01-31'),
	(685, 52, 50121054, 8, '', 180, 6, 11021, '2020-01-31'),
	(686, 53, 32149396, 8, '', 180, 6, 12331, '2020-01-31'),
	(687, 7, 29446699, 8, '', 180, 6, 49450, '2022-02-26'),
	(688, 9, 50028987, 8, '', 180, 6, 25142, '2022-02-26'),
	(689, 22, 6100599167, 10, '', 180, 9, 833, '2022-02-26'),
	(690, 26, 6104043480, 10, '', 180, 9, 266, '2022-02-26'),
	(691, 27, 29376264, 8, '', 180, 6, 84432, '2022-02-26'),
	(692, 29, 50086615, 8, '', 180, 6, 11365, '2022-02-26'),
	(693, 32, 50028590, 8, '', 180, 6, 97723, '2022-02-26'),
	(694, 33, 33165911, 9, '', 180, 6, 15018, '2022-02-26'),
	(695, 34, 29376213, 8, '', 180, 6, 68903, '2022-02-26'),
	(696, 40, 50161280, 8, '', 180, 6, 15207, '2022-02-27'),
	(697, 41, 32276933, 8, '', 180, 6, 13830, '2022-02-26'),
	(698, 43, 32202631, 8, '', 180, 6, 19675, '2022-02-26'),
	(699, 7, 29446699, 8, '', 180, 6, 49550, '2022-03-31'),
	(700, 9, 50028987, 8, '', 180, 6, 25318, '2022-03-31'),
	(701, 22, 6100599167, 10, '', 180, 9, 1087, '2022-03-31'),
	(702, 26, 6104043480, 10, '', 180, 9, 337, '2022-03-31'),
	(703, 27, 29376264, 8, '', 180, 5, 8646, '2022-03-31'),
	(704, 29, 50086615, 8, '', 180, 6, 11557, '2022-03-31'),
	(705, 32, 50028590, 8, '', 180, 6, 98027, '2022-03-31'),
	(706, 33, 33165911, 9, '', 180, 6, 15230, '2022-03-31'),
	(707, 34, 29376213, 8, '', 180, 6, 69112, '2022-03-31'),
	(708, 40, 50161280, 8, '', 180, 6, 15399, '2022-03-31'),
	(709, 41, 32276933, 8, '', 180, 6, 14179, '2022-03-31'),
	(710, 43, 32202631, 8, '', 180, 6, 19723, '2022-03-31');

-- Dumping structure for table pk_luks_data.object
CREATE TABLE IF NOT EXISTS `object` (
  `id` int unsigned NOT NULL AUTO_INCREMENT COMMENT 'objekta id',
  `name` varchar(75) CHARACTER SET utf8mb4 COLLATE utf8mb4_unicode_ci DEFAULT NULL COMMENT 'objekta nosaukums',
  PRIMARY KEY (`id`)
) ENGINE=InnoDB AUTO_INCREMENT=55 DEFAULT CHARSET=utf8mb4 COLLATE=utf8mb4_unicode_ci COMMENT='objektu nosaukumi';

-- Dumping data for table pk_luks_data.object: ~53 rows (approximately)
INSERT INTO `object` (`id`, `name`) VALUES
	(1, 'Atmodas-Asteru'),
	(2, 'Brīvības-Garozas'),
	(3, 'Brīvības-Lāčplēša'),
	(4, 'Dobeles-4. līnija'),
	(5, 'Dobeles-5. līnija'),
	(6, 'Dobeles-Atmodas'),
	(7, 'Dobeles-Brieža'),
	(8, 'Dobeles-Pasta-Blaumaņa'),
	(9, 'Dobeles-Satiksmes-Aspazijas'),
	(10, 'Dobeles-Uzvaras'),
	(11, 'Lielā-Akadēmijas-Uzvaras'),
	(12, 'Lielā-Čakstes'),
	(13, 'Lielā-Dambja-Barona'),
	(14, 'Lielā-IKI'),
	(15, 'Lielā-Kalpaka'),
	(16, 'Lielā-Katoļu'),
	(17, 'Lielā-Māras-Dobeles'),
	(18, 'Lielā-Mātera'),
	(19, 'Lielā-Pasta'),
	(20, 'Lielā-Pētera-Barona'),
	(21, 'Lietuvas-Miera-Platones'),
	(22, 'Lietuvas-Savienības'),
	(23, 'Mātera-Svētes'),
	(24, 'Mātera-Zirgu'),
	(26, 'Pasta-Driksas'),
	(27, 'Pasta-Edžus'),
	(28, 'Pasta-Sporta-Zirgu'),
	(29, 'Pasta-Stacijas'),
	(30, 'Raiņa-Akadēmijas'),
	(31, 'Raiņa-Kalpaka'),
	(32, 'Raiņa-Katoļu'),
	(33, 'Raiņa-Mātera'),
	(34, 'Raiņa-Pasta'),
	(35, 'Raiņa-Tērvetes-Sarmas-Filozofu'),
	(36, 'Rīgas-Brīvības'),
	(37, 'Rīgas-Institūta-Lāčplēša'),
	(38, 'Rīgas-Izstādes'),
	(39, 'Rīgas-Kalnciema-Garozas'),
	(40, 'Rīgas-Keramika'),
	(41, 'Rīgas-Loka'),
	(42, 'Rīgas-Pērnavas-Pumpura'),
	(43, 'Rīgas-Strazdu'),
	(44, 'Rūpniecības'),
	(45, 'Rūpniecības-Dambja-Atmodas'),
	(46, 'Rūpniecības-Filozofu'),
	(47, 'Rūpniecības-Kalpaka-Dzelzceļnieku'),
	(48, 'Rūpniecības-Mātera'),
	(49, 'Rūpniecības-Tērvetes'),
	(50, 'Satiksmes-Meiju-Zvejnieku'),
	(51, 'Uzvaras-Barona'),
	(52, 'Zemgales-Jāņa-Palīdzības'),
	(53, 'Zemgales-Sporta'),
	(54, 'Zemgales-Stacijas');

-- Dumping structure for table pk_luks_data.skaititajs
CREATE TABLE IF NOT EXISTS `skaititajs` (
  `id` int unsigned NOT NULL AUTO_INCREMENT,
  `obj_id` int unsigned NOT NULL,
  `num` decimal(14,0) NOT NULL,
  `gar` decimal(2,0) unsigned NOT NULL DEFAULT '0',
  `burts` char(1) CHARACTER SET utf8mb4 COLLATE utf8mb4_unicode_ci NOT NULL DEFAULT '',
  `zimes` decimal(2,0) NOT NULL,
  PRIMARY KEY (`id`)
) ENGINE=InnoDB AUTO_INCREMENT=711 DEFAULT CHARSET=utf8mb4 COLLATE=utf8mb4_unicode_ci;

-- Dumping data for table pk_luks_data.skaititajs: ~710 rows (approximately)
INSERT INTO `skaititajs` (`id`, `obj_id`, `num`, `gar`, `burts`, `zimes`) VALUES
	(1, 13, 4224014, 7, '', 4),
	(2, 18, 32778874, 8, '', 6),
	(3, 19, 50050895, 8, '', 6),
	(4, 16, 50088638, 8, '', 6),
	(5, 11, 32687084, 8, '', 6),
	(6, 12, 32469776, 8, '', 6),
	(7, 23, 32719941, 8, '', 6),
	(8, 33, 32719941, 8, '', 6),
	(9, 34, 29376213, 8, '', 6),
	(10, 32, 50028590, 8, '', 6),
	(11, 30, 251280, 6, '', 8),
	(12, 26, 50028646, 8, '', 6),
	(13, 27, 29376264, 8, '', 6),
	(14, 29, 32778527, 8, '', 6),
	(15, 54, 32778527, 8, '', 6),
	(16, 51, 29376231, 8, '', 6),
	(17, 48, 29292037, 8, '', 6),
	(18, 47, 29292026, 8, '', 6),
	(19, 44, 29292023, 8, '', 6),
	(20, 49, 32735797, 8, '', 6),
	(21, 21, 32647524, 8, '', 6),
	(22, 36, 32996418, 8, '', 6),
	(23, 39, 32996418, 8, '', 6),
	(24, 38, 32735197, 8, '', 6),
	(25, 43, 29375625, 8, '', 6),
	(26, 42, 29446613, 8, '', 6),
	(27, 41, 29376263, 8, '', 6),
	(28, 52, 50121054, 8, '', 6),
	(29, 50, 50152351, 8, '', 6),
	(30, 4, 50156373, 8, '', 6),
	(31, 40, 50161280, 8, '', 6),
	(32, 35, 50158093, 8, '', 6),
	(33, 31, 557538, 6, '', 8),
	(34, 37, 580689, 6, '', 8),
	(35, 2, 568796, 6, '', 8),
	(36, 3, 568693, 6, '', 8),
	(37, 6, 50135314, 8, '', 6),
	(38, 17, 32414204, 8, '', 6),
	(39, 14, 32414204, 8, '', 6),
	(40, 46, 83543477, 8, '', 6),
	(41, 45, 83543477, 8, '', 6),
	(42, 9, 50028987, 8, '', 6),
	(43, 7, 29446699, 8, '', 6),
	(44, 13, 50089149, 8, '', 6),
	(45, 20, 29376210, 8, '', 6),
	(46, 18, 32778874, 8, '', 6),
	(47, 7, 10498, 7, '', 5),
	(48, 19, 50050895, 8, '', 6),
	(49, 16, 50088638, 8, '', 6),
	(50, 11, 32687084, 8, '', 6),
	(51, 12, 32469776, 8, '', 6),
	(52, 23, 32719941, 8, '', 6),
	(53, 33, 32719941, 8, '', 6),
	(54, 34, 29376213, 8, '', 6),
	(55, 32, 50028590, 8, '', 6),
	(56, 30, 251280, 6, '', 8),
	(57, 26, 50028646, 8, '', 6),
	(58, 27, 29376264, 8, '', 6),
	(59, 29, 32778527, 8, '', 6),
	(60, 54, 32778527, 8, '', 6),
	(61, 51, 29376231, 8, '', 6),
	(62, 48, 29292037, 8, '', 6),
	(63, 47, 29292026, 8, '', 6),
	(64, 44, 29292023, 8, '', 6),
	(65, 49, 32735797, 8, '', 6),
	(66, 21, 32647524, 8, '', 6),
	(67, 36, 32996418, 8, '', 6),
	(68, 39, 32996418, 8, '', 6),
	(69, 38, 32735197, 8, '', 6),
	(70, 43, 29375625, 8, '', 6),
	(71, 42, 29446613, 8, '', 6),
	(72, 41, 29376263, 8, '', 6),
	(73, 52, 50121054, 8, '', 6),
	(74, 50, 50152351, 8, '', 6),
	(75, 4, 50156373, 8, '', 6),
	(76, 40, 50161280, 8, '', 6),
	(77, 35, 50158093, 8, '', 6),
	(78, 31, 557538, 6, '', 8),
	(79, 37, 580689, 6, '', 8),
	(80, 2, 568796, 6, '', 8),
	(81, 3, 568693, 6, '', 8),
	(82, 6, 50135314, 8, '', 6),
	(83, 17, 32414204, 8, '', 6),
	(84, 14, 32414204, 8, '', 6),
	(85, 46, 83543477, 8, '', 6),
	(86, 45, 83543477, 8, '', 6),
	(87, 2, 568796, 6, '', 8),
	(88, 3, 568693, 6, '', 8),
	(89, 4, 50156373, 8, '', 6),
	(90, 5, 56993, 5, '', 8),
	(91, 5, 56993, 5, '', 8),
	(92, 6, 50135314, 8, '', 6),
	(93, 7, 29446699, 8, '', 6),
	(94, 8, 52685418, 8, '', 6),
	(95, 9, 50028987, 8, '', 6),
	(96, 11, 32687084, 8, '', 6),
	(97, 12, 32469776, 8, '', 6),
	(98, 13, 50089149, 8, '', 6),
	(99, 14, 32414204, 8, '', 6),
	(100, 16, 50088638, 8, '', 6),
	(101, 17, 32414204, 8, '', 6),
	(102, 18, 32778874, 8, '', 6),
	(103, 19, 50050895, 8, '', 6),
	(104, 20, 29376210, 8, '', 6),
	(105, 21, 32647524, 8, '', 6),
	(106, 23, 32719941, 8, '', 6),
	(107, 26, 50028646, 8, '', 6),
	(108, 27, 29376264, 8, '', 6),
	(109, 29, 32778527, 8, '', 6),
	(110, 30, 251280, 6, '', 8),
	(111, 31, 557538, 6, '', 8),
	(112, 32, 50028590, 8, '', 6),
	(113, 33, 52685472, 8, '', 6),
	(114, 34, 29376213, 8, '', 6),
	(115, 35, 50158093, 8, '', 6),
	(116, 39, 32996418, 8, '', 6),
	(117, 36, 32996418, 8, '', 6),
	(118, 37, 580689, 6, '', 8),
	(119, 38, 32735197, 8, '', 6),
	(120, 40, 50161280, 8, '', 6),
	(121, 41, 29376263, 8, '', 6),
	(122, 42, 29446613, 8, '', 6),
	(123, 43, 29375625, 8, '', 6),
	(124, 44, 341236, 6, '', 4),
	(125, 45, 83543477, 8, '', 6),
	(126, 46, 83543477, 8, '', 6),
	(127, 47, 34237, 5, '', 4),
	(128, 48, 34231, 5, '', 4),
	(129, 49, 32735797, 8, '', 6),
	(130, 50, 50152351, 8, '', 6),
	(131, 51, 29376231, 8, '', 6),
	(132, 52, 50121054, 8, '', 6),
	(133, 54, 32778527, 8, '', 6),
	(134, 10, 264, 6, 'W', 3),
	(135, 2, 568796, 6, '', 8),
	(136, 3, 568693, 6, '', 8),
	(137, 4, 50156373, 8, '', 6),
	(138, 5, 56993, 5, '', 8),
	(139, 5, 56993, 5, '', 8),
	(140, 6, 50135314, 8, '', 6),
	(141, 7, 29446699, 8, '', 6),
	(142, 11, 32687084, 8, '', 6),
	(143, 12, 32469776, 8, '', 6),
	(144, 18, 32778874, 8, '', 6),
	(145, 8, 52685418, 8, '', 6),
	(146, 9, 50028987, 8, '', 6),
	(147, 11, 32687084, 8, '', 6),
	(148, 12, 32469776, 8, '', 6),
	(149, 13, 50089149, 8, '', 6),
	(150, 14, 32414204, 8, '', 6),
	(151, 16, 50088638, 8, '', 6),
	(152, 17, 32414204, 8, '', 6),
	(153, 18, 32778874, 8, '', 6),
	(154, 19, 50050895, 8, '', 6),
	(155, 20, 29376210, 8, '', 6),
	(156, 21, 32647524, 8, '', 6),
	(157, 23, 32719941, 8, '', 6),
	(158, 26, 50028646, 8, '', 6),
	(159, 27, 29376264, 8, '', 6),
	(160, 29, 32778527, 8, '', 6),
	(161, 30, 251280, 6, '', 8),
	(162, 19, 50050895, 8, '', 6),
	(163, 20, 110081, 7, '', 5),
	(164, 32, 50028590, 8, '', 6),
	(165, 34, 97125, 7, '', 5),
	(166, 31, 557538, 6, '', 8),
	(167, 32, 50028590, 8, '', 6),
	(168, 30, 10392, 7, '', 5),
	(169, 43, 23860702, 8, '', 4),
	(170, 39, 32996418, 8, '', 6),
	(171, 41, 291044, 6, '', 4),
	(172, 42, 7950242, 7, '', 5),
	(173, 49, 556043, 7, '', 6),
	(174, 27, 3639101, 7, '', 4),
	(175, 26, 50028646, 8, '', 6),
	(176, 33, 52685472, 8, '', 6),
	(177, 34, 29376213, 8, '', 6),
	(178, 35, 50158093, 8, '', 6),
	(179, 39, 32996418, 8, '', 6),
	(180, 36, 32996418, 8, '', 6),
	(181, 37, 580689, 6, '', 8),
	(182, 38, 32735197, 8, '', 6),
	(183, 40, 50161280, 8, '', 6),
	(184, 41, 29376263, 8, '', 6),
	(185, 42, 29446613, 8, '', 6),
	(186, 43, 29375625, 8, '', 6),
	(187, 44, 341236, 6, '', 4),
	(188, 45, 83543477, 8, '', 6),
	(189, 46, 83543477, 8, '', 6),
	(190, 47, 34237, 5, '', 4),
	(191, 48, 34231, 5, '', 4),
	(192, 49, 32735797, 8, '', 6),
	(193, 50, 50152351, 8, '', 6),
	(194, 51, 29376231, 8, '', 6),
	(195, 52, 50121054, 8, '', 6),
	(196, 54, 32778527, 8, '', 6),
	(197, 10, 264, 6, 'W', 3),
	(198, 2, 568796, 6, '', 8),
	(199, 3, 568693, 6, '', 7),
	(200, 4, 50156373, 8, '', 6),
	(201, 5, 56993, 5, '', 8),
	(202, 5, 56994, 5, '', 8),
	(203, 6, 50135314, 8, '', 6),
	(204, 7, 29446699, 8, '', 6),
	(205, 9, 96397, 7, '', 5),
	(206, 54, 32778527, 8, '', 6),
	(207, 51, 3493235, 7, '', 4),
	(208, 21, 32647524, 8, '', 6),
	(209, 23, 32719941, 8, '', 6),
	(210, 51, 46408788, 8, '', 7),
	(211, 1, 46408653, 8, '', 7),
	(212, 13, 4224014, 7, '', 4),
	(213, 7, 10498, 7, '', 5),
	(214, 11, 32687084, 8, '', 6),
	(215, 12, 32469776, 8, '', 6),
	(216, 18, 32778874, 8, '', 6),
	(217, 19, 50050895, 8, '', 6),
	(218, 20, 110081, 7, '', 5),
	(219, 32, 50028590, 8, '', 6),
	(220, 8, 52685418, 8, '', 6),
	(221, 9, 50028987, 8, '', 6),
	(222, 10, 264, 6, 'W', 6),
	(223, 11, 11669109, 8, '', 8),
	(224, 12, 32199561, 8, '', 6),
	(225, 13, 50089149, 8, '', 6),
	(226, 14, 11688670, 8, '', 8),
	(227, 15, 53119305, 8, '', 6),
	(228, 16, 50088638, 8, '', 6),
	(229, 17, 11688670, 8, '', 8),
	(230, 34, 97125, 7, '', 5),
	(231, 30, 10392, 7, '', 5),
	(232, 43, 23860702, 8, '', 4),
	(233, 39, 32996418, 8, '', 6),
	(234, 41, 291044, 6, '', 4),
	(235, 42, 7950242, 7, '', 5),
	(236, 49, 556043, 7, '', 6),
	(237, 27, 3639101, 7, '', 4),
	(238, 26, 50028646, 8, '', 6),
	(239, 9, 96397, 7, '', 5),
	(240, 54, 32778527, 8, '', 6),
	(241, 51, 3493235, 7, '', 4),
	(242, 21, 32647524, 8, '', 6),
	(243, 23, 32719941, 8, '', 6),
	(244, 51, 46408788, 8, '', 7),
	(245, 1, 46408653, 8, '', 7),
	(246, 9, 29446616, 8, '', 6),
	(247, 7, 29446699, 8, '', 6),
	(248, 13, 29376219, 8, '', 6),
	(249, 20, 29376210, 8, '', 6),
	(250, 18, 32778874, 8, '', 6),
	(251, 19, 50050895, 8, '', 6),
	(252, 16, 50088638, 8, '', 6),
	(253, 11, 32687084, 8, '', 6),
	(254, 12, 32469776, 8, '', 6),
	(255, 23, 32719941, 8, '', 6),
	(256, 33, 32719941, 8, '', 6),
	(257, 34, 29376213, 8, '', 6),
	(258, 32, 50028590, 8, '', 6),
	(259, 30, 251280, 6, '', 8),
	(260, 26, 50028646, 8, '', 6),
	(261, 27, 29376264, 8, '', 6),
	(262, 29, 32778527, 8, '', 6),
	(263, 18, 32778874, 8, '', 6),
	(264, 19, 50050895, 8, '', 6),
	(265, 20, 29376210, 8, '', 6),
	(266, 21, 53117522, 8, '', 6),
	(267, 22, 53117426, 8, '', 6),
	(268, 23, 32719941, 8, '', 6),
	(269, 24, 100145, 6, '', 8),
	(270, 26, 50028646, 8, '', 6),
	(271, 27, 29376264, 8, '', 6),
	(272, 29, 32778527, 8, '', 8),
	(273, 30, 251280, 6, '', 8),
	(274, 31, 557538, 6, '', 8),
	(275, 32, 50028590, 8, '', 6),
	(276, 33, 52685472, 8, '', 6),
	(277, 34, 29376213, 8, '', 6),
	(278, 35, 11669252, 8, '', 8),
	(279, 36, 11667994, 8, '', 8),
	(280, 37, 580689, 6, '', 8),
	(281, 38, 11667895, 8, '', 8),
	(282, 39, 11667994, 8, '', 8),
	(283, 40, 50161280, 8, '', 6),
	(284, 41, 32276933, 8, '', 6),
	(285, 42, 11671877, 8, '', 8),
	(286, 43, 32202631, 8, '', 6),
	(287, 44, 341236, 6, '', 4),
	(288, 45, 83543477, 8, '', 8),
	(289, 46, 83543477, 8, '', 8),
	(290, 47, 34237, 5, '', 5),
	(291, 48, 11675292, 8, '', 8),
	(292, 49, 32735797, 8, '', 6),
	(293, 50, 50152351, 8, '', 6),
	(294, 51, 29376231, 8, '', 6),
	(295, 52, 50121054, 8, '', 6),
	(296, 53, 32149396, 8, '', 6),
	(297, 28, 82776, 5, '', 8),
	(298, 2, 568796, 6, '', 8),
	(299, 3, 568693, 6, '', 8),
	(300, 4, 50156373, 8, '', 6),
	(301, 5, 56993, 5, '', 8),
	(302, 5, 56994, 5, '', 8),
	(303, 6, 50135314, 8, '', 6),
	(304, 7, 29446699, 8, '', 6),
	(305, 8, 52685418, 8, '', 6),
	(306, 9, 50028987, 8, '', 6),
	(307, 54, 32778527, 8, '', 6),
	(308, 51, 29376231, 8, '', 6),
	(309, 48, 29292037, 8, '', 6),
	(310, 47, 29292026, 8, '', 6),
	(311, 44, 29292023, 8, '', 6),
	(312, 49, 32735797, 8, '', 6),
	(313, 21, 32647524, 8, '', 6),
	(314, 36, 32996418, 8, '', 6),
	(315, 39, 32996418, 8, '', 6),
	(316, 38, 29292035, 8, '', 6),
	(317, 43, 29375625, 8, '', 6),
	(318, 42, 29446613, 8, '', 6),
	(319, 41, 29376263, 8, '', 6),
	(320, 52, 50121054, 8, '', 6),
	(321, 9, 29446616, 8, '', 6),
	(322, 7, 29446699, 8, '', 6),
	(323, 13, 29376219, 8, '', 6),
	(324, 20, 29376210, 8, '', 6),
	(325, 18, 32778874, 8, '', 6),
	(326, 19, 50050895, 8, '', 6),
	(327, 16, 50088638, 8, '', 6),
	(328, 11, 32687084, 8, '', 6),
	(329, 12, 32469776, 8, '', 6),
	(330, 23, 32719941, 8, '', 6),
	(331, 33, 32719941, 8, '', 6),
	(332, 34, 29376213, 8, '', 6),
	(333, 32, 50028590, 8, '', 6),
	(334, 30, 251280, 6, '', 8),
	(335, 26, 50028646, 8, '', 6),
	(336, 27, 29376264, 8, '', 6),
	(337, 29, 32778527, 8, '', 6),
	(338, 54, 32778527, 8, '', 6),
	(339, 51, 29376231, 8, '', 6),
	(340, 48, 29292037, 8, '', 6),
	(341, 47, 29292026, 8, '', 6),
	(342, 10, 264, 6, 'W', 6),
	(343, 44, 29292023, 8, '', 6),
	(344, 49, 32735797, 8, '', 6),
	(345, 21, 32647524, 8, '', 6),
	(346, 36, 32996418, 8, '', 6),
	(347, 39, 32996418, 8, '', 6),
	(348, 38, 29292035, 8, '', 6),
	(349, 43, 29375625, 8, '', 6),
	(350, 42, 29446613, 8, '', 6),
	(351, 41, 29376263, 8, '', 6),
	(352, 11, 11669109, 8, '', 8),
	(353, 12, 32199561, 8, '', 6),
	(354, 52, 50121054, 8, '', 6),
	(355, 13, 50089149, 8, '', 6),
	(356, 14, 11688670, 8, '', 8),
	(357, 15, 53119305, 8, '', 6),
	(358, 16, 50088638, 8, '', 6),
	(359, 17, 11688670, 8, '', 8),
	(360, 9, 29446616, 8, '', 6),
	(361, 7, 29446699, 8, '', 6),
	(362, 13, 29376219, 8, '', 6),
	(363, 20, 29376210, 8, '', 6),
	(364, 18, 32778874, 8, '', 6),
	(365, 19, 50050895, 8, '', 6),
	(366, 16, 50088638, 8, '', 6),
	(367, 18, 32778874, 8, '', 6),
	(368, 11, 32687084, 8, '', 6),
	(369, 19, 50050895, 8, '', 6),
	(370, 12, 32469776, 8, '', 6),
	(371, 20, 29376210, 8, '', 6),
	(372, 23, 32719941, 8, '', 6),
	(373, 21, 53117522, 8, '', 6),
	(374, 33, 29376213, 8, '', 6),
	(375, 22, 53117426, 8, '', 6),
	(376, 34, 29376213, 8, '', 6),
	(377, 23, 32719941, 8, '', 6),
	(378, 32, 50028590, 8, '', 6),
	(379, 24, 100145, 6, '', 8),
	(380, 30, 251280, 6, '', 8),
	(381, 26, 50028646, 8, '', 6),
	(382, 26, 50028646, 8, '', 6),
	(383, 27, 29376264, 8, '', 6),
	(384, 29, 32778527, 8, '', 7),
	(385, 30, 251280, 6, '', 8),
	(386, 31, 557538, 6, '', 8),
	(387, 32, 50028590, 8, '', 6),
	(388, 33, 52685472, 8, '', 6),
	(389, 34, 29376213, 8, '', 6),
	(390, 35, 11669252, 8, '', 8),
	(391, 36, 11667994, 8, '', 8),
	(392, 37, 580689, 6, '', 8),
	(393, 38, 11667895, 8, '', 8),
	(394, 39, 11667994, 8, '', 8),
	(395, 40, 50161280, 8, '', 6),
	(396, 41, 32276933, 8, '', 6),
	(397, 42, 11671877, 8, '', 8),
	(398, 43, 32202631, 8, '', 6),
	(399, 44, 341236, 6, '', 4),
	(400, 45, 83543477, 8, '', 8),
	(401, 46, 83543477, 8, '', 8),
	(402, 47, 34237, 5, '', 5),
	(403, 48, 11675292, 8, '', 8),
	(404, 49, 32735797, 8, '', 6),
	(405, 50, 50152351, 8, '', 6),
	(406, 51, 29376231, 8, '', 6),
	(407, 52, 50121054, 8, '', 6),
	(408, 53, 32149396, 8, '', 6),
	(409, 28, 82776, 5, '', 8),
	(410, 2, 568796, 6, '', 8),
	(411, 3, 568693, 6, '', 8),
	(412, 4, 50156373, 8, '', 6),
	(413, 5, 1611742, 8, '', 8),
	(414, 6, 50135314, 8, '', 6),
	(415, 7, 29446699, 8, '', 6),
	(416, 8, 32558090, 8, '', 6),
	(417, 9, 50028987, 8, '', 6),
	(418, 27, 29376264, 8, '', 6),
	(419, 29, 32778527, 8, '', 6),
	(420, 54, 32778527, 8, '', 6),
	(421, 51, 29376231, 8, '', 6),
	(422, 48, 29292037, 8, '', 6),
	(423, 47, 29292026, 8, '', 6),
	(424, 10, 264, 6, 'W', 6),
	(425, 11, 11669109, 8, '', 8),
	(426, 12, 32199561, 8, '', 6),
	(427, 13, 50089149, 8, '', 6),
	(428, 14, 11688670, 8, '', 8),
	(429, 15, 32245598, 8, '', 6),
	(430, 16, 50088638, 8, '', 6),
	(431, 17, 11688670, 8, '', 8),
	(432, 18, 32778874, 8, '', 6),
	(433, 19, 50050895, 8, '', 6),
	(434, 20, 29376210, 8, '', 6),
	(435, 21, 32295119, 8, '', 6),
	(436, 22, 32248826, 8, '', 6),
	(437, 23, 32719941, 8, '', 6),
	(438, 24, 100145, 6, '', 8),
	(439, 26, 50028646, 8, '', 6),
	(440, 27, 29376264, 8, '', 6),
	(441, 29, 91005292, 8, '', 8),
	(442, 29, 50086615, 8, '', 6),
	(443, 44, 29292023, 8, '', 6),
	(444, 49, 32735797, 8, '', 6),
	(445, 21, 32647524, 8, '', 6),
	(446, 36, 32996418, 8, '', 6),
	(447, 39, 32996418, 8, '', 6),
	(448, 38, 29292035, 8, '', 6),
	(449, 43, 29375625, 8, '', 6),
	(450, 42, 29446613, 8, '', 6),
	(451, 41, 29376263, 8, '', 6),
	(452, 52, 50121054, 8, '', 6),
	(453, 50, 50152351, 8, '', 6),
	(454, 4, 50156373, 8, '', 6),
	(455, 40, 50161280, 8, '', 6),
	(456, 35, 50158093, 8, '', 6),
	(457, 31, 557538, 6, '', 8),
	(458, 37, 580689, 6, '', 8),
	(459, 2, 568796, 6, '', 8),
	(460, 3, 568693, 6, '', 8),
	(461, 9, 29446616, 8, '', 6),
	(462, 7, 29446699, 8, '', 6),
	(463, 13, 29376219, 8, '', 6),
	(464, 20, 29376210, 8, '', 6),
	(465, 52, 50121054, 8, '', 6),
	(466, 18, 32778874, 8, '', 6),
	(467, 19, 50050895, 8, '', 6),
	(468, 16, 50088638, 8, '', 6),
	(469, 30, 251280, 6, '', 8),
	(470, 31, 557538, 6, '', 8),
	(471, 32, 50028590, 8, '', 6),
	(472, 33, 33165911, 8, '', 6),
	(473, 34, 29376213, 8, '', 6),
	(474, 35, 11669252, 8, '', 8),
	(475, 36, 11667994, 8, '', 8),
	(476, 37, 580689, 6, '', 8),
	(477, 38, 11667895, 8, '', 8),
	(478, 39, 11667994, 8, '', 8),
	(479, 40, 50161280, 8, '', 6),
	(480, 41, 32276933, 8, '', 6),
	(481, 42, 11671877, 8, '', 8),
	(482, 43, 32202631, 8, '', 6),
	(483, 44, 341236, 6, '', 4),
	(484, 45, 11400194, 8, '', 8),
	(485, 46, 11400194, 8, '', 8),
	(486, 47, 34237, 5, '', 5),
	(487, 48, 11675292, 8, '', 8),
	(488, 49, 32735797, 8, '', 6),
	(489, 50, 50152351, 8, '', 6),
	(490, 51, 29376231, 8, '', 6),
	(491, 52, 50121054, 8, '', 6),
	(492, 53, 32149396, 8, '', 6),
	(493, 28, 82776, 5, '', 8),
	(494, 2, 568796, 6, '', 8),
	(495, 3, 568693, 6, '', 8),
	(496, 4, 50156373, 8, '', 6),
	(497, 5, 1611742, 8, '', 8),
	(498, 6, 50135314, 8, '', 6),
	(499, 7, 29446699, 8, '', 6),
	(500, 53, 32149396, 8, '', 6),
	(501, 11, 32687084, 8, '', 6),
	(502, 12, 32469776, 8, '', 6),
	(503, 23, 32719941, 8, '', 6),
	(504, 33, 29376213, 8, '', 6),
	(505, 34, 29376213, 8, '', 6),
	(506, 32, 50028590, 8, '', 6),
	(507, 30, 251280, 6, '', 8),
	(508, 26, 50028646, 8, '', 6),
	(509, 27, 29376264, 8, '', 6),
	(510, 29, 32778527, 8, '', 6),
	(511, 54, 32778527, 8, '', 6),
	(512, 51, 29376231, 8, '', 6),
	(513, 48, 29292037, 8, '', 6),
	(514, 47, 29292026, 8, '', 6),
	(515, 44, 29292023, 8, '', 6),
	(516, 49, 32735797, 8, '', 6),
	(517, 21, 32647524, 8, '', 6),
	(518, 36, 32996418, 8, '', 6),
	(519, 39, 32996418, 8, '', 6),
	(520, 38, 29292035, 8, '', 6),
	(521, 43, 29375625, 8, '', 6),
	(522, 42, 29446613, 8, '', 6),
	(523, 41, 29376263, 8, '', 6),
	(524, 52, 50121054, 8, '', 6),
	(525, 50, 50152351, 8, '', 6),
	(526, 4, 50156373, 8, '', 6),
	(527, 40, 50161280, 8, '', 6),
	(528, 35, 50158093, 8, '', 6),
	(529, 31, 557538, 6, '', 8),
	(530, 37, 580689, 6, '', 8),
	(531, 2, 568796, 6, '', 8),
	(532, 8, 32558090, 8, '', 6),
	(533, 9, 50028987, 8, '', 6),
	(534, 10, 264, 6, 'W', 6),
	(535, 11, 11669109, 8, '', 8),
	(536, 12, 32199561, 8, '', 6),
	(537, 13, 50089149, 8, '', 6),
	(538, 14, 11688670, 8, '', 8),
	(539, 15, 32245598, 8, '', 6),
	(540, 16, 50088638, 8, '', 6),
	(541, 3, 568693, 6, '', 8),
	(542, 9, 50028987, 8, '', 6),
	(543, 7, 29446699, 8, '', 6),
	(544, 13, 50089149, 8, '', 6),
	(545, 20, 29376210, 8, '', 6),
	(546, 17, 11688670, 8, '', 8),
	(547, 18, 32778874, 8, '', 6),
	(548, 19, 50050895, 8, '', 6),
	(549, 20, 29376210, 8, '', 6),
	(550, 21, 32295119, 8, '', 6),
	(551, 22, 32248826, 8, '', 6),
	(552, 23, 32719941, 8, '', 6),
	(553, 24, 100145, 6, '', 8),
	(554, 26, 50028646, 8, '', 6),
	(555, 27, 29376264, 8, '', 6),
	(556, 29, 91005292, 8, '', 8),
	(557, 29, 50086615, 8, '', 6),
	(558, 30, 251280, 6, '', 8),
	(559, 31, 557538, 6, '', 8),
	(560, 32, 50028590, 8, '', 6),
	(561, 33, 33165911, 8, '', 6),
	(562, 34, 29376213, 8, '', 6),
	(563, 35, 11669252, 8, '', 8),
	(564, 36, 11667994, 8, '', 8),
	(565, 37, 580689, 6, '', 8),
	(566, 38, 11667895, 8, '', 8),
	(567, 39, 11667994, 8, '', 8),
	(568, 40, 50161280, 8, '', 6),
	(569, 41, 32276933, 8, '', 6),
	(570, 42, 11671877, 8, '', 7),
	(571, 43, 32202631, 8, '', 6),
	(572, 44, 341236, 6, '', 4),
	(573, 45, 11400194, 8, '', 8),
	(574, 46, 11400194, 8, '', 8),
	(575, 47, 34237, 5, '', 5),
	(576, 48, 11675292, 8, '', 8),
	(577, 49, 32735797, 8, '', 6),
	(578, 50, 50152351, 8, '', 6),
	(579, 51, 29376231, 8, '', 6),
	(580, 28, 82776, 5, '', 8),
	(581, 1, 5301873827, 10, '', 8),
	(582, 2, 568796, 6, '', 8),
	(583, 3, 568693, 6, '', 8),
	(584, 4, 4109420729, 10, '', 9),
	(585, 5, 1611742, 7, '', 9),
	(586, 6, 50135314, 8, '', 6),
	(587, 7, 29446699, 8, '', 6),
	(588, 8, 4109420527, 10, '', 9),
	(589, 9, 50028987, 8, '', 6),
	(590, 10, 91002891, 8, '', 8),
	(591, 11, 11669109, 8, '', 8),
	(592, 12, 32199561, 8, '', 6),
	(593, 13, 4109420280, 10, '', 9),
	(594, 14, 11688670, 8, '', 8),
	(595, 15, 4109420145, 10, '', 9),
	(596, 16, 50088638, 8, '', 6),
	(597, 17, 11688670, 8, '', 8),
	(598, 18, 5110224320, 10, '', 9),
	(599, 19, 4109420471, 10, '', 9),
	(600, 20, 4109420325, 10, '', 9),
	(601, 21, 32295119, 8, '', 6),
	(602, 22, 32248826, 8, '', 6),
	(603, 23, 5110914629, 10, '', 8),
	(604, 24, 5110833045, 10, '', 9),
	(605, 26, 50028646, 8, '', 6),
	(606, 27, 29376264, 8, '', 6),
	(607, 28, 4114492386, 10, '', 9),
	(608, 29, 50086615, 8, '', 6),
	(609, 29, 91005292, 8, '', 8),
	(610, 30, 251280, 6, '', 8),
	(611, 31, 4114492229, 10, '', 9),
	(612, 32, 50028590, 8, '', 6),
	(613, 33, 33165911, 8, '', 6),
	(614, 34, 29376213, 8, '', 6),
	(615, 35, 11669252, 8, '', 8),
	(616, 36, 11667994, 8, '', 8),
	(617, 37, 580689, 6, '', 8),
	(618, 38, 11667895, 8, '', 8),
	(619, 39, 11667994, 8, '', 8),
	(620, 40, 50161280, 8, '', 6),
	(621, 41, 32276933, 8, '', 6),
	(622, 42, 11671877, 8, '', 8),
	(623, 43, 32202631, 8, '', 6),
	(624, 44, 341236, 6, '', 4),
	(625, 45, 11400194, 8, '', 8),
	(626, 46, 11400194, 8, '', 8),
	(627, 47, 34237, 5, '', 5),
	(628, 48, 11675292, 8, '', 8),
	(629, 49, 4114492173, 10, '', 9),
	(630, 50, 41144920227, 11, '', 9),
	(631, 51, 4109420886, 10, '', 8),
	(632, 52, 50121054, 8, '', 6),
	(633, 53, 32149396, 8, '', 6),
	(634, 1, 5301873827, 10, '', 8),
	(635, 2, 568796, 6, '', 8),
	(636, 3, 568693, 6, '', 8),
	(637, 4, 4109420729, 10, '', 9),
	(638, 5, 1611742, 7, '', 9),
	(639, 6, 50135314, 8, '', 6),
	(640, 7, 29446699, 8, '', 6),
	(641, 8, 4109420527, 10, '', 9),
	(642, 9, 50028987, 8, '', 6),
	(643, 10, 91002891, 8, '', 8),
	(644, 11, 11669109, 8, '', 8),
	(645, 12, 32199561, 8, '', 6),
	(646, 13, 4109420280, 10, '', 9),
	(647, 14, 11688670, 8, '', 8),
	(648, 15, 4109420145, 10, '', 9),
	(649, 16, 50088638, 8, '', 6),
	(650, 17, 11688670, 8, '', 8),
	(651, 18, 5110224320, 10, '', 9),
	(652, 19, 4109420471, 10, '', 9),
	(653, 20, 4109420325, 10, '', 9),
	(654, 21, 32295119, 8, '', 6),
	(655, 22, 32248826, 8, '', 6),
	(656, 23, 5110914629, 10, '', 8),
	(657, 24, 5110833045, 10, '', 8),
	(658, 26, 50028646, 8, '', 6),
	(659, 27, 29376264, 8, '', 6),
	(660, 28, 4114492386, 10, '', 9),
	(661, 29, 50086615, 8, '', 6),
	(662, 29, 91005292, 8, '', 8),
	(663, 30, 251280, 6, '', 8),
	(664, 31, 4114492229, 10, '', 9),
	(665, 32, 50028590, 8, '', 6),
	(666, 33, 33165911, 8, '', 6),
	(667, 34, 29376213, 8, '', 6),
	(668, 35, 11669252, 8, '', 8),
	(669, 36, 11667994, 8, '', 8),
	(670, 37, 580689, 6, '', 8),
	(671, 38, 11667895, 8, '', 8),
	(672, 39, 11667994, 8, '', 8),
	(673, 40, 50161280, 8, '', 6),
	(674, 41, 32276933, 8, '', 6),
	(675, 42, 11671877, 8, '', 8),
	(676, 43, 32202631, 8, '', 6),
	(677, 44, 341236, 6, '', 4),
	(678, 45, 11400194, 8, '', 8),
	(679, 46, 11400194, 8, '', 8),
	(680, 47, 34237, 5, '', 5),
	(681, 48, 11675292, 8, '', 8),
	(682, 49, 4114492173, 10, '', 9),
	(683, 50, 41144920227, 11, '', 9),
	(684, 51, 4109420886, 10, '', 8),
	(685, 52, 50121054, 8, '', 6),
	(686, 53, 32149396, 8, '', 6),
	(687, 7, 29446699, 8, '', 6),
	(688, 9, 50028987, 8, '', 6),
	(689, 22, 6100599167, 10, '', 9),
	(690, 26, 6104043480, 10, '', 9),
	(691, 27, 29376264, 8, '', 6),
	(692, 29, 50086615, 8, '', 6),
	(693, 32, 50028590, 8, '', 6),
	(694, 33, 33165911, 9, '', 6),
	(695, 34, 29376213, 8, '', 6),
	(696, 40, 50161280, 8, '', 6),
	(697, 41, 32276933, 8, '', 6),
	(698, 43, 32202631, 8, '', 6),
	(699, 7, 29446699, 8, '', 6),
	(700, 9, 50028987, 8, '', 6),
	(701, 22, 6100599167, 10, '', 9),
	(702, 26, 6104043480, 10, '', 9),
	(703, 27, 29376264, 8, '', 5),
	(704, 29, 50086615, 8, '', 6),
	(705, 32, 50028590, 8, '', 6),
	(706, 33, 33165911, 9, '', 6),
	(707, 34, 29376213, 8, '', 6),
	(708, 40, 50161280, 8, '', 6),
	(709, 41, 32276933, 8, '', 6),
	(710, 43, 32202631, 8, '', 6);

-- Dumping structure for table pk_luks_data.uzskaite
CREATE TABLE IF NOT EXISTS `uzskaite` (
  `id` int unsigned NOT NULL AUTO_INCREMENT,
  `object_id` int unsigned NOT NULL,
  `numurs` decimal(14,0) NOT NULL,
  `koef` decimal(3,0) unsigned NOT NULL DEFAULT '180',
  `datums_no` date NOT NULL,
  `datums_lidz` date NOT NULL,
  PRIMARY KEY (`id`)
) ENGINE=InnoDB DEFAULT CHARSET=utf8mb4 COLLATE=utf8mb4_unicode_ci;

-- Dumping data for table pk_luks_data.uzskaite: ~0 rows (approximately)

/*!40103 SET TIME_ZONE=IFNULL(@OLD_TIME_ZONE, 'system') */;
/*!40101 SET SQL_MODE=IFNULL(@OLD_SQL_MODE, '') */;
/*!40014 SET FOREIGN_KEY_CHECKS=IFNULL(@OLD_FOREIGN_KEY_CHECKS, 1) */;
/*!40101 SET CHARACTER_SET_CLIENT=@OLD_CHARACTER_SET_CLIENT */;
/*!40111 SET SQL_NOTES=IFNULL(@OLD_SQL_NOTES, 1) */;
