-- phpMyAdmin SQL Dump
-- version 5.1.1deb5ubuntu1
-- https://www.phpmyadmin.net/
--
-- Host: localhost:3308:3308
-- Generation Time: Mar 20, 2026 at 12:06 PM
-- Server version: 8.0.45-0ubuntu0.22.04.1
-- PHP Version: 8.1.2-1ubuntu2.23

SET SQL_MODE = "NO_AUTO_VALUE_ON_ZERO";
START TRANSACTION;
SET time_zone = "+00:00";


/*!40101 SET @OLD_CHARACTER_SET_CLIENT=@@CHARACTER_SET_CLIENT */;
/*!40101 SET @OLD_CHARACTER_SET_RESULTS=@@CHARACTER_SET_RESULTS */;
/*!40101 SET @OLD_COLLATION_CONNECTION=@@COLLATION_CONNECTION */;
/*!40101 SET NAMES utf8mb4 */;

--
-- Database: `se_trenesanas_eksamenam_1`
--

-- --------------------------------------------------------

--
-- Table structure for table `DARBA_IERAKSTS`
--

CREATE TABLE `DARBA_IERAKSTS` (
  `ieraksts_id` int NOT NULL COMMENT 'Ieraksta id',
  `nedelas_diena` tinyint NOT NULL COMMENT 'Nedēļas diena',
  `datums_no` date NOT NULL COMMENT 'Sākuma datums',
  `laiks_no` time NOT NULL COMMENT 'Sākuma laiks',
  `datums_lidz` date DEFAULT NULL COMMENT 'Beigu datums',
  `laiks_lidz` time NOT NULL COMMENT 'Beigu laiks',
  `darba_tips_id` int NOT NULL COMMENT 'Atsauce uz DARBA_TIPS',
  `darbu_apraksts` varchar(255) CHARACTER SET utf8mb4 COLLATE utf8mb4_unicode_ci DEFAULT NULL COMMENT 'Darba apraksts',
  `km` smallint DEFAULT NULL COMMENT 'Kilometri, ja aizpildīts'
) ENGINE=InnoDB DEFAULT CHARSET=utf8mb4 COLLATE=utf8mb4_unicode_ci;

--
-- Dumping data for table `DARBA_IERAKSTS`
--

INSERT INTO `DARBA_IERAKSTS` (`ieraksts_id`, `nedelas_diena`, `datums_no`, `laiks_no`, `datums_lidz`, `laiks_lidz`, `darba_tips_id`, `darbu_apraksts`, `km`) VALUES
(1, 7, '2012-01-01', '06:00:00', '2012-01-01', '07:30:00', 1, 'Maršruta apsekošana', 20),
(2, 1, '2012-01-02', '06:00:00', '2012-01-02', '07:30:00', 1, 'Maršruta apsekošana', 20),
(3, 1, '2012-01-02', '07:45:00', '2012-01-02', '08:30:00', 10, 'Ražošanas sapulce', NULL),
(4, 1, '2012-01-02', '09:00:00', '2012-01-02', '13:00:00', 3, 'Signālgalvu uzstādīšana', NULL),
(5, 1, '2012-01-02', '09:00:00', '2012-01-02', '13:00:00', 3, 'Signālgalvu uzstādīšana', 5),
(6, 1, '2012-01-02', '13:30:00', '2012-01-02', '15:00:00', 3, 'Signālgalvu pievienošana', 5),
(7, 1, '2012-01-02', '13:30:00', '2012-01-02', '16:00:00', 3, 'Signālgalvu pievienošana', 5),
(8, 1, '2012-01-02', '16:00:00', '2012-01-02', '17:00:00', 6, 'Nenodoto signālgalvu sanešana Mazā noliktavā', NULL),
(9, 2, '2012-01-03', '06:00:00', '2012-01-03', '07:30:00', 1, 'Maršruta apsekošana', 20),
(10, 2, '2012-01-03', '07:45:00', '2012-01-03', '08:30:00', 10, 'Ražošanas sapulce', NULL),
(11, 2, '2012-01-03', '08:40:00', '2012-01-03', '08:50:00', 6, 'Donatas interesējas par Stacijas MINI luksoforu', NULL),
(12, 2, '2012-01-03', '09:00:00', '2012-01-03', '10:30:00', 5, 'Skaitītāju rādījumi, P/S žurnāls', NULL),
(13, 2, '2012-01-03', '09:00:00', '2012-01-03', '10:30:00', 5, 'Skaitītāju rādījumi, P/S žurnāls', NULL),
(14, 2, '2012-01-03', '10:30:00', '2012-01-03', '10:45:00', 5, 'Rēķinu ievešana P/S', 5),
(15, 2, '2012-01-03', '11:50:00', '2012-01-03', '12:50:00', 7, 'Kļūda GEP', 10),
(16, 2, '2012-01-03', '13:00:00', '2012-01-03', '13:45:00', 6, 'Māris Mielavs par meteostaciju uzturēšanu', 5),
(17, 2, '2012-01-03', '14:00:00', '2012-01-03', '14:15:00', 7, 'Andrejs Bobikins liek pārbaudīt skaitītāja rādījumus', 5),
(18, 2, '2012-01-03', '14:15:00', '2012-01-03', '14:30:00', 7, 'Andrejs Bobikins liek pārbaudīt skaitītāja rādījumus', 5),
(19, 2, '2012-01-03', '14:50:00', '2012-01-03', '15:30:00', 7, 'GP1G1', 5),
(20, 2, '2012-01-03', '14:50:00', '2012-01-03', '15:30:00', 2, 'Vadības plates ZKS tipa drošinātāja nomaiņa', NULL),
(21, 2, '2012-01-03', '14:50:00', '2012-01-03', '15:30:00', 2, 'Bojājuma noteikšana', NULL),
(22, 2, '2012-01-03', '15:45:00', '2012-01-03', '16:00:00', 7, 'Trūkst balsta vāks', 5),
(23, 2, '2012-01-03', '15:45:00', '2012-01-03', '16:00:00', 2, 'Balsta vāks', NULL),
(24, 2, '2012-01-03', '16:00:00', '2012-01-03', '17:30:00', 4, 'Kopētāja sagatavošana darbam, Veikala printera neveiksmīga instalēšana, Anrda datora papildus konfigurēšana', NULL),
(25, 3, '2012-01-04', '06:00:00', '2012-01-04', '07:30:00', 1, 'Maršruta apsekošana', 20),
(26, 3, '2012-01-04', '07:45:00', '2012-01-04', '08:30:00', 10, 'Ražošanas sapulce', NULL),
(27, 3, '2012-01-04', '08:30:00', '2012-01-04', '09:00:00', 5, 'Meteostacijas uzturēšanas līguma izmaksas', NULL),
(28, 3, '2012-01-04', '09:00:00', '2012-01-04', '16:00:00', 7, 'Trūkst balsta vāks', 5),
(29, 3, '2012-01-04', '09:00:00', '2012-01-04', '09:30:00', 2, 'Spuldzes maiņa balstā', NULL),
(30, 3, '2012-01-04', '09:30:00', '2012-01-04', '10:00:00', 5, 'Skaitītāju rādījumi LVC', NULL),
(31, 3, '2012-01-04', '10:00:00', '2012-01-04', '11:30:00', 4, 'Kopētāja pieinstalēšana serverim, printera resursu izdalīšana, Kopētaja piesaiste Aināra, Andra,Veikala datoram', NULL),
(32, 3, '2012-01-04', '11:30:00', '2012-01-04', '13:00:00', 4, 'Datortīkla vada ievilšana virs veikala griestiem', NULL),
(33, 3, '2012-01-04', '13:00:00', '2012-01-04', '13:30:00', 5, 'Māris Mielavs par meteostaciju uzturēšanu', 5),
(34, 3, '2012-01-04', '13:30:00', '2012-01-04', '14:30:00', 9, 'Dzidra Staša par Lietuvas ielas signālplāniem', NULL),
(35, 3, '2012-01-04', '14:45:00', '2012-01-04', '15:00:00', 4, 'Pie Brigitas. Meteostacijas uzturēšanas līguma izmaksas', NULL),
(36, 3, '2012-01-04', '14:22:00', '2012-01-04', '17:00:00', 7, 'Nolauzti stiprinājuma kronšteini atkārtotāja transporta signālgalvai V3', 5),
(37, 3, '2012-01-04', '15:00:00', '2012-01-04', '16:00:00', 2, 'Signālgalvas demontāža uz balsta', NULL),
(38, 3, '2012-01-04', '16:00:00', '2012-01-04', '17:30:00', 2, 'Pasūtītāja transporta signālgalvas montāža uz balsta', NULL),
(39, 3, '2012-01-04', '16:00:00', '2012-01-04', '17:30:00', 2, 'Signālkabeļa Cu 7x1,5 montāža stabā, konsolē', NULL),
(40, 3, '2012-01-04', '16:00:00', '2012-01-04', '17:30:00', 2, 'Signālkabeļa spaiļu komplekta nomaiņa balstā, konsolē', NULL),
(41, 3, '2012-01-04', '21:00:00', '2012-01-04', '21:30:00', 5, 'Slodzes savākšana par decembri', 5),
(42, 3, '2012-01-04', '20:00:00', '2012-01-04', '21:00:00', 8, 'Maiņas nodošana', 50),
(43, 4, '2012-01-05', '06:00:00', '2012-01-05', '07:30:00', 1, 'Maršruta apsekošana', 25),
(44, 4, '2012-01-05', '07:25:00', '2012-01-05', '10:00:00', 7, 'Gājēju pārejas signāla izsaukšanas pogā pastāvīgs īsslēgums, visu laiku slēdzas iekšā gājēju signāls.WDS Kļūda', 10),
(45, 4, '2012-01-05', '07:45:00', '2012-01-05', '08:30:00', 10, 'Ražošanas sapulce', NULL),
(46, 4, '2012-01-05', '09:00:00', '2012-01-05', '10:00:00', 7, 'Transporta signālgalvas uz saliņas nostiprināšanaV1', 10),
(47, 4, '2012-01-05', '10:00:00', '2012-01-05', '10:30:00', 7, 'WDS antena, zaudējusi sakarus', 10),
(48, 4, '2012-01-05', '10:00:00', '2012-01-05', '10:10:00', 6, 'CTCOM interesējās par otikas pieslēgumu Sarmas krustā', NULL),
(49, 4, '2012-01-05', '10:30:00', '2012-01-05', '12:00:00', 7, 'CTCOM pieslēdz optiku', 10),
(50, 4, '2012-01-05', '10:30:00', '2012-01-05', '12:00:00', 5, 'Darbu apkopošana', NULL),
(51, 4, '2012-01-05', '12:48:00', '2012-01-05', '13:30:00', 7, 'Atvērusies zaļās gaismas sekcija', 10),
(52, 4, '2012-01-05', '13:30:00', '2012-01-05', '13:40:00', 9, 'Dzidra Staša par Lietuvas ielas signālplāniem', NULL),
(53, 4, '2012-01-05', '13:30:00', '2012-01-05', '14:00:00', 7, 'GSM kļūda', 10),
(54, 4, '2012-01-05', '13:40:00', '2012-01-05', '13:50:00', 9, '3C Kalpaka stāvlaukums', NULL),
(55, 4, '2012-01-05', '14:00:00', '2012-01-05', '15:00:00', 7, 'CTCOM pieslēdz optiku', 10),
(56, 5, '2012-01-06', '06:00:00', '2012-01-06', '07:30:00', 1, 'Maršruta apsekošana', 25),
(57, 5, '2012-01-06', '06:30:00', '2012-01-06', '07:40:00', 7, 'Iededzies dzeltenais brīdinājuma signāls.', 5),
(58, 5, '2012-01-06', '06:30:00', '2012-01-06', '07:40:00', 2, 'Spuldzes nomaiņa uz balsta', NULL),
(59, 5, '2012-01-06', '07:45:00', '2012-01-06', '08:30:00', 10, 'Ražošanas sapulce', NULL),
(60, 6, '2012-01-07', '06:00:00', '2012-01-07', '07:30:00', 1, 'Maršruta apsekošana', 25),
(61, 7, '2012-01-08', '06:00:00', '2012-01-08', '07:30:00', 1, 'Maršruta apsekošana', 25),
(62, 7, '2012-01-08', '14:30:00', '2012-01-08', '15:00:00', 7, 'WDS kļūda', 25),
(63, 1, '2012-01-09', '06:00:00', '2012-01-09', '07:30:00', 1, 'Maršruta apsekošana', 25),
(64, 1, '2012-01-09', '07:45:00', '2012-01-09', '08:30:00', 10, 'Ražošanas sapulce', NULL),
(65, 1, '2012-01-09', '09:00:00', '2012-01-09', '09:40:00', 7, 'Atvēries V2R1 atkārtotāja durtiņas', 5),
(66, 1, '2012-01-09', '09:00:00', '2012-01-09', '16:00:00', 6, 'Praktikantu vadīšana', NULL),
(67, 1, '2012-01-09', '09:30:00', '2012-01-09', '10:10:00', 6, 'Datortehnikas apkalpošana', NULL),
(68, 1, '2012-01-09', '10:00:00', '2012-01-09', '10:30:00', 7, 'kabeļu uzrādīšana', 10),
(69, 1, '2012-01-09', '10:00:00', '2012-01-09', '10:15:00', 5, 'Rēķins par Filozofu-Rūpniecības', 5),
(70, 1, '2012-01-09', '10:15:00', '2012-01-09', '11:00:00', 6, 'par Lielā-Pasta modernizāciju, Signālgalvu nodošanu, marķēšanu, nākotnes luksofora objektiem, Meteostacijas uzturēšanu', NULL),
(71, 1, '2012-01-09', '12:00:00', '2012-01-09', '12:30:00', 8, 'Maiņas nodošana', 50),
(72, 1, '2012-01-09', '14:20:00', '2012-01-09', '15:00:00', 7, 'Gp1g1 kļūda', 15),
(73, 1, '2012-01-09', '15:30:00', '2012-01-09', '16:00:00', 7, 'WDS 3. devēja kļuda, strādā fiksētā programma', 15),
(74, 1, '2012-01-09', '15:45:00', '2012-01-09', '16:00:00', 6, 'Argils par Čakstes luksofora balsta pārnešanu.', NULL),
(75, 1, '2012-01-09', '15:30:00', '2012-01-09', '16:30:00', 7, 'Patvaļigs izsaukums gp2 pogā uz saliņas', 10),
(76, 1, '2012-01-09', '16:00:00', '2012-01-09', '16:30:00', 2, 'Luksofora objekta bojājuma noteikšana', NULL),
(77, 1, '2012-01-09', '16:00:00', '2012-01-09', '16:30:00', 2, 'Luksofora objekta bojājuma noteikšana', NULL),
(78, 1, '2012-01-09', '15:30:00', '2012-01-09', '17:00:00', 7, 'Spieguma noplūde balstā. Elektrotrieciens no balsta', 10),
(79, 1, '2012-01-09', '17:15:00', '2012-01-09', '17:45:00', 6, 'PEEK par Lielā-Mātera modernizāciju', NULL),
(80, 1, '2012-01-09', '20:30:00', '2012-01-09', '20:45:00', 5, 'Info par Luksoforu apkalpošanu', NULL),
(81, 1, '2012-01-09', '22:00:00', '2012-01-09', '22:30:00', 5, 'Darbu apkopošana', NULL),
(82, 1, '2012-01-09', '15:30:00', '2012-01-09', '17:00:00', 2, 'Luksofora objekta bojājuma noteikšana', NULL),
(83, 2, '2012-01-10', '06:00:00', '2012-01-10', '07:30:00', 1, 'Maršruta apsekošana', 20),
(84, 2, '2012-01-10', '07:45:00', '2012-01-10', '08:30:00', 10, 'Ražošanas sapulce', NULL),
(85, 2, '2012-01-10', '09:00:00', '2012-01-10', '17:00:00', 6, 'Praktikantu vadīšana', NULL),
(86, 2, '2012-01-10', '09:00:00', '2012-01-10', '09:30:00', 6, 'Datortehnikas apkalpošana', NULL),
(87, 2, '2012-01-10', '09:30:00', '2012-01-10', '12:00:00', 6, 'Luksofora iekārtas sakārtošana mazā noliktavā', NULL),
(88, 2, '2012-01-10', '12:30:00', '2012-01-10', '16:30:00', 6, 'Darba telpas kārtošana', NULL),
(89, 2, '2012-01-10', '19:30:00', '2012-01-10', '19:45:00', 6, 'Žurnālu atkārtota pārsūtīšana pa 10-12.2010 A.BOBIKINAM', NULL),
(90, 2, '2012-01-10', '21:00:00', '2012-01-10', '22:00:00', 6, 'Dokmentācija', NULL),
(91, 2, '2012-01-10', '21:00:00', '2012-01-11', '02:00:00', 9, 'Lietuvas ielas specifikācija', NULL),
(92, 3, '2012-01-11', '06:00:00', '2012-01-11', '07:30:00', 1, 'Maršruta apsekošana', 20),
(93, 3, '2012-01-11', '07:45:00', '2012-01-11', '08:30:00', 10, 'Ražošanas sapulce', NULL),
(94, 3, '2012-01-11', '08:30:00', '2012-01-11', '17:00:00', 5, 'Luksoforu konkurs', NULL),
(95, 3, '2012-01-11', '08:30:00', '2012-01-11', '10:30:00', 6, 'Nodošana noliktavā', NULL),
(96, 3, '2012-01-11', '08:30:00', '2012-01-11', '10:30:00', 6, 'Nodošana noliktavā', NULL),
(97, 3, '2012-01-11', '08:30:00', '2012-01-11', '10:30:00', 6, 'Nodošana noliktavā', NULL),
(98, 3, '2012-01-11', '08:30:00', '2012-01-11', '10:30:00', 6, 'Pogas nodošana noliktavā', NULL),
(99, 3, '2012-01-11', '19:00:00', '2012-01-11', '20:00:00', 8, 'Maiņas nodošana', 50),
(100, 4, '2012-01-12', '06:00:00', '2012-01-12', '07:30:00', 1, 'Maršruta apsekošana', 20),
(101, 4, '2012-01-12', '12:07:00', '2012-01-12', '13:25:00', 7, 'Nav komunikācijas. GSMS kļūda', 5),
(103, 4, '2012-01-12', '17:01:00', '2012-01-12', '18:09:00', 7, 'Nav komunikācijas. GSMS kļūda', 5),
(104, 5, '2012-01-13', '06:00:00', '2012-01-13', '07:30:00', 1, 'Maršruta apsekošana', 20),
(105, 5, '2012-01-13', '09:49:00', '2012-01-13', '10:09:00', 7, 'Izdegusi zaļā lampa.', 10),
(106, 5, '2012-01-13', '09:49:00', '2012-01-13', '10:09:00', 2, 'Spuldzes nomaiņa uz balsta', NULL),
(107, 5, '2012-01-13', '11:19:00', '2012-01-13', '11:39:00', 7, 'Sagrozīta luksofora galva.', 10),
(108, 5, '2012-01-13', '13:48:00', '2012-01-13', '16:07:00', 7, 'Nav komunikācijas. GSMS kļūda', 5),
(109, 5, '2012-01-13', '20:00:00', '2012-01-13', '21:00:00', 8, 'Maiņas nodošana', 5),
(110, 6, '2012-01-14', '06:00:00', '2012-01-14', '07:30:00', 1, 'Maršruta apsekošana', 20),
(111, 6, '2012-01-14', '20:07:00', '2012-01-14', '20:08:00', 7, 'AAL RLM', 5),
(112, 6, '2012-01-14', '20:07:00', '2012-01-14', '20:08:00', 2, 'Spuldzes nomaiņa uz balsta', NULL),
(113, 6, '2012-01-14', '20:09:00', '2012-01-14', '20:10:00', 7, 'XKOP', 10),
(114, 7, '2012-01-15', '06:00:00', '2012-01-15', '07:30:00', 1, 'Maršruta apsekošana', 20),
(115, 7, '2012-01-15', '07:00:00', '2012-01-15', '07:30:00', 7, 'GEP', 10),
(116, 1, '2012-01-16', '06:00:00', '2012-01-16', '07:30:00', 1, 'Maršruta apsekošana', 20),
(117, 1, '2012-01-16', '16:00:00', '2012-01-16', '16:20:00', 6, 'Māris Mielavs, Andrejs Bobikins par Rīgas Ielas  sinhronizāciju', NULL),
(118, 1, '2012-01-16', '16:45:00', '2012-01-16', '17:00:00', 6, 'Peek Traffic, Cenas Kontrolieriem', NULL),
(119, 2, '2012-01-17', '06:00:00', '2012-01-17', '07:30:00', 1, 'Maršruta apsekošana', 20),
(120, 2, '2012-01-17', '08:30:00', '2012-01-17', '10:00:00', 5, 'Tāme balsta pārnešanai', NULL),
(121, 2, '2012-01-17', '12:00:00', '2012-01-17', '12:30:00', 6, 'Raiņa -Kalpaka stāvlaukums', NULL),
(122, 2, '2012-01-17', '15:49:00', '2012-01-17', '16:30:00', 7, 'Pārslēgts no pagaidu uz stacionāro barošanas vadu', 5),
(123, 2, '2012-01-17', '14:00:00', '2012-01-17', '15:00:00', 6, 'Andrejs Bobikins prasa Raiņa ielas IP adresses', NULL),
(124, 2, '2012-01-17', '18:00:00', '2012-01-17', '19:00:00', 8, 'Maiņas nodošana', NULL),
(125, 3, '2012-01-18', '06:00:00', '2012-01-18', '07:30:00', 1, 'Maršruta apsekošana', 20),
(126, 4, '2012-01-19', '06:00:00', '2012-01-19', '07:30:00', 1, 'Maršruta apsekošana', 20),
(127, 4, '2012-01-19', '07:51:00', '2012-01-19', '09:54:00', 7, 'Pats no sevis ieslēdzas gājēju signāls.', 10),
(128, 4, '2012-01-19', '07:51:00', '2012-01-19', '09:54:00', 2, 'Luksofora objekta bojājuma noteikšana, Silikons uz kontaktiem', NULL),
(129, 5, '2012-01-20', '06:00:00', '2012-01-20', '07:30:00', 5, 'Luksoforu konkursa cenas', NULL),
(130, 5, '2012-01-20', '06:00:00', '2012-01-20', '07:30:00', 1, 'Maršruta apsekošana', 20),
(131, 5, '2012-01-20', '08:30:00', '2012-01-20', '11:00:00', 3, 'Gājēja balsta pārnešana', 10),
(132, 5, '2012-01-20', '11:20:00', '2012-01-20', '11:50:00', 7, 'Luksofora galvai nokritis jumtiņš.', 10),
(133, 5, '2012-01-20', '11:20:00', '2012-01-20', '11:50:00', 2, 'Signālgalvas aizsargjumtiņa nomaiņa uz balsta', NULL),
(134, 5, '2012-01-20', '11:50:00', '2012-01-20', '12:20:00', 7, 'Luksofora galvai nokritis jumtiņš.', 10),
(135, 5, '2012-01-20', '11:50:00', '2012-01-20', '12:20:00', 2, 'Signālgalvas aizsargjumtiņa nomaiņa uz balsta', NULL),
(136, 5, '2012-01-20', '12:20:00', '2012-01-20', '12:50:00', 7, 'Luksofora galvai nokritis jumtiņš.', 15),
(137, 5, '2012-01-20', '12:20:00', '2012-01-20', '12:50:00', 2, 'Signālgalvas aizsargjumtiņa nomaiņa uz balsta', NULL),
(138, 6, '2012-01-21', '06:00:00', '2012-01-21', '07:30:00', 1, 'Maršruta apsekošana', 20),
(139, 7, '2012-01-22', '06:00:00', '2012-01-22', '07:30:00', 1, 'Maršruta apsekošana', 20),
(140, 7, '2012-01-22', '07:28:00', '2012-01-22', '07:58:00', 7, 'Nedeg sarkanā gājēju lampa', 5),
(141, 7, '2012-01-22', '07:28:00', '2012-01-22', '07:58:00', 2, 'Spuldzes nomaiņa uz balsta', NULL),
(142, 1, '2012-01-23', '06:00:00', '2012-01-23', '07:30:00', 1, 'Maršruta apsekošana', 20),
(143, 2, '2012-01-24', '06:00:00', '2012-01-24', '07:30:00', 1, 'Maršruta apsekošana', 20),
(144, 3, '2012-01-25', '06:00:00', '2012-01-25', '07:30:00', 1, 'Maršruta apsekošana', 20),
(145, 3, '2012-01-25', '08:00:00', '2012-01-25', '09:07:00', 7, 'Nav komunikācijas. GSMS kļūda', 5),
(146, 3, '2012-01-25', '08:00:00', '2012-01-25', '09:13:00', 7, 'Nav komunikācijas. GSMS kļūda', 5),
(147, 3, '2012-01-25', '08:00:00', '2012-01-25', '09:22:00', 7, 'Nav komunikācijas. GSMS kļūda', 5),
(148, 3, '2012-01-25', '08:00:00', '2012-01-25', '09:30:00', 7, 'Nav komunikācijas. GSMS kļūda', 10),
(149, 4, '2012-01-26', '06:00:00', '2012-01-26', '07:30:00', 1, 'Maršruta apsekošana', 20),
(150, 4, '2012-01-26', '08:20:00', '2012-01-26', '08:50:00', 7, 'Izdegusi zaļā lampa.', 10),
(151, 4, '2012-01-26', '07:30:00', '2012-01-26', '08:09:00', 2, 'Spuldzes nomaiņa uz balsta', NULL),
(152, 5, '2012-01-27', '06:00:00', '2012-01-27', '07:30:00', 1, 'Maršruta apsekošana', 20),
(153, 5, '2012-01-27', '10:00:00', '2012-01-27', '11:00:00', 5, 'Luksoforu konkursa sertifikāti', NULL),
(154, 5, '2012-01-27', '13:00:00', '2012-01-27', '17:00:00', 5, 'Luksoforu konkursa sertifikāti', NULL),
(155, 5, '2012-01-27', '17:00:00', '2012-01-27', '18:00:00', 5, 'Saava Atbilstības deklarācija', NULL),
(156, 6, '2012-01-28', '06:00:00', '2012-01-28', '07:00:00', 7, 'Nav komunikācijas.  Optikas konvertera kļūda', 15),
(157, 6, '2012-01-28', '06:00:00', '2012-01-28', '07:00:00', 2, 'Luksofora objekta bojājuma noteikšana', 10),
(158, 6, '2012-01-28', '06:00:00', '2012-01-28', '07:30:00', 1, 'Maršruta apsekošana', 20),
(159, 6, '2012-01-28', '06:00:00', '2012-01-28', '07:00:00', 7, 'Nav komunikācijas.  Optikas konvertera kļūda', 15),
(160, 6, '2012-01-28', '06:00:00', '2012-01-28', '07:00:00', 2, 'Luksofora objekta bojājuma noteikšana', NULL),
(161, 7, '2012-01-29', '06:00:00', '2012-01-29', '07:30:00', 1, 'Maršruta apsekošana', 20),
(162, 7, '2012-01-29', '06:00:00', '2012-01-29', '06:30:00', 7, 'AAL RLM XP1', 10),
(163, 7, '2012-01-29', '06:30:00', '2012-01-29', '07:00:00', 2, 'Spuldzes nomaiņa uz balsta', NULL),
(164, 7, '2012-01-29', '12:00:00', '2012-01-29', '16:30:00', 5, 'Luksoforu konkursa sertifikāti', NULL),
(165, 7, '2012-01-29', '16:30:00', '2012-01-29', '19:46:00', 8, 'Maiņas nodošana', NULL),
(166, 7, '2012-01-29', '17:30:00', '2012-01-29', '18:00:00', 7, 'Nav komunikācijas. GSMS kļūda', 50),
(167, 1, '2012-01-30', '06:00:00', '2012-01-30', '07:30:00', 1, 'Maršruta apsekošana', 20),
(168, 1, '2012-01-30', '06:50:00', '2012-01-30', '10:20:00', 7, 'atslēdzies luksofors', 15),
(169, 1, '2012-01-30', '06:51:00', '2012-01-30', '10:24:00', 2, 'Luksofora objekta bojājuma noteikšana', NULL),
(170, 1, '2012-01-30', '09:30:00', '2012-01-30', '09:45:00', 6, 'Māris Skudra par Optikas konvektoriem', NULL),
(171, 1, '2012-01-30', '18:00:00', '2012-01-30', '18:30:00', 6, 'A. Buvmeistars interesējas par Nodošanas dokmentāciju', NULL),
(172, 2, '2012-01-31', '20:00:00', '2012-01-31', '20:30:00', 6, 'Māris Mielavs prasa Meteodevēju kalibrēšanas tāmi', NULL),
(173, 2, '2012-01-31', '06:00:00', '2012-01-31', '07:30:00', 1, 'Maršruta apsekošana', 20),
(174, 2, '2012-01-31', '07:45:00', '2012-01-31', '08:30:00', 6, 'Sapulce', NULL),
(175, 2, '2012-01-31', '07:30:00', '2012-01-31', '08:00:00', 7, 'Atslēdzies luksofors.', 15),
(176, 2, '2012-01-31', '07:30:00', '2012-01-31', '08:00:00', 2, 'Luksofora objekta bojājuma noteikšana', NULL),
(177, 2, '2012-01-31', '07:30:00', '2012-01-31', '08:00:00', 2, 'Vadības plates ZKS tipa drošinātāja nomaiņa', NULL),
(178, 2, '2012-01-31', '08:04:00', '2012-01-31', '09:04:00', 7, 'Gājēju sekcijā nedeg zaļā lampiņa.', 10),
(179, 2, '2012-01-31', '08:04:00', '2012-01-31', '09:07:00', 2, 'Spuldzes nomaiņa uz balsta', NULL),
(180, 2, '2012-01-31', '09:00:00', '2012-01-31', '10:00:00', 5, 'Luksoforu konkursa sertifikāti', NULL),
(181, 2, '2012-01-31', '16:00:00', '2012-01-31', '16:00:00', 6, 'Ienāk Raiņa ielas Laika atskaites komunikācijas bloki', NULL),
(182, 2, '2012-01-31', '09:00:00', '2012-01-31', '17:00:00', 2, 'Skaitītāju radījumu nolasīšana, objektu apsekošana', NULL),
(183, 2, '2012-01-31', '09:00:00', '2012-01-31', '17:00:00', 7, 'Videokameras bareošanas pārstartēšana', NULL),
(184, 2, '2012-01-31', '09:00:00', '2012-01-31', '17:00:00', 7, 'SDET', NULL);

-- --------------------------------------------------------

--
-- Table structure for table `DARBA_TIPS`
--

CREATE TABLE `DARBA_TIPS` (
  `darba_tips_id` int NOT NULL COMMENT 'darba tipa id',
  `nosaukums` varchar(50) CHARACTER SET utf8mb4 COLLATE utf8mb4_unicode_ci NOT NULL COMMENT 'Darba tipa nosaukums'
) ENGINE=InnoDB DEFAULT CHARSET=utf8mb4 COLLATE=utf8mb4_unicode_ci;

--
-- Dumping data for table `DARBA_TIPS`
--

INSERT INTO `DARBA_TIPS` (`darba_tips_id`, `nosaukums`) VALUES
(1, 'Apgaita'),
(2, 'Apkope'),
(3, 'Būvniecība'),
(4, 'Datortehnikas apkope'),
(5, 'Dokumentācija'),
(6, 'Info'),
(7, 'Izsaukums'),
(8, 'Maiņa'),
(9, 'Projektēšana'),
(10, 'Sapulce');

-- --------------------------------------------------------

--
-- Table structure for table `DARBINIEKS`
--

CREATE TABLE `DARBINIEKS` (
  `darbinieks_id` int NOT NULL COMMENT 'Darbinieka id',
  `pilns_vards` varchar(100) CHARACTER SET utf8mb4 COLLATE utf8mb4_unicode_ci NOT NULL COMMENT 'Darbinieka vārds/uzvārds'
) ENGINE=InnoDB DEFAULT CHARSET=utf8mb4 COLLATE=utf8mb4_unicode_ci;

--
-- Dumping data for table `DARBINIEKS`
--

INSERT INTO `DARBINIEKS` (`darbinieks_id`, `pilns_vards`) VALUES
(1, 'U. Grunde-Zeiferts'),
(2, 'Ē. Aukmanis');

-- --------------------------------------------------------

--
-- Table structure for table `IERAKSTS_DARBINIEKS`
--

CREATE TABLE `IERAKSTS_DARBINIEKS` (
  `ieraksts_id` int NOT NULL COMMENT 'Atsauce uz DARBA_IERAKSTS',
  `darbinieks_id` int NOT NULL COMMENT 'Atsauce uz DARBINIEKS'
) ENGINE=InnoDB DEFAULT CHARSET=utf8mb4 COLLATE=utf8mb4_unicode_ci;

--
-- Dumping data for table `IERAKSTS_DARBINIEKS`
--

INSERT INTO `IERAKSTS_DARBINIEKS` (`ieraksts_id`, `darbinieks_id`) VALUES
(1, 1),
(2, 1),
(3, 1),
(5, 1),
(7, 1),
(8, 1),
(9, 1),
(10, 1),
(11, 1),
(12, 1),
(13, 1),
(14, 1),
(15, 1),
(16, 1),
(17, 1),
(18, 1),
(19, 1),
(20, 1),
(21, 1),
(22, 1),
(23, 1),
(24, 1),
(25, 1),
(26, 1),
(27, 1),
(28, 1),
(29, 1),
(30, 1),
(31, 1),
(32, 1),
(33, 1),
(34, 1),
(35, 1),
(36, 1),
(37, 1),
(38, 1),
(39, 1),
(40, 1),
(41, 1),
(42, 1),
(48, 1),
(50, 1),
(52, 1),
(54, 1),
(65, 1),
(66, 1),
(67, 1),
(69, 1),
(70, 1),
(71, 1),
(72, 1),
(73, 1),
(74, 1),
(75, 1),
(76, 1),
(77, 1),
(78, 1),
(79, 1),
(80, 1),
(81, 1),
(82, 1),
(83, 1),
(84, 1),
(85, 1),
(86, 1),
(87, 1),
(88, 1),
(89, 1),
(90, 1),
(91, 1),
(92, 1),
(93, 1),
(94, 1),
(95, 1),
(96, 1),
(97, 1),
(98, 1),
(99, 1),
(110, 1),
(111, 1),
(112, 1),
(113, 1),
(114, 1),
(115, 1),
(116, 1),
(117, 1),
(118, 1),
(119, 1),
(120, 1),
(121, 1),
(122, 1),
(123, 1),
(124, 1),
(129, 1),
(131, 1),
(132, 1),
(133, 1),
(134, 1),
(135, 1),
(136, 1),
(137, 1),
(138, 1),
(139, 1),
(140, 1),
(141, 1),
(142, 1),
(143, 1),
(153, 1),
(154, 1),
(155, 1),
(156, 1),
(157, 1),
(158, 1),
(159, 1),
(160, 1),
(161, 1),
(162, 1),
(163, 1),
(164, 1),
(165, 1),
(170, 1),
(171, 1),
(172, 1),
(180, 1),
(4, 2),
(6, 2),
(42, 2),
(43, 2),
(44, 2),
(45, 2),
(46, 2),
(47, 2),
(49, 2),
(51, 2),
(53, 2),
(55, 2),
(56, 2),
(57, 2),
(58, 2),
(59, 2),
(60, 2),
(61, 2),
(62, 2),
(63, 2),
(64, 2),
(65, 2),
(68, 2),
(71, 2),
(99, 2),
(100, 2),
(101, 2),
(103, 2),
(104, 2),
(105, 2),
(106, 2),
(107, 2),
(108, 2),
(109, 2),
(124, 2),
(125, 2),
(126, 2),
(127, 2),
(128, 2),
(130, 2),
(131, 2),
(132, 2),
(133, 2),
(134, 2),
(135, 2),
(136, 2),
(137, 2),
(144, 2),
(145, 2),
(146, 2),
(147, 2),
(148, 2),
(149, 2),
(150, 2),
(151, 2),
(152, 2),
(165, 2),
(166, 2),
(167, 2),
(168, 2),
(169, 2),
(173, 2),
(174, 2),
(175, 2),
(176, 2),
(177, 2),
(178, 2),
(179, 2),
(181, 2),
(182, 2),
(183, 2),
(184, 2);

--
-- Indexes for dumped tables
--

--
-- Indexes for table `DARBA_IERAKSTS`
--
ALTER TABLE `DARBA_IERAKSTS`
  ADD PRIMARY KEY (`ieraksts_id`),
  ADD KEY `fk_darba_ieraksts_tips` (`darba_tips_id`);

--
-- Indexes for table `DARBA_TIPS`
--
ALTER TABLE `DARBA_TIPS`
  ADD PRIMARY KEY (`darba_tips_id`);

--
-- Indexes for table `DARBINIEKS`
--
ALTER TABLE `DARBINIEKS`
  ADD PRIMARY KEY (`darbinieks_id`);

--
-- Indexes for table `IERAKSTS_DARBINIEKS`
--
ALTER TABLE `IERAKSTS_DARBINIEKS`
  ADD PRIMARY KEY (`ieraksts_id`,`darbinieks_id`),
  ADD KEY `fk_ieraksts_darbinieks_darbinieks` (`darbinieks_id`);

--
-- Constraints for dumped tables
--

--
-- Constraints for table `DARBA_IERAKSTS`
--
ALTER TABLE `DARBA_IERAKSTS`
  ADD CONSTRAINT `fk_darba_ieraksts_tips` FOREIGN KEY (`darba_tips_id`) REFERENCES `DARBA_TIPS` (`darba_tips_id`);

--
-- Constraints for table `IERAKSTS_DARBINIEKS`
--
ALTER TABLE `IERAKSTS_DARBINIEKS`
  ADD CONSTRAINT `fk_ieraksts_darbinieks_darbinieks` FOREIGN KEY (`darbinieks_id`) REFERENCES `DARBINIEKS` (`darbinieks_id`),
  ADD CONSTRAINT `fk_ieraksts_darbinieks_ieraksts` FOREIGN KEY (`ieraksts_id`) REFERENCES `DARBA_IERAKSTS` (`ieraksts_id`);
COMMIT;

/*!40101 SET CHARACTER_SET_CLIENT=@OLD_CHARACTER_SET_CLIENT */;
/*!40101 SET CHARACTER_SET_RESULTS=@OLD_CHARACTER_SET_RESULTS */;
/*!40101 SET COLLATION_CONNECTION=@OLD_COLLATION_CONNECTION */;
