-- https://www.phpmyadmin.net/
--

START TRANSACTION;



--
-- Database: `bv_trenesanas_eksamenam_1`
--

-- --------------------------------------------------------

--
-- Table structure for table `Izpilditaji`
--

CREATE TABLE `Izpilditaji` (
  `izpilditajs_id` bigint UNSIGNED NOT NULL,
  `nosaukums` varchar(200) COLLATE utf8mb4_unicode_ci NOT NULL,
  `reg_numurs` varchar(20) COLLATE utf8mb4_unicode_ci DEFAULT NULL,
  `pvn_numurs` varchar(20) COLLATE utf8mb4_unicode_ci DEFAULT NULL,
  `adrese` varchar(300) COLLATE utf8mb4_unicode_ci DEFAULT NULL,
  `banka` varchar(100) COLLATE utf8mb4_unicode_ci DEFAULT NULL,
  `konta_numurs` varchar(34) COLLATE utf8mb4_unicode_ci DEFAULT NULL,
  `swift` varchar(11) COLLATE utf8mb4_unicode_ci DEFAULT NULL
) ;

--
-- Dumping data for table `Izpilditaji`
--

INSERT INTO `Izpilditaji` (`izpilditajs_id`, `nosaukums`, `reg_numurs`, `pvn_numurs`, `adrese`, `banka`, `konta_numurs`, `swift`) VALUES
(1, 'SIA \"Ceļu būve LV\"', '40003112233', 'LV40003112233', 'Brīvības iela 54, Rīga, LV-1011', 'Swedbank AS', 'LV89HABA0001234567890', 'HABALV22');

-- --------------------------------------------------------

--
-- Table structure for table `Kategorijas`
--

CREATE TABLE `Kategorijas` (
  `kategorija_id` bigint UNSIGNED NOT NULL,
  `nosaukums` varchar(100) COLLATE utf8mb4_unicode_ci NOT NULL,
  `kods` varchar(10) COLLATE utf8mb4_unicode_ci DEFAULT NULL,
  `apraksts` varchar(300) COLLATE utf8mb4_unicode_ci DEFAULT NULL
) ENGINE=InnoDB DEFAULT CHARSET=utf8mb4 COLLATE=utf8mb4_unicode_ci;

--
-- Dumping data for table `Kategorijas`
--

INSERT INTO `Kategorijas` (`kategorija_id`, `nosaukums`, `kods`, `apraksts`) VALUES
(1, 'Elektroinstalācija un vadības sistēmas', 'ELEKTRO', 'Kontrolieri, kabeļi, elektroskapji, gaismas signāli'),
(2, 'Civildarbii un infrastruktūra', 'CIVIL', 'Tranšejas, bruģakmens segums, aizsargcaurules'),
(3, 'Montāža un uzstādīšana', 'MONTAZA', 'Stabu, kontrolieru un ekrānu montāža'),
(4, 'Programmēšana un konfigurācija', 'PROGR', 'Signālplāni, sinhronizācija, programmēšana'),
(5, 'Sakaru tīkli', 'SAKARI', 'Optisko kabeļu tīkla pievienošana');

-- --------------------------------------------------------

--
-- Table structure for table `Pasutitaji`
--

CREATE TABLE `Pasutitaji` (
  `pasutitajs_id` bigint UNSIGNED NOT NULL,
  `nosaukums` varchar(200) COLLATE utf8mb4_unicode_ci NOT NULL,
  `reg_numurs` varchar(20) COLLATE utf8mb4_unicode_ci DEFAULT NULL,
  `pvn_numurs` varchar(20) COLLATE utf8mb4_unicode_ci DEFAULT NULL,
  `adrese` varchar(300) COLLATE utf8mb4_unicode_ci DEFAULT NULL,
  `epasts` varchar(100) COLLATE utf8mb4_unicode_ci DEFAULT NULL,
  `talrunis` varchar(30) COLLATE utf8mb4_unicode_ci DEFAULT NULL,
  `aktivs` tinyint(1) NOT NULL DEFAULT '1'
) ENGINE=InnoDB DEFAULT CHARSET=utf8mb4 COLLATE=utf8mb4_unicode_ci;

--
-- Dumping data for table `Pasutitaji`
--

INSERT INTO `Pasutitaji` (`pasutitajs_id`, `nosaukums`, `reg_numurs`, `pvn_numurs`, `adrese`, `epasts`, `talrunis`, `aktivs`) VALUES
(1, 'Jelgavas valstspilsētas pašvaldība', '90000042516', 'LV90000042516', 'Lielā iela 11, Jelgava, LV-3001', 'dome@jelgava.lv', '+371 63005522', 1);

-- --------------------------------------------------------

--
-- Table structure for table `Pozicijas`
--

CREATE TABLE `Pozicijas` (
  `pozicija_id` bigint UNSIGNED NOT NULL,
  `kods` varchar(10) COLLATE utf8mb4_unicode_ci DEFAULT NULL,
  `nosaukums` varchar(500) COLLATE utf8mb4_unicode_ci NOT NULL,
  `mervieniba` varchar(20) COLLATE utf8mb4_unicode_ci NOT NULL,
  `spec_numurs` varchar(20) COLLATE utf8mb4_unicode_ci DEFAULT NULL,
  `kategorija_id` int DEFAULT NULL,
  `apraksts` text COLLATE utf8mb4_unicode_ci,
  `aktiva` tinyint(1) NOT NULL DEFAULT '1'
) ENGINE=InnoDB DEFAULT CHARSET=utf8mb4 COLLATE=utf8mb4_unicode_ci;

--
-- Dumping data for table `Pozicijas`
--

INSERT INTO `Pozicijas` (`pozicija_id`, `kods`, `nosaukums`, `mervieniba`, `spec_numurs`, `kategorija_id`, `apraksts`, `aktiva`) VALUES
(1, '1,1', 'Kontrolieris \"SWARCO Traffik Hungaria Kft\" VTC 2000 ar OCIT CPU mini vai analogs, kas savienojams ar esošiem uzstādītiem luksoforiem un pievienojams optiskajam kabeļu tīklam', 'Kompl.', '1,1', 1, NULL, 1),
(2, '1,2', 'Kontroliera skapis', 'Gab.', '1,2', 1, NULL, 1),
(3, '1,3', 'Elektroenerģijas uzskaites skapis LIS-A', 'Gab.', '1,3', 1, NULL, 1),
(4, '1,4', 'Luksoforu signālgalvas autotransportam ar gaismas diodēm LED 300x3 (SDZ)', 'Kompl.', '1,4', 1, NULL, 1),
(5, '1,5', 'Luksofora signalgalvas gājējiem ar gaismas diodēm LED 200x2 (SZ)', 'Kompl.', '1,5', 1, NULL, 1),
(6, '1,6', 'Luksoforu stabi ar pamati', 'Kompl.', '1,6', 3, NULL, 1),
(7, '1,7', 'Izsaukuma pogas', 'Kompl.', '1,7', 1, NULL, 1),
(8, '1,8', 'Kabelis MCMO 12×1,5 mm²', 'm', '1,8', 1, NULL, 1),
(9, '1,9', 'Kabelis EKKJ 5×1,5 mm²', 'm', '1,9', 1, NULL, 1),
(10, '1,10', 'Kabelis 5×6 mm²', 'm', '1,10', 1, NULL, 1),
(11, '1,11', 'Kabelis FTP 4×2×0,5 mm²', 'm', '1,11', 1, NULL, 1),
(12, '1,12', 'Aizsargcaurule AROT -110 mm', 'm', '1,12', 2, NULL, 1),
(13, '1,13', 'Signāllente kabelim', 'm', '1,13', 2, NULL, 1),
(14, '1,14', 'Atkārtotais zemējums', 'Kompl.', '1,14', 1, NULL, 1),
(15, '1,15', 'Tranšejas rakšana 1 m dziļumā un aizbēršana ar smiltīm blietējot', 'm', '1,15', 2, NULL, 1),
(16, '1,16', 'Luksoforu pieslēgšana un iedarbināšana', 'Gab.', '1,16', 3, NULL, 1),
(17, '1,17', 'Ekrāni', 'Kompl.', '1,17', 3, NULL, 1),
(18, '1,18', 'Kontrolieru montāža', 'Gab.', '1,18', 3, NULL, 1),
(19, '1,19', 'Signalpāna izstrāde', 'Gab.', '1,19', 4, NULL, 1),
(20, '1,20', 'Betona bruģakmens seguma demontāža', 'm²', '1,20', 2, NULL, 1),
(21, '1,21', 'Betona bruģakmens seguma atjaunošana', 'm²', '1,21', 2, NULL, 1),
(22, '1,22', 'Skaņas signālu izbūve 5 luksoforu objektiem', 'Kompl.', '1,22', 1, NULL, 1),
(23, '1,23', '5 Luksoforu sinhronizācija', 'Gab.', '1,23', 4, NULL, 1),
(24, '1,24', 'Programmēšana', 'Kompl.', '1,24', 4, NULL, 1),
(25, '1,25', 'Signālplānu pārstrāde 4 luksoforiem', 'Kompl.', '1,25', 4, NULL, 1),
(26, '1,26', '5 luksoforu pieslēgšana optiskajam kabeļu tīklam', 'Gab.', '1,26', 5, NULL, 1);

-- --------------------------------------------------------

--
-- Table structure for table `Projekti`
--

CREATE TABLE `Projekti` (
  `projekts_id` bigint UNSIGNED NOT NULL,
  `nosaukums` varchar(500) COLLATE utf8mb4_unicode_ci NOT NULL,
  `pilseta` varchar(100) COLLATE utf8mb4_unicode_ci DEFAULT NULL,
  `lieta_numurs` varchar(50) COLLATE utf8mb4_unicode_ci DEFAULT NULL,
  `sakuma_datums` date DEFAULT NULL,
  `beigu_datums` date DEFAULT NULL,
  `statuss` varchar(20) COLLATE utf8mb4_unicode_ci NOT NULL DEFAULT 'active'
) ;

--
-- Dumping data for table `Projekti`
--

INSERT INTO `Projekti` (`projekts_id`, `nosaukums`, `pilseta`, `lieta_numurs`, `sakuma_datums`, `beigu_datums`, `statuss`) VALUES
(1, 'Papildus darbi Lielās ielas posma rekonstrukcijai no Dambja ielas līdz Māras ielai un Dobeles šosejas posma rekonstrukcijai no Māras ielas līdz Atmodas ielai', 'Jelgava', 'JEL-2025/47', '2025-04-01', '2025-10-31', 'active');

-- --------------------------------------------------------

--
-- Table structure for table `Rekini`
--

CREATE TABLE `Rekini` (
  `rekina_id` bigint UNSIGNED NOT NULL,
  `rekina_numurs` varchar(30) COLLATE utf8mb4_unicode_ci NOT NULL,
  `datums` date NOT NULL,
  `apmaksas_termins` date DEFAULT NULL,
  `statuss` varchar(10) COLLATE utf8mb4_unicode_ci NOT NULL DEFAULT 'draft',
  `pasutitajs_id` int NOT NULL,
  `izpilditajs_id` int NOT NULL,
  `projekts_id` int DEFAULT NULL,
  `izveidots` timestamp NOT NULL DEFAULT CURRENT_TIMESTAMP,
  `modificets` timestamp NULL DEFAULT NULL
) ;

--
-- Dumping data for table `Rekini`
--

INSERT INTO `Rekini` (`rekina_id`, `rekina_numurs`, `datums`, `apmaksas_termins`, `statuss`, `pasutitajs_id`, `izpilditajs_id`, `projekts_id`, `izveidots`, `modificets`) VALUES
(1, 'R-2025-001', '2025-06-15', '2025-07-15', 'sent', 1, 1, 1, '2026-03-20 10:55:49', NULL);

-- --------------------------------------------------------

--
-- Table structure for table `RekinsRindas`
--

CREATE TABLE `RekinsRindas` (
  `rinda_id` bigint UNSIGNED NOT NULL,
  `rekina_id` int NOT NULL,
  `pozicija_id` int NOT NULL,
  `karta_numurs` smallint NOT NULL,
  `daudzums` decimal(10,3) NOT NULL,
  `vienibas_cena` decimal(10,2) NOT NULL,
  `summa` decimal(12,2) NOT NULL,
  `piezimes` text COLLATE utf8mb4_unicode_ci
) ;

--
-- Dumping data for table `RekinsRindas`
--

INSERT INTO `RekinsRindas` (`rinda_id`, `rekina_id`, `pozicija_id`, `karta_numurs`, `daudzums`, `vienibas_cena`, `summa`, `piezimes`) VALUES
(1, 1, 1, 1, '1.000', '4850.00', '4850.00', NULL),
(2, 1, 2, 2, '1.000', '620.00', '620.00', NULL),
(3, 1, 3, 3, '1.000', '480.00', '480.00', NULL),
(4, 1, 4, 4, '1.000', '1250.00', '1250.00', NULL),
(5, 1, 5, 5, '1.000', '890.00', '890.00', NULL),
(6, 1, 6, 6, '1.000', '1100.00', '1100.00', NULL),
(7, 1, 7, 7, '1.000', '320.00', '320.00', NULL),
(8, 1, 8, 8, '80.000', '4.20', '336.00', NULL),
(9, 1, 9, 9, '20.000', '3.80', '76.00', NULL),
(10, 1, 10, 10, '300.000', '2.95', '885.00', NULL),
(11, 1, 11, 11, '300.000', '3.50', '1050.00', NULL),
(12, 1, 12, 12, '50.000', '8.60', '430.00', NULL),
(13, 1, 13, 13, '50.000', '1.40', '70.00', NULL),
(14, 1, 14, 14, '1.000', '185.00', '185.00', NULL),
(15, 1, 15, 15, '50.000', '22.00', '1100.00', NULL),
(16, 1, 16, 16, '1.000', '450.00', '450.00', NULL),
(17, 1, 17, 17, '4.000', '310.00', '1240.00', NULL),
(18, 1, 18, 18, '1.000', '275.00', '275.00', NULL),
(19, 1, 19, 19, '1.000', '540.00', '540.00', NULL),
(20, 1, 20, 20, '16.000', '28.50', '456.00', NULL),
(21, 1, 21, 21, '16.000', '52.00', '832.00', NULL),
(22, 1, 22, 22, '5.000', '385.00', '1925.00', NULL),
(23, 1, 23, 23, '1.000', '650.00', '650.00', NULL),
(24, 1, 24, 24, '5.000', '420.00', '2100.00', NULL),
(25, 1, 25, 25, '5.000', '310.00', '1550.00', NULL),
(26, 1, 26, 26, '4.000', '280.00', '1120.00', NULL);

-- --------------------------------------------------------

--
-- Stand-in structure for view `v_rekina_kopsavilkums`
-- (See below for the actual view)
--
CREATE TABLE `v_rekina_kopsavilkums` (
`rekina_id` bigint unsigned
,`rekina_numurs` varchar(30)
,`datums` date
,`apmaksas_termins` date
,`statuss` varchar(10)
,`pasutitajs` varchar(200)
,`izpilditajs` varchar(200)
,`projekts` varchar(500)
,`Kopā tiešās izmaksas` decimal(34,2)
,`Virsizdevumi (5%)` decimal(36,2)
,`t.sk. darba aizsardzība` decimal(37,2)
,`Peļņa (2%)` decimal(36,2)
,`Darba devēja soc. nodoklis (24.09%)` decimal(36,2)
,`Kopā bez PVN` decimal(39,2)
,`PVN 21%` decimal(40,2)
,`Pavisam kopā` decimal(40,2)
);

-- --------------------------------------------------------

--
-- Stand-in structure for view `v_rekina_rindas`
-- (See below for the actual view)
--
CREATE TABLE `v_rekina_rindas` (
`rekina_id` bigint unsigned
,`rekina_numurs` varchar(30)
,`datums` date
,`apmaksas_termins` date
,`statuss` varchar(10)
,`pasutitajs_nosaukums` varchar(200)
,`pasutitajs_reg_nr` varchar(20)
,`pasutitajs_pvn_nr` varchar(20)
,`pasutitajs_adrese` varchar(300)
,`izpilditajs_nosaukums` varchar(200)
,`izpilditajs_reg_nr` varchar(20)
,`izpilditajs_adrese` varchar(300)
,`izpilditajs_banka` varchar(100)
,`izpilditajs_konts` varchar(34)
,`projekts_nosaukums` varchar(500)
,`projekts_lieta_nr` varchar(50)
,`karta_numurs` smallint
,`pozicija_kods` varchar(10)
,`darba_nosaukums` varchar(500)
,`mervieniba` varchar(20)
,`spec_numurs` varchar(20)
,`daudzums` decimal(10,3)
,`vienibas_cena` decimal(10,2)
,`summa` decimal(12,2)
,`piezimes` text
);

-- --------------------------------------------------------

--
-- Structure for view `v_rekina_kopsavilkums`
--

CREATE ALGORITHM=UNDEFINED DEFINER=`balajs_v`@`localhost` SQL SECURITY DEFINER VIEW `v_rekina_kopsavilkums`  AS SELECT `r`.`rekina_id` AS `rekina_id`, `r`.`rekina_numurs` AS `rekina_numurs`, `r`.`datums` AS `datums`, `r`.`apmaksas_termins` AS `apmaksas_termins`, `r`.`statuss` AS `statuss`, `pas`.`nosaukums` AS `pasutitajs`, `izp`.`nosaukums` AS `izpilditajs`, `pr`.`nosaukums` AS `projekts`, round(`tm`.`tiesasMaksas`,2) AS `Kopā tiešās izmaksas`, round((`tm`.`tiesasMaksas` * 0.05),2) AS `Virsizdevumi (5%)`, round(((`tm`.`tiesasMaksas` * 0.05) * 0.50),2) AS `t.sk. darba aizsardzība`, round((`tm`.`tiesasMaksas` * 0.02),2) AS `Peļņa (2%)`, round((`tm`.`tiesasMaksas` * 0.2409),2) AS `Darba devēja soc. nodoklis (24.09%)`, round((((`tm`.`tiesasMaksas` + (`tm`.`tiesasMaksas` * 0.05)) + (`tm`.`tiesasMaksas` * 0.02)) + (`tm`.`tiesasMaksas` * 0.2409)),2) AS `Kopā bez PVN`, round(((((`tm`.`tiesasMaksas` + (`tm`.`tiesasMaksas` * 0.05)) + (`tm`.`tiesasMaksas` * 0.02)) + (`tm`.`tiesasMaksas` * 0.2409)) * 0.21),2) AS `PVN 21%`, round(((((`tm`.`tiesasMaksas` + (`tm`.`tiesasMaksas` * 0.05)) + (`tm`.`tiesasMaksas` * 0.02)) + (`tm`.`tiesasMaksas` * 0.2409)) * 1.21),2) AS `Pavisam kopā` FROM ((((`Rekini` `r` join (select `RekinsRindas`.`rekina_id` AS `rekina_id`,sum(`RekinsRindas`.`summa`) AS `tiesasMaksas` from `RekinsRindas` group by `RekinsRindas`.`rekina_id`) `tm` on((`tm`.`rekina_id` = `r`.`rekina_id`))) join `Pasutitaji` `pas` on((`pas`.`pasutitajs_id` = `r`.`pasutitajs_id`))) join `Izpilditaji` `izp` on((`izp`.`izpilditajs_id` = `r`.`izpilditajs_id`))) left join `Projekti` `pr` on((`pr`.`projekts_id` = `r`.`projekts_id`))) ;

-- --------------------------------------------------------

--
-- Structure for view `v_rekina_rindas`
--

CREATE ALGORITHM=UNDEFINED DEFINER=`balajs_v`@`localhost` SQL SECURITY DEFINER VIEW `v_rekina_rindas`  AS SELECT `r`.`rekina_id` AS `rekina_id`, `r`.`rekina_numurs` AS `rekina_numurs`, `r`.`datums` AS `datums`, `r`.`apmaksas_termins` AS `apmaksas_termins`, `r`.`statuss` AS `statuss`, `pas`.`nosaukums` AS `pasutitajs_nosaukums`, `pas`.`reg_numurs` AS `pasutitajs_reg_nr`, `pas`.`pvn_numurs` AS `pasutitajs_pvn_nr`, `pas`.`adrese` AS `pasutitajs_adrese`, `izp`.`nosaukums` AS `izpilditajs_nosaukums`, `izp`.`reg_numurs` AS `izpilditajs_reg_nr`, `izp`.`adrese` AS `izpilditajs_adrese`, `izp`.`banka` AS `izpilditajs_banka`, `izp`.`konta_numurs` AS `izpilditajs_konts`, `pr`.`nosaukums` AS `projekts_nosaukums`, `pr`.`lieta_numurs` AS `projekts_lieta_nr`, `rr`.`karta_numurs` AS `karta_numurs`, `p`.`kods` AS `pozicija_kods`, `p`.`nosaukums` AS `darba_nosaukums`, `p`.`mervieniba` AS `mervieniba`, `p`.`spec_numurs` AS `spec_numurs`, `rr`.`daudzums` AS `daudzums`, `rr`.`vienibas_cena` AS `vienibas_cena`, `rr`.`summa` AS `summa`, `rr`.`piezimes` AS `piezimes` FROM (((((`RekinsRindas` `rr` join `Rekini` `r` on((`r`.`rekina_id` = `rr`.`rekina_id`))) join `Pasutitaji` `pas` on((`pas`.`pasutitajs_id` = `r`.`pasutitajs_id`))) join `Izpilditaji` `izp` on((`izp`.`izpilditajs_id` = `r`.`izpilditajs_id`))) left join `Projekti` `pr` on((`pr`.`projekts_id` = `r`.`projekts_id`))) join `Pozicijas` `p` on((`p`.`pozicija_id` = `rr`.`pozicija_id`))) ;

--
-- Indexes for dumped tables
--

--
-- Indexes for table `Izpilditaji`
--
ALTER TABLE `Izpilditaji`
  ADD PRIMARY KEY (`izpilditajs_id`),
  ADD UNIQUE KEY `izpilditajs_id` (`izpilditajs_id`),
  ADD UNIQUE KEY `reg_numurs` (`reg_numurs`);

--
-- Indexes for table `Kategorijas`
--
ALTER TABLE `Kategorijas`
  ADD PRIMARY KEY (`kategorija_id`),
  ADD UNIQUE KEY `kategorija_id` (`kategorija_id`),
  ADD UNIQUE KEY `kods` (`kods`);

--
-- Indexes for table `Pasutitaji`
--
ALTER TABLE `Pasutitaji`
  ADD PRIMARY KEY (`pasutitajs_id`),
  ADD UNIQUE KEY `pasutitajs_id` (`pasutitajs_id`),
  ADD UNIQUE KEY `reg_numurs` (`reg_numurs`);

--
-- Indexes for table `Pozicijas`
--
ALTER TABLE `Pozicijas`
  ADD PRIMARY KEY (`pozicija_id`),
  ADD UNIQUE KEY `pozicija_id` (`pozicija_id`),
  ADD KEY `idx_pozicijas_kods` (`kods`);

--
-- Indexes for table `Projekti`
--
ALTER TABLE `Projekti`
  ADD PRIMARY KEY (`projekts_id`),
  ADD UNIQUE KEY `projekts_id` (`projekts_id`);

--
-- Indexes for table `Rekini`
--
ALTER TABLE `Rekini`
  ADD PRIMARY KEY (`rekina_id`),
  ADD UNIQUE KEY `rekina_id` (`rekina_id`),
  ADD UNIQUE KEY `rekina_numurs` (`rekina_numurs`),
  ADD KEY `idx_rekini_statuss` (`statuss`),
  ADD KEY `idx_rekini_datums` (`datums`),
  ADD KEY `idx_rekini_pasutitajs` (`pasutitajs_id`);

--
-- Indexes for table `RekinsRindas`
--
ALTER TABLE `RekinsRindas`
  ADD PRIMARY KEY (`rinda_id`),
  ADD UNIQUE KEY `rinda_id` (`rinda_id`),
  ADD UNIQUE KEY `rekina_id` (`rekina_id`,`karta_numurs`),
  ADD KEY `idx_rindas_rekina` (`rekina_id`);

--
-- AUTO_INCREMENT for dumped tables
--

--
-- AUTO_INCREMENT for table `Izpilditaji`
--
ALTER TABLE `Izpilditaji`
  MODIFY `izpilditajs_id` bigint UNSIGNED NOT NULL AUTO_INCREMENT;

--
-- AUTO_INCREMENT for table `Kategorijas`
--
ALTER TABLE `Kategorijas`
  MODIFY `kategorija_id` bigint UNSIGNED NOT NULL AUTO_INCREMENT, AUTO_INCREMENT=6;

--
-- AUTO_INCREMENT for table `Pasutitaji`
--
ALTER TABLE `Pasutitaji`
  MODIFY `pasutitajs_id` bigint UNSIGNED NOT NULL AUTO_INCREMENT, AUTO_INCREMENT=2;

--
-- AUTO_INCREMENT for table `Pozicijas`
--
ALTER TABLE `Pozicijas`
  MODIFY `pozicija_id` bigint UNSIGNED NOT NULL AUTO_INCREMENT, AUTO_INCREMENT=27;

--
-- AUTO_INCREMENT for table `Projekti`
--
ALTER TABLE `Projekti`
  MODIFY `projekts_id` bigint UNSIGNED NOT NULL AUTO_INCREMENT;

--
-- AUTO_INCREMENT for table `Rekini`
--
ALTER TABLE `Rekini`
  MODIFY `rekina_id` bigint UNSIGNED NOT NULL AUTO_INCREMENT;

--
-- AUTO_INCREMENT for table `RekinsRindas`
--
ALTER TABLE `RekinsRindas`
  MODIFY `rinda_id` bigint UNSIGNED NOT NULL AUTO_INCREMENT;
COMMIT;

